000
CXUS51 KCLE 041956
CLSERI


CLIMATE REPORT
NATIONAL WEATHER SERVICE CLEVELAND OH
339 PM EDT TUE JUN 4 2019

...................................

...THE ERIE PA CLIMATE SUMMARY FOR THE SEASON, FROM
3/1/2019 TO 5/31/2019...

CLIMATE NORMAL PERIOD 1981 TO 2010
CLIMATE RECORD PERIOD 1873 TO 2019

WEATHER         OBSERVED          NORMAL  DEPART
                 VALUE   DATE(S)  VALUE   FROM
                                          NORMAL
................................................
TEMPERATURE (F)
RECORD
 HIGH              91   05/30/1879
 LOW               -9   03/02/1980
HIGHEST            89   05/19
LOWEST              8   03/05
AVG. MAXIMUM     55.3              55.5    -0.2
AVG. MINIMUM     37.9              37.9     0.0
MEAN             46.6              46.7    -0.1
DAYS MAX >= 90      0               0.1
DAYS MAX <= 32      7               5.7
DAYS MIN <= 32     28              30.4
DAYS MIN <= 0       0               0.0

PRECIPITATION (INCHES)
RECORD
 MAXIMUM        19.76   2011
 MINIMUM         4.46   1962
TOTALS           8.85              9.72   -0.87
DAYS >= .01        49              41.0
DAYS >= .10        25              24.3
DAYS >= .50         3               6.0
DAYS >= 1.00        2               1.1

SNOWFALL (INCHES)
RECORDS
 TOTAL           42.0   2018
TOTALS            5.1              16.9
DAYS >= TRACE      13
DAYS >= 1.0         2               4.8

DEGREE_DAYS
HEATING TOTAL    1702              1721     -19
COOLING TOTAL      33                39      -6
.................................................

WIND (MPH)
HIGHEST GUST SPEED/DIRECTION    54/140    DATE  03/10

SKY COVER
POSSIBLE SUNSHINE (PERCENT)   MM
NUMBER OF DAYS FAIR           28
NUMBER OF DAYS PC             37
NUMBER OF DAYS CLOUDY         27


WEATHER CONDITIONS. NUMBER OF DAYS WITH
THUNDERSTORM              0     MIXED PRECIP               0
HEAVY RAIN                8     RAIN                      21
LIGHT RAIN               49     FREEZING RAIN              0
LT FREEZING RAIN          0     HAIL                       0
HEAVY SNOW                1     SNOW                       3
LIGHT SNOW               13     SLEET                      0
FOG                      53     FOG W/VIS <= 1/4 MILE     12
HAZE                     21

-  INDICATES NEGATIVE NUMBERS.
R  INDICATES RECORD WAS SET OR TIED.
MM INDICATES DATA IS MISSING.
T  INDICATES TRACE AMOUNT.

$$
