783
CXUS53 KPAH 012133
CLSEVV

INDCLMEWS 000
TTAA00 KPAH 012125


CLIMATE REPORT
NATIONAL WEATHER SERVICE PADUCAH KY
322 PM CST SAT DEC 1 2018

...................................

...THE EVANSVILLE IN CLIMATE SUMMARY FOR THE FALL SEASON, FROM
9/1/2018 TO 11/30/2018...

CLIMATE NORMAL PERIOD 1981 TO 2010
CLIMATE RECORD PERIOD 1896 TO 2018

WEATHER         OBSERVED          NORMAL  DEPART
                 VALUE   DATE(S)  VALUE   FROM
                                          NORMAL
................................................
TEMPERATURE (F)
RECORD
 HIGH             104   09/06/1925
 LOW               -3   11/25/1950
HIGHEST            96   09/04        69      27
LOWEST             15   11/28         0      15
AVG. MAXIMUM     67.1              69.2    -2.1
AVG. MINIMUM     48.2              46.2     2.0
MEAN             57.7              57.7     0.0
DAYS MAX >= 90     14               4.3     9.7
DAYS MAX <= 32      3               0.2     2.8
DAYS MIN <= 32     17              13.0     4.0
DAYS MIN <= 0       0               0.0     0.0

PRECIPITATION (INCHES)
RECORD
 MAXIMUM        19.16   2006
 MINIMUM         2.95   1963
TOTALS          13.29             10.63    2.66
DAILY AVG.       0.15              0.12    0.03
DAYS >= .01        33              25.4     7.6
DAYS >= .10        20              16.8     3.2
DAYS >= .50         6               7.3    -1.3
DAYS >= 1.00        3               2.9     0.1
GREATEST
 24 HR. TOTAL    2.69   MM
 STORM TOTAL       MM
 (MM/DD(HH))            MM

SNOWFALL (INCHES)
TOTALS            1.1
 LIQUID EQUIV    0.11
SINCE 7/1         1.1
 LIQUID 7/1      0.11
SNOWDEPTH AVG.      0
DAYS >= TRACE       6
DAYS >= 1.0         0
GREATEST
 SNOW DEPTH         1   11/15
                        11/14
 24 HR TOTAL      0.8   MM
 STORM TOTAL       MM
 (MM/DD(HH))            MM

DEGREE_DAYS
HEATING TOTAL    1049               861     188
 SINCE 7/1         MM               861      MM
COOLING TOTAL     406               198     208
 SINCE 1/1       1912              1397     515

FREEZE DATES
RECORD
 EARLIEST     10/03/1974
 LATEST       05/10/1966
EARLIEST                        10/23
LATEST                          04/10
.................................................

WIND (MPH)
AVERAGE WIND SPEED              5.9
HIGHEST WIND SPEED/DIRECTION    33/260    DATE  11/26
HIGHEST GUST SPEED/DIRECTION    47/250    DATE  11/26

SKY COVER
POSSIBLE SUNSHINE (PERCENT)   MM
AVERAGE SKY COVER           0.40
NUMBER OF DAYS FAIR           48
NUMBER OF DAYS PC             22
NUMBER OF DAYS CLOUDY         21

AVERAGE RH (PERCENT)     76

WEATHER CONDITIONS. NUMBER OF DAYS WITH
THUNDERSTORM              6     MIXED PRECIP               0
HEAVY RAIN               12     RAIN                      17
LIGHT RAIN               37     FREEZING RAIN              0
LT FREEZING RAIN          2     HAIL                       0
HEAVY SNOW                0     SNOW                       0
LIGHT SNOW                6     SLEET                      0
FOG                      49     FOG W/VIS <= 1/4 MILE      4
HAZE                      6

-  INDICATES NEGATIVE NUMBERS.
R  INDICATES RECORD WAS SET OR TIED.
MM INDICATES DATA IS MISSING.
T  INDICATES TRACE AMOUNT.

$$
