000
CXUS53 KPAH 010657
CLSEVV

CLIMATE REPORT
NATIONAL WEATHER SERVICE PADUCAH KY
1248 AM CST FRI MAR 1 2019

...................................

...THE EVANSVILLE IN CLIMATE SUMMARY FOR THE SEASON, FROM
12/1/2018 TO 2/28/2019...

CLIMATE NORMAL PERIOD 1981 TO 2010
CLIMATE RECORD PERIOD 1896 TO 2019

WEATHER         OBSERVED          NORMAL  DEPART
                 VALUE   DATE(S)  VALUE   FROM
                                          NORMAL
................................................
TEMPERATURE (F)
RECORD
 HIGH              79   02/24/2017
                        02/13/1962
 LOW              -23   02/02/1951
HIGHEST            67   02/07        42      25
                        02/03
LOWEST              1   01/30        24     -23
AVG. MAXIMUM     45.7              43.6     2.1
AVG. MINIMUM     29.7              26.1     3.6
MEAN             37.7              34.8     2.9
DAYS MAX >= 90      0               0.0     0.0
DAYS MAX <= 32      9              14.8    -5.8
DAYS MIN <= 32     61              64.5    -3.5
DAYS MIN <= 0       0               1.8    -1.8

PRECIPITATION (INCHES)
RECORD
 MAXIMUM        24.38   1949
 MINIMUM         3.76   1976
TOTALS          17.54             10.03    7.51
DAILY AVG.       0.20              0.11    0.09
DAYS >= .01        35              29.5     5.5
DAYS >= .10        20              18.3     1.7
DAYS >= .50        15               6.7     8.3
DAYS >= 1.00        8               2.4     5.6
GREATEST
 24 HR. TOTAL    1.65   MM
 STORM TOTAL       MM
 (MM/DD(HH))            MM

SNOWFALL (INCHES)
TOTALS            7.5
 LIQUID EQUIV    0.75
SINCE 7/1         8.6
 LIQUID 7/1      0.86
SNOWDEPTH AVG.      0
DAYS >= TRACE      20
DAYS >= 1.0         2
GREATEST
 SNOW DEPTH         3   01/12
 24 HR TOTAL      2.7   MM
 STORM TOTAL       MM
 (MM/DD(HH))            MM

DEGREE_DAYS
HEATING TOTAL    2441              2714    -273
 SINCE 7/1         MM              3574      MM
COOLING TOTAL       0                 0       0
 SINCE 1/1          0                 0       0

FREEZE DATES
RECORD
 EARLIEST     10/03/1974
 LATEST       05/10/1966
EARLIEST                        10/23
LATEST                          04/10
.................................................

WIND (MPH)
AVERAGE WIND SPEED              7.4
HIGHEST WIND SPEED/DIRECTION    31/250    DATE  02/24
HIGHEST GUST SPEED/DIRECTION    47/250    DATE  02/24

SKY COVER
POSSIBLE SUNSHINE (PERCENT)   MM
AVERAGE SKY COVER           0.60
NUMBER OF DAYS FAIR           29
NUMBER OF DAYS PC             22
NUMBER OF DAYS CLOUDY         39

AVERAGE RH (PERCENT)     79

WEATHER CONDITIONS. NUMBER OF DAYS WITH
THUNDERSTORM              6     MIXED PRECIP               0
HEAVY RAIN               14     RAIN                      20
LIGHT RAIN               34     FREEZING RAIN              2
LT FREEZING RAIN          3     HAIL                       0
HEAVY SNOW                0     SNOW                       1
LIGHT SNOW               16    SLEET                       2
FOG                      52     FOG W/VIS <= 1/4 MILE      2
HAZE                     14

-  INDICATES NEGATIVE NUMBERS.
R  INDICATES RECORD WAS SET OR TIED.
MM INDICATES DATA IS MISSING.
T  INDICATES TRACE AMOUNT.

$$
