000
CXUS51 KOKX 011725
CLSEWR

CLIMATE REPORT
NATIONAL WEATHER SERVICE NEW YORK NY
112 PM EDT SAT JUN 1 2019

...................................

...THE NEWARK NJ CLIMATE SUMMARY FOR THE SEASON, FROM
3/1/2019 TO 5/31/2019...

CLIMATE NORMAL PERIOD 1981 TO 2010
CLIMATE RECORD PERIOD 1929 TO 2019

WEATHER         OBSERVED          NORMAL  DEPART  LAST YEAR`S
                 VALUE   DATE(S)  VALUE   FROM    VALUE
                                          NORMAL
.............................................................
TEMPERATURE (F)
RECORD
 HIGH              99   05/20/1996
 LOW                6   03/04/1943
HIGHEST            90   05/26        MM      MM
LOWEST             15   03/07        MM      MM
AVG. MAXIMUM     61.6              61.6     0.0
AVG. MINIMUM     44.9              43.5     1.4
MEAN             53.3              52.6     0.7
DAYS MAX >= 90      1               1.4    -0.4
DAYS MAX <= 32      3               0.8     2.2
DAYS MIN <= 32     17              13.8     3.2
DAYS MIN <= 0       0               0.0     0.0

PRECIPITATION (INCHES)
RECORD
 MAXIMUM        26.50   1983
 MINIMUM         4.43   1935
TOTALS          15.28             12.47    2.81    14.13
DAILY AVG.       0.17              0.14    0.03
DAYS >= .01        45              33.8    11.2
DAYS >= .10        25              21.0     4.0
DAYS >= .50        16               8.2     7.8
DAYS >= 1.00        4               3.1     0.9
GREATEST
 24 HR. TOTAL    1.53   MM
 STORM TOTAL       MM
 (MM/DD(HH))            MM

SNOWFALL (INCHES)
RECORDS
 TOTAL           29.4   1956
 24 HR TOTAL     12.8   04/06/1982 TO 04/06/1982
TOTALS            9.9               5.5     4.4
 LIQUID EQUIV    0.99              0.60    0.39
SINCE 7/1        22.0              28.5    -6.5
 LIQUID 7/1      2.20
DAYS >= TRACE       7               2.8     4.2
DAYS >= 1.0         3               1.5     1.5
GREATEST
 SNOW DEPTH         4   03/04
                        03/02
 24 HR TOTAL      4.5   MM
 STORM TOTAL       MM
 (MM/DD(HH))            MM

DEGREE_DAYS
HEATING TOTAL    1144              1219     -75
 SINCE 7/1         MM              4855      MM
COOLING TOTAL      85                75      10
 SINCE 1/1         85                76       9
..............................................................

WIND (MPH)
AVERAGE WIND SPEED              9.8
HIGHEST WIND SPEED/DIRECTION    38/280    DATE  04/15
HIGHEST GUST SPEED/DIRECTION    52/270    DATE  04/27

SKY COVER
POSSIBLE SUNSHINE (PERCENT)   MM
AVERAGE SKY COVER           0.70
NUMBER OF DAYS FAIR            8
NUMBER OF DAYS PC             38
NUMBER OF DAYS CLOUDY         46

AVERAGE RH (PERCENT)     61

WEATHER CONDITIONS. NUMBER OF DAYS WITH
  0
 23
  0
  1
  3
  2
  2
HAZE                      7

-  INDICATES NEGATIVE NUMBERS.
R  INDICATES RECORD WAS SET OR TIED.
MM INDICATES DATA IS MISSING.
T  INDICATES TRACE AMOUNT.

$$
