000
CXUS51 KOKX 031832 RRA
CLSEWR

CLIMATE REPORT
NATIONAL WEATHER SERVICE NEW YORK NY
130 PM EST MON DEC 3 2018

...................................

...THE NEWARK NJ CLIMATE SUMMARY FOR THE SEASON, FROM
9/1/2018 TO 11/30/2018...

CLIMATE NORMAL PERIOD 1981 TO 2010
CLIMATE RECORD PERIOD 1929 TO 2018

WEATHER         OBSERVED          NORMAL  DEPART  LAST YEAR`S
                 VALUE   DATE(S)  VALUE   FROM    VALUE
                                          NORMAL
.............................................................
TEMPERATURE (F)
RECORD
 HIGH             105   09/02/1953
 LOW               12   11/27/1932
HIGHEST            98   09/06        MM      MM
LOWEST             13   11/23        MM      MM
AVG. MAXIMUM     64.5              65.5    -1.0
AVG. MINIMUM     50.5              48.9     1.6
MEAN             57.5              57.2     0.3
DAYS MAX >= 90      4               1.1     2.9
DAYS MAX <= 32      1               0.1     0.9
DAYS MIN <= 32      9               5.5     3.5
DAYS MIN <= 0       0               0.0     0.0

PRECIPITATION (INCHES)
RECORD
 MAXIMUM        20.22   1944
 MINIMUM         4.21   1931
TOTALS          16.41             11.07    5.34     8.17
DAILY AVG.       0.18              0.12    0.06
DAYS >= .01        39              26.8    12.2
DAYS >= .10        21              16.8     4.2
DAYS >= .50        13               7.9     5.1
DAYS >= 1.00        6               3.0     3.0
GREATEST
 24 HR. TOTAL    1.89   MM
 STORM TOTAL       MM
 (MM/DD(HH))            MM

SNOWFALL (INCHES)
RECORDS
 TOTAL            8.7   1938
 24 HR TOTAL       MM
TOTALS            6.4               0.4     6.0
 LIQUID EQUIV    0.64              0.00    0.64
SINCE 7/1         6.4               0.4     6.0
 LIQUID 7/1      0.64
DAYS >= TRACE       3               0.4     2.6
DAYS >= 1.0         1               0.1     0.9
GREATEST
 SNOW DEPTH         3R  11/16
 24 HR TOTAL      6.4   MM
 STORM TOTAL       MM
 (MM/DD(HH))            MM

DEGREE_DAYS
HEATING TOTAL     945               866      79
 SINCE 7/1         MM               868      MM
COOLING TOTAL     285               157     128
 SINCE 1/1       1511              1192     319
..............................................................

WIND (MPH)
AVERAGE WIND SPEED              9.4
HIGHEST WIND SPEED/DIRECTION    37/260    DATE  11/03
HIGHEST GUST SPEED/DIRECTION    44/270    DATE  11/03

SKY COVER
POSSIBLE SUNSHINE (PERCENT)   MM
AVERAGE SKY COVER           0.70
NUMBER OF DAYS FAIR            9
NUMBER OF DAYS PC             33
NUMBER OF DAYS CLOUDY         49

AVERAGE RH (PERCENT)     71

WEATHER CONDITIONS. NUMBER OF DAYS WITH
  0
 21
  0
  1
  2
  2
  1
HAZE                      8

-  INDICATES NEGATIVE NUMBERS.
R  INDICATES RECORD WAS SET OR TIED.
MM INDICATES DATA IS MISSING.
T  INDICATES TRACE AMOUNT.

$$
