000
CXUS53 KFGF 011559
CLSFAR

CLIMATE REPORT
NATIONAL WEATHER SERVICE EASTERN NORTH DAKOTA/GRAND FORKS
1043 AM CDT SAT JUN 1 2019

...................................

...THE FARGO HECTOR INTL AP ND CLIMATE SUMMARY FOR THE SEASON, FROM
3/1/2019 TO 5/31/2019...

CLIMATE NORMAL PERIOD 1981 TO 2010
CLIMATE RECORD PERIOD 1881 TO 2019

WEATHER         OBSERVED          NORMAL  DEPART  LAST YEAR`S
                 VALUE   DATE(S)  VALUE   FROM    VALUE  DATE(S)
                                          NORMAL
................................................................
TEMPERATURE (F)
RECORD
 HIGH             104   05/30/1934
 LOW              -34   03/10/1948
HIGHEST            91   05/30        53      38       93  05/26
                                                          05/25
LOWEST            -20   03/03        32     -52       -2  03/07
AVG. MAXIMUM     48.2              53.8    -5.6     52.3
AVG. MINIMUM     28.7              32.3    -3.6     30.6
MEAN             38.4              43.0    -4.6     41.5
DAYS MAX >= 90      1               0.8     0.2        4
DAYS MAX <= 32     16              10.8     5.2       20
DAYS MIN <= 32     48              44.2     3.8       54
DAYS MIN <= 0       8               2.9     5.1        1

PRECIPITATION (INCHES)
RECORD
 MAXIMUM        11.44   1902
 MINIMUM         1.28   1980
TOTALS           5.75              5.47    0.28     4.24
DAILY AVG.       0.06              0.06    0.00     0.04
DAYS >= .01        28              26.7     1.3       21
DAYS >= .10        10              13.0    -3.0       11
DAYS >= .50         6               3.0     3.0        2
DAYS >= 1.00        0               0.9    -0.9        1

SNOWFALL (INCHES)
RECORDS
 TOTAL           33.6   1997
 24 HR TOTAL     13.2   04/08/1904 TO 04/08/1904
 SNOW DEPTH        MM   MM
TOTALS           17.6              12.1     5.5     22.8
 LIQUID EQUIV    1.76                MM      MM     2.28
SINCE 7/1        65.4              50.4    15.0     50.0
 LIQUID 7/1      6.54                MM      MM     5.00
SNOWDEPTH AVG.      6                MM      MM        3
DAYS >= TRACE      14               7.1     6.9       19
DAYS >= 1.0         2               3.3    -1.3        7

DEGREE_DAYS
HEATING TOTAL    2439              2051     388     2250
 SINCE 7/1         MM              8729      MM       MM
COOLING TOTAL      10                31     -21      111
 SINCE 1/1         10                31     -21      111
.................................................................

WIND (MPH)
AVERAGE WIND SPEED              10.9
RESULTANT WIND SPEED/DIRECTION   2/357
HIGHEST WIND SPEED/DIRECTION    46/340    DATE  03/14
HIGHEST GUST SPEED/DIRECTION    57/340    DATE  03/14

SKY COVER
POSSIBLE SUNSHINE (PERCENT)   MM
AVERAGE SKY COVER           0.40
NUMBER OF DAYS FAIR           45
NUMBER OF DAYS PC             30
NUMBER OF DAYS CLOUDY         17

AVERAGE RH (PERCENT)     73

WEATHER CONDITIONS. NUMBER OF DAYS WITH
  0
  7
  1
  1
  6
  0
 11
HAZE                     30

-  INDICATES NEGATIVE NUMBERS.
R  INDICATES RECORD WAS SET OR TIED.
MM INDICATES DATA IS MISSING.
T  INDICATES TRACE AMOUNT.

$$

FOR THE SPRING SEASON (MARCH-APRIL-MAY OF 2019), FARGO WAS 4.6
DEGREES BELOW NORMAL FOR TEMPERATURES AND 0.28 INCHES ABOVE NORMAL
FOR PRECIPITATION. NEITHER OF THESE VALUES CRACKED INTO THE TOP 10
COLDEST OR WETTEST SPRINGS ON RECORD.
