051
CXUS53 KFGF 012202
CLSFGF

CLIMATE REPORT
NATIONAL WEATHER SERVICE EASTERN NORTH DAKOTA/GRAND FORKS
402 PM CST SAT DEC 1 2018

...................................

...THE GRAND FORKS UNIV. (NWS) ND CLIMATE SUMMARY FOR THE SEASON, FROM
9/1/2018 TO 11/30/2018...

CLIMATE NORMAL PERIOD 1981 TO 2010
CLIMATE RECORD PERIOD 1893 TO 2018

WEATHER         OBSERVED          NORMAL  DEPART  LAST YEAR`S
                 VALUE   DATE(S)  VALUE   FROM    VALUE  DATE(S)
                                          NORMAL
................................................................
TEMPERATURE (F)
RECORD
 HIGH             102   09/05/1978
 LOW              -35   11/30/1905
HIGHEST            91   09/16       100      -9       94  09/12
LOWEST              0   11/19       -35      35       -1  11/09
                        11/17
AVG. MAXIMUM     47.1              52.9    -5.8     53.7
AVG. MINIMUM     30.3              33.2    -2.9     33.9
MEAN             38.7              43.0    -4.3     43.8
DAYS MAX >= 90      1               0.5     0.5        2
DAYS MAX <= 32     23              13.4     9.6       16
DAYS MIN <= 32     50              40.7     9.3       43
DAYS MIN <= 0       2               2.0     0.0        1

PRECIPITATION (INCHES)
RECORD
 MAXIMUM        11.97   2008
 MINIMUM         0.37   1993
TOTALS           6.45              4.87    1.58     5.78
DAILY AVG.       0.07              0.05    0.02     0.06
DAYS >= .01        37              21.7    15.3       21
DAYS >= .10        15              10.9     4.1        9
DAYS >= .50         4               2.5     1.5        4
DAYS >= 1.00        1               0.9     0.1        1
GREATEST
 24 HR. TOTAL    1.20   09/20 TO 09/20


                OBSERVED          NORMAL  DEPART  LAST YEAR`S
 STORM TOTAL       MM                                 MM
 (MM/DD(HH))            MM


SNOWFALL (INCHES)
RECORDS
 TOTAL           24.1   1958
 24 HR TOTAL     12.4   11/18/1998 TO 11/18/1998
 SNOW DEPTH        MM   MM

                OBSERVED          NORMAL  DEPART  LAST YEAR`S
TOTALS           13.8               7.1     6.7      8.4
 LIQUID EQUIV    1.38              0.70    0.68     0.84
SINCE 7/1        13.8               7.1     6.7      8.4
 LIQUID 7/1      1.38              0.70    0.68     0.84
SNOWDEPTH AVG.      0                MM      MM        1
DAYS >= TRACE      26               4.7    21.3       14
DAYS >= 1.0         4               2.3     1.7        3
GREATEST
 SNOW DEPTH         5   10/11                          6  11/04
 24 HR TOTAL      5.7   10/10 TO 10/10

                OBSERVED          NORMAL  DEPART  LAST YEAR`S
 STORM TOTAL       MM                                 MM
 (MM/DD(HH))            MM


DEGREE_DAYS
                OBSERVED          NORMAL  DEPART  LAST YEAR`S
HEATING TOTAL    2368              2031     337     1942
 SINCE 7/1         MM              2094      MM       MM
COOLING TOTAL      23                31      -8       43
 SINCE 1/1        663               463     200      440

FREEZE DATES
RECORD
 EARLIEST     MM
 LATEST       MM
EARLIEST                        MM
LATEST                          MM
.................................................................

WIND (MPH)
AVERAGE WIND SPEED              MM
RESULTANT WIND SPEED/DIRECTION  MM
HIGHEST WIND SPEED/DIRECTION    MM        DATE   MM
HIGHEST GUST SPEED/DIRECTION    MM        DATE   MM

SKY COVER
POSSIBLE SUNSHINE (PERCENT)   MM
AVERAGE SKY COVER             MM
NUMBER OF DAYS FAIR            0
NUMBER OF DAYS PC              0
NUMBER OF DAYS CLOUDY          0

AVERAGE RH (PERCENT)     MM

WEATHER CONDITIONS. NUMBER OF DAYS WITH
THUNDERSTORM              0     MIXED PRECIP               0
HEAVY RAIN                1     RAIN                       3
LIGHT RAIN               21     FREEZING RAIN              0
LT FREEZING RAIN          2     HAIL                       0
HEAVY SNOW                0     SNOW                       1
LIGHT SNOW               13     SLEET                      0
FOG                       9     FOG W/VIS <= 1/4 MILE      2
HAZE                      0

-  INDICATES NEGATIVE NUMBERS.
R  INDICATES RECORD WAS SET OR TIED.
MM INDICATES DATA IS MISSING.
T  INDICATES TRACE AMOUNT.

&&

FOR THE FALL SEASON /SEP OCT NOV/ THE NATIONAL WEATHER SERVICE IN
GRAND FORKS HAD BELOW NORMAL TEMPERATURES AND ABOVE NORMAL
PRECIPITATION.

THE NWS AVERAGED 38.7 DEGREES WHICH WAS 4.3 DEGREES BELOW NORMAL.
2018 WAS THE NINTH COLDEST FALL SEASON ON RECORD. THE COLDEST FALL
SEASON OCCURRED IN 1897 WHICH AVERAGED 34.2 DEGREES.

6.45 INCHES OF PRECIPITATION FELL DURING THE FALL SEASON /SEP OCT
NOV/. NORMAL PRECIPITATION DURING THE FALL SEASON IS 4.87 INCHES
WHICH WAS 1.58 INCHES ABOVE NORMAL. 2018 WAS THE 17TH WETTEST FALL
ON RECORD. THE WETTEST FALL OCCURRED IN 2008 WITH 11.97 INCHES.

SNOWFALL FOR THE FALL SEASON WAS ABOVE NORMAL. NORMAL SNOW IS 7.1
INCHES. THE NWS RECEIVED 13.8 INCHES FOR THE PERIOD. 2018 WAS 13TH
SNOWIEST FALL ON RECORD. THE SNOWIEST FALL OCCURRED IN 1958 WITH
24.1 INCHES.

REMEMBER...THIS DATA IS PROVISIONAL AND SUBJECT TO CHANGE. THE FINAL
AND OFFICIAL RECORDS WILL BE AVAILABLE FROM THE NATIONAL CENTERS FOR
ENVIRONMENTAL INFORMATION (FORMERLY THE NATIONAL CLIMATE DATA
CENTER).

$$
