000
CXUS53 KDDC 031854
CLSGCK

CLIMATE REPORT
NATIONAL WEATHER SERVICE DODGE CITY KS
1230 PM CST MON DEC 3 2018

...................................

...THE GARDEN CITY REGIONAL ARPT KS CLIMATE SUMMARY FOR THE SEASON, FROM
9/1/2018 TO 11/30/2018...

CLIMATE NORMAL PERIOD 1981 TO 2010
CLIMATE RECORD PERIOD 1948 TO 2018

WEATHER         OBSERVED          NORMAL  DEPART  LAST YEAR`S
                 VALUE   DATE(S)  VALUE   FROM    VALUE  DATE(S)
                                          NORMAL
................................................................
TEMPERATURE (F)
RECORD
 HIGH             106   09/01/2011
 LOW               -5   11/28/1976
HIGHEST            95   10/03        MM      MM       98  09/19
                                                          09/15
LOWEST              3   11/13        MM      MM       16  10/28
AVG. MAXIMUM     65.2              69.1    -3.9     71.6
AVG. MINIMUM     40.0              41.1    -1.1     41.8
MEAN             52.6              55.1    -2.5     56.7
DAYS MAX >= 90      8               8.4    -0.4        9
DAYS MAX <= 32      1               1.4    -0.4        0
DAYS MIN <= 32     29              25.6     3.4       28
DAYS MIN <= 0       0               0.0     0.0        0

PRECIPITATION (INCHES)
RECORD
 MAXIMUM        10.58   1969
 MINIMUM         0.26   2016
TOTALS           4.57              3.30    1.27     5.75
DAILY AVG.       0.05              0.04    0.01     0.06
DAYS >= .01        19              14.8     4.2       14
DAYS >= .10         9               7.1     1.9        7
DAYS >= .50         2               1.9     0.1        3
DAYS >= 1.00        1               0.5     0.5        3
GREATEST
 24 HR. TOTAL    1.62   10/07 TO 10/08           09/25 TO 09/25

DEGREE_DAYS
HEATING TOTAL    1297              1085     212      956
 SINCE 7/1       1299              1089     210      956
COOLING TOTAL     187               183       4      226
 SINCE 1/1       1462              1298     164     1373
.................................................................

WIND (MPH)
AVERAGE WIND SPEED              12.0
RESULTANT WIND SPEED/DIRECTION   1/121
HIGHEST WIND SPEED/DIRECTION    44/340    DATE  11/25
HIGHEST GUST SPEED/DIRECTION    56/350    DATE  11/25

SKY COVER
POSSIBLE SUNSHINE (PERCENT)   MM
AVERAGE SKY COVER           0.30
NUMBER OF DAYS FAIR           56
NUMBER OF DAYS PC             20
NUMBER OF DAYS CLOUDY         15

AVERAGE RH (PERCENT)     70


-  INDICATES NEGATIVE NUMBERS.
R  INDICATES RECORD WAS SET OR TIED.
MM INDICATES DATA IS MISSING.
T  INDICATES TRACE AMOUNT.

$$
