000
CXUS53 KDDC 031606
CLSGCK


CLIMATE REPORT
NATIONAL WEATHER SERVICE DODGE CITY KS
1037 AM CDT MON JUN 3 2019

...................................

...THE GARDEN CITY REGIONAL ARPT KS CLIMATE SUMMARY FOR THE SEASON, FROM
3/1/2019 TO 5/31/2019...

CLIMATE NORMAL PERIOD 1981 TO 2010
CLIMATE RECORD PERIOD 1948 TO 2019

WEATHER         OBSERVED          NORMAL  DEPART  LAST YEAR`S
                 VALUE   DATE(S)  VALUE   FROM    VALUE  DATE(S)
                                          NORMAL
................................................................
TEMPERATURE (F)
RECORD
 HIGH             106   05/26/1953
 LOW              -22   03/11/1948
HIGHEST            89   05/16        MM      MM       98  05/28
LOWEST             -3   03/05        MM      MM       11  03/07
AVG. MAXIMUM     63.4              67.2    -3.8     71.1
AVG. MINIMUM     36.6              39.4    -2.8     38.5
MEAN             50.0              53.3    -3.3     54.8
DAYS MAX >= 90      0               3.5    -3.5       11
DAYS MAX <= 32      4               1.6     2.4        0
DAYS MIN <= 32     30              26.0     4.0       34
DAYS MIN <= 0       2               0.1     1.9        0

PRECIPITATION (INCHES)
RECORD
 MAXIMUM        13.01   1990
 MINIMUM         0.77   1966
TOTALS           7.16              6.06    1.10     3.37
DAILY AVG.       0.08              0.07    0.01     0.03
DAYS >= .01        22              21.3     0.7       18
DAYS >= .10        13              11.7     1.3        7
DAYS >= .50         6               3.9     2.1        2
DAYS >= 1.00        3               1.3     1.7        0
GREATEST
 24 HR. TOTAL    1.87   05/06 TO 05/07           05/28 TO 05/29

DEGREE_DAYS
HEATING TOTAL    1403              1167     236     1105
 SINCE 7/1       5864              5191     673     4989
COOLING TOTAL      38                90     -52      189
 SINCE 1/1         38                89     -51      189
.................................................................

WIND (MPH)
AVERAGE WIND SPEED              12.7
RESULTANT WIND SPEED/DIRECTION   1/060
HIGHEST WIND SPEED/DIRECTION    56/340    DATE  03/14
HIGHEST GUST SPEED/DIRECTION    74/330    DATE  03/14

SKY COVER
POSSIBLE SUNSHINE (PERCENT)   MM
AVERAGE SKY COVER           0.30
NUMBER OF DAYS FAIR           57
NUMBER OF DAYS PC             23
NUMBER OF DAYS CLOUDY         12

AVERAGE RH (PERCENT)     68

WEATHER CONDITIONS. NUMBER OF DAYS WITH
THUNDERSTORM             20     MIXED PRECIP                0
HEAVY RAIN                8     RAIN                       12
LIGHT RAIN               29     FREEZING RAIN               0
LT FREEZING RAIN          0     HAIL                        0
HEAVY SNOW                0     SNOW                        2
LIGHT SNOW                8     SLEET                       0
FOG                      46     FOG W/VIS <= 1/4 MILE      14
HAZE                      4     BLOWING SNOW                0
TORNADO                   0

-  INDICATES NEGATIVE NUMBERS.
R  INDICATES RECORD WAS SET OR TIED.
MM INDICATES DATA IS MISSING.
T  INDICATES TRACE AMOUNT.

$$
