000
CXUS53 KFGF 012148
CLSGFK

CLIMATE REPORT
NATIONAL WEATHER SERVICE EASTERN NORTH DAKOTA/GRAND FORKS
348 PM CST SAT DEC 1 2018

...................................

...THE GRAND FORKS INTL AP ND CLIMATE SUMMARY FOR THE SEASON, FROM
9/1/2018 TO 11/30/2018...

CLIMATE NORMAL PERIOD 1981 TO 2010
CLIMATE RECORD PERIOD 1948 TO 2018

WEATHER         OBSERVED          NORMAL  DEPART  LAST YEAR`S
                 VALUE   DATE(S)  VALUE   FROM    VALUE  DATE(S)
                                          NORMAL
................................................................
TEMPERATURE (F)
RECORD
 HIGH             103   09/02/1983
 LOW              -31   11/29/1985
HIGHEST            92   09/16       103     -11       94  09/12
LOWEST             -3   11/17       -31      28       -9  11/09
AVG. MAXIMUM     47.0              53.0    -6.0     54.5
AVG. MINIMUM     28.2              31.1    -2.9     32.6
MEAN             37.6              42.0    -4.4     43.6
DAYS MAX >= 90      1               0.7     0.3        2
DAYS MAX <= 32     23              12.9    10.1       15
DAYS MIN <= 32     53              45.9     7.1       44
DAYS MIN <= 0       5               2.8     2.2        4

PRECIPITATION (INCHES)
RECORD
 MAXIMUM        10.96   2008
 MINIMUM         0.93   1976
TOTALS           5.84              4.97    0.87     5.43
DAILY AVG.       0.06              0.05    0.01     0.06
DAYS >= .01        34              23.7    10.3       19
DAYS >= .10        14              11.0     3.0        7
DAYS >= .50         4               2.6     1.4        4
DAYS >= 1.00        1               1.1    -0.1        1
GREATEST
 24 HR. TOTAL    1.00   09/20 TO 09/20

                OBSERVED          NORMAL  DEPART  LAST YEAR`S
 STORM TOTAL       MM                                 MM
 (MM/DD(HH))       MM

SNOWFALL (INCHES)
RECORDS
 TOTAL           35.8   1985
 24 HR TOTAL     12.4   11/18/1998 TO 11/18/1998
 SNOW DEPTH        MM   MM

                OBSERVED          NORMAL  DEPART  LAST YEAR`S
TOTALS           11.9               9.2     2.7     10.2
 LIQUID EQUIV     1.19               MM      MM      1.02
SINCE 7/1        11.9               9.2     2.7     10.2
 LIQUID 7/1       1.19               MM      MM      1.02
SNOWDEPTH AVG.      0                MM      MM        1
DAYS >= TRACE      24               6.9    17.1       14
DAYS >= 1.0         3               2.8     0.2        3
GREATEST
 SNOW DEPTH         6   10/11                          6  11/10
                                                          11/08
                                                          11/09
 24 HR TOTAL      6.5   10/10 TO 10/10

                OBSERVED          NORMAL  DEPART  LAST YEAR`S
 STORM TOTAL       MM                                 MM
 (MM/DD(HH))            MM

DEGREE_DAYS
                OBSERVED          NORMAL  DEPART  LAST YEAR`S
HEATING TOTAL    2495              2117     378     1966
 SINCE 7/1         MM              2199      MM       MM
COOLING TOTAL      21                27      -6       36
 SINCE 1/1        519               379     140      411

FREEZE DATES
RECORD
 EARLIEST     MM
 LATEST       MM
EARLIEST                        MM
LATEST                          MM
.................................................................

WIND (MPH)
AVERAGE WIND SPEED              10.4
RESULTANT WIND SPEED/DIRECTION   2/319
HIGHEST WIND SPEED/DIRECTION    40/340    DATE  10/19
HIGHEST GUST SPEED/DIRECTION    60/350    DATE  10/19

SKY COVER
POSSIBLE SUNSHINE (PERCENT)   MM
AVERAGE SKY COVER           0.70
NUMBER OF DAYS FAIR           12
NUMBER OF DAYS PC             38
NUMBER OF DAYS CLOUDY         40

AVERAGE RH (PERCENT)     77

WEATHER CONDITIONS. NUMBER OF DAYS WITH
  0
  7
  0
  0
  3
  1
  4
HAZE                      4

-  INDICATES NEGATIVE NUMBERS.
R  INDICATES RECORD WAS SET OR TIED.
MM INDICATES DATA IS MISSING.
T  INDICATES TRACE AMOUNT.

&&

FOR THE FALL SEASON /SEP OCT NOV/ THE GRAND FORKS INTERNATIONAL
AIRPORT HAD BELOW NORMAL TEMPERATURES AND ABOVE NORMAL
PRECIPITATION.

THE GRAND FORKS INTERNATIONAL AIRPORT AVERAGED 37.6 DEGREES WHICH
WAS 4.4 DEGREES BELOW NORMAL. DUE TO THE SHORTER PERIOD OF RECORD
/SINCE 1965/, 2018 WAS THE SECOND COLDEST FALL SEASON ON RECORD. THE
COLDEST FALL SEASON OCCURRED IN 1985 WHICH AVERAGED 35.8 DEGREES.

5.84 INCHES OF PRECIPITATION FELL DURING THE FALL SEASON /SEP OCT
NOV/. NORMAL PRECIPITATION DURING THE FALL SEASON IS 4.97 INCHES
MAKING GRAND FORKS 0.87 INCHES ABOVE NORMAL.

SNOWFALL FOR THE FALL SEASON WAS A LITTLE BELOW NORMAL. NORMAL SNOW
IS 9.2 INCHES. GRAND FORKS RECEIVED 11.9 INCHES FOR THE PERIOD.

REMEMBER...THIS DATA IS PROVISIONAL AND SUBJECT TO CHANGE. THE FINAL
AND OFFICIAL RECORDS WILL BE AVAILABLE FROM THE NATIONAL CENTERS FOR
ENVIRONMENTAL INFORMATION (FORMERLY THE NATIONAL CLIMATE DATA
CENTER).

$$
