000
CXUS51 KALY 010644
CLSGFL

CLIMATE REPORT
NATIONAL WEATHER SERVICE ALBANY NY
244 AM EDT SAT JUN 1 2019

...................................

...THE GLENS FALLS NY CLIMATE SUMMARY FOR THE SEASON, FROM
3/1/2019 TO 5/31/2019...

CLIMATE NORMAL PERIOD 1981 TO 2010
CLIMATE RECORD PERIOD 1893 TO 2019

WEATHER         OBSERVED          NORMAL  DEPART  LAST YEAR`S
                 VALUE   DATE(S)  VALUE   FROM    VALUE  DATE(S)
                                          NORMAL
................................................................
TEMPERATURE (F)
HIGHEST            86   05/26                         88  05/02
LOWEST             -5   03/06                          5  03/18
AVG. MAXIMUM     54.7              55.7    -1.0     54.0
AVG. MINIMUM     33.1              31.8     1.3     33.1
MEAN             43.9              43.7     0.2     43.5
DAYS MAX >= 90      0               0.2    -0.2        0
DAYS MAX <= 32      3               4.6    -1.6        2
DAYS MIN <= 32     38              44.9    -6.9       48
DAYS MIN <= 0       4               1.8     2.2        0

PRECIPITATION (INCHES)
RECORD
 MAXIMUM        17.77   1983
 MINIMUM         2.59   1941
TOTALS          11.91              9.55    2.36     6.68
DAILY AVG.       0.13              0.10    0.03     0.07
DAYS >= .01        40              34.6     5.4       32
DAYS >= .10        24              21.3     2.7       19
DAYS >= .50         8               6.4     1.6        3
DAYS >= 1.00        2               1.9     0.1        0
GREATEST
 24 HR. TOTAL    1.90   05/19 TO 05/19

DEGREE_DAYS
HEATING TOTAL    1925              1967     -42
 SINCE 7/1       7261              7586    -325
COOLING TOTAL       9                13      -4
 SINCE 1/1          9                12      -3

FREEZE DATES
RECORD
 EARLIEST     08/29/1982
 LATEST       06/01/2009
EARLIEST                        09/29
LATEST                          05/13
.................................................................

WIND (MPH)
AVERAGE WIND SPEED              6.2
HIGHEST WIND SPEED/DIRECTION    31/290    DATE  04/03
HIGHEST GUST SPEED/DIRECTION    44/270    DATE  04/03


WEATHER CONDITIONS. NUMBER OF DAYS WITH
THUNDERSTORM              5     MIXED PRECIP               0
HEAVY RAIN               12     RAIN                      13
LIGHT RAIN               46     FREEZING RAIN              0
LT FREEZING RAIN          0     HAIL                       0
HEAVY SNOW                0     SNOW                       1
LIGHT SNOW                8     SLEET                      0
FOG                      47     FOG W/VIS <= 1/4 MILE      7
HAZE                      4

-  INDICATES NEGATIVE NUMBERS.
R  INDICATES RECORD WAS SET OR TIED.
MM INDICATES DATA IS MISSING.
T  INDICATES TRACE AMOUNT.

$$
