000
CXUS51 KALY 020125
CLSGFL

CLIMATE REPORT
NATIONAL WEATHER SERVICE ALBANY NY
801 PM EST FRI MAR 1 2019

...................................

...THE GLENS FALLS NY CLIMATE SUMMARY FOR THE SEASON, FROM
12/1/2018 TO 2/28/2019...

CLIMATE NORMAL PERIOD 1981 TO 2010
CLIMATE RECORD PERIOD 1893 TO 2019

WEATHER         OBSERVED          NORMAL  DEPART  LAST YEAR`S
                 VALUE   DATE(S)  VALUE   FROM    VALUE  DATE(S)
                                          NORMAL
................................................................
TEMPERATURE (F)
HIGHEST            55   02/05                         66  02/21
                        12/22
LOWEST            -20   01/22                        -25  01/02
AVG. MAXIMUM     32.9              31.8     1.1     32.0
AVG. MINIMUM     14.3              11.1     3.2     11.4
MEAN             23.6              21.4     2.2     21.7
DAYS MAX >= 90      0               0.0     0.0        0
DAYS MAX <= 32     42              44.0    -2.0       44
DAYS MIN <= 32     87              86.0     1.0       85
DAYS MIN <= 0      12              19.6    -7.6       22

PRECIPITATION (INCHES)
RECORD
 MAXIMUM        13.50   1903
 MINIMUM         3.23   1980
TOTALS          10.83              7.99    2.84     7.08
DAILY AVG.       0.12              0.09    0.03     0.07
DAYS >= .01        32              32.3    -0.3       30
DAYS >= .10        21              17.1     3.9       13
DAYS >= .50         8               5.2     2.8        6
DAYS >= 1.00        2               1.5     0.5        0
GREATEST
 24 HR. TOTAL    1.46   01/24 TO 01/24

DEGREE_DAYS
HEATING TOTAL    3706              3922    -216
 SINCE 7/1       5336              5620    -284
COOLING TOTAL       0                 0       0
 SINCE 1/1          0                 0       0

FREEZE DATES
RECORD
 EARLIEST     08/29/1982
 LATEST       06/01/2009
EARLIEST                        09/29
LATEST                          05/13
.................................................................

WIND (MPH)
AVERAGE WIND SPEED              5.5
HIGHEST WIND SPEED/DIRECTION    35/300    DATE  02/25
HIGHEST GUST SPEED/DIRECTION    45/300    DATE  02/25


WEATHER CONDITIONS. NUMBER OF DAYS WITH
THUNDERSTORM              1     MIXED PRECIP               0
HEAVY RAIN                1     RAIN                      14
LIGHT RAIN               21     FREEZING RAIN              2
LT FREEZING RAIN         10     HAIL                       0
HEAVY SNOW                6     SNOW                       9
LIGHT SNOW               30     SLEET                      0
FOG                      43     FOG W/VIS <= 1/4 MILE     15
HAZE                     22

-  INDICATES NEGATIVE NUMBERS.
R  INDICATES RECORD WAS SET OR TIED.
MM INDICATES DATA IS MISSING.
T  INDICATES TRACE AMOUNT.

$$
