685
CXUS51 KALY 011847
CLSGFL

CLIMATE REPORT
NATIONAL WEATHER SERVICE ALBANY NY
141 PM EST SAT DEC 1 2018

...................................

...THE GLENS FALLS NY CLIMATE SUMMARY FOR THE SEASON, FROM
9/1/2018 TO 11/30/2018...

CLIMATE NORMAL PERIOD 1981 TO 2010
CLIMATE RECORD PERIOD 1893 TO 2018

WEATHER         OBSERVED          NORMAL  DEPART  LAST YEAR`S
                 VALUE   DATE(S)  VALUE   FROM    VALUE  DATE(S)
                                          NORMAL
................................................................
TEMPERATURE (F)
HIGHEST            90   09/03                         90  09/25
LOWEST              3R  11/23                         13  11/28
AVG. MAXIMUM     56.1              58.4    -2.3     62.4
AVG. MINIMUM     40.2              36.3     3.9     39.1
MEAN             48.1              47.3     0.8     50.8
DAYS MAX >= 90      1               0.1     0.9        1
DAYS MAX <= 32      4               1.6     2.4        1
DAYS MIN <= 32     34              34.9    -0.9       30
DAYS MIN <= 0       0               0.0     0.0        0

PRECIPITATION (INCHES)
RECORD
 MAXIMUM        16.60   2005
 MINIMUM         1.86   1964
TOTALS          11.26             10.20    1.06     6.32
DAILY AVG.       0.12              0.11    0.01     0.07
DAYS >= .01        38              31.5     6.5       29
DAYS >= .10        26              19.5     6.5       17
DAYS >= .50        10               7.1     2.9        3
DAYS >= 1.00        0               1.9    -1.9        2
GREATEST
 24 HR. TOTAL    0.95   09/11 TO 09/11

DEGREE_DAYS
HEATING TOTAL    1621              1632     -11
 SINCE 7/1       1630              1698     -68
COOLING TOTAL     105                25      80
 SINCE 1/1        600               352     248

FREEZE DATES
RECORD
 EARLIEST     08/29/1982
 LATEST       06/01/2009
EARLIEST                        09/29
LATEST                          05/13
.................................................................

WIND (MPH)
AVERAGE WIND SPEED              4.9
HIGHEST WIND SPEED/DIRECTION    29/290    DATE  11/21
HIGHEST GUST SPEED/DIRECTION    42/310    DATE  11/21


WEATHER CONDITIONS. NUMBER OF DAYS WITH
THUNDERSTORM              1     MIXED PRECIP               0
HEAVY RAIN                8     RAIN                      22
LIGHT RAIN               40     FREEZING RAIN              0
LT FREEZING RAIN          0     HAIL                       0
HEAVY SNOW                0     SNOW                       1
LIGHT SNOW                9     SLEET                      0
FOG                      61     FOG W/VIS <= 1/4 MILE     16
HAZE                      5

-  INDICATES NEGATIVE NUMBERS.
R  INDICATES RECORD WAS SET OR TIED.
MM INDICATES DATA IS MISSING.
T  INDICATES TRACE AMOUNT.

$$
