848
CXUS54 KJAN 030150
CLSGLH


CLIMATE REPORT
NATIONAL WEATHER SERVICE JACKSON MS
841 PM CDT SUN JUN 2 2019

...................................

...THE GREENVILLE CLIMATE SUMMARY FOR THE SEASON, FROM
3/1/2019 TO 5/31/2019...

CLIMATE NORMAL PERIOD 1981 TO 2010
CLIMATE RECORD PERIOD 1903 TO 2019

WEATHER         OBSERVED          NORMAL  DEPART  LAST YEAR`S
                 VALUE   DATE(S)  VALUE   FROM    VALUE  DATE(S)
                                          NORMAL
................................................................
TEMPERATURE (F)
RECORD
 HIGH             100   05/31/1977
 LOW               15   03/03/1943
HIGHEST            93   05/26        MM      MM       95  05/30
LOWEST             26   03/05        MM      MM       31  04/08
AVG. MAXIMUM     73.5              74.0    -0.5     74.7
AVG. MINIMUM     54.2              52.8     1.4     53.6
MEAN             63.8              63.4     0.4     64.1
DAYS MAX >= 90     11               1.8     9.2        8
DAYS MAX <= 32      0               0.0     0.0        0
DAYS MIN <= 32      4               2.3     1.7        1
DAYS MIN <= 0       0               0.0     0.0        0

PRECIPITATION (INCHES)
RECORD
 MAXIMUM        29.97   1975
 MINIMUM         4.63   2007
TOTALS          25.31             14.27   11.04    12.09
DAILY AVG.       0.27              0.16    0.11     0.13
DAYS >= .01        29                MM      MM       22
DAYS >= .10        23                MM      MM       17
DAYS >= .50        16                MM      MM        9
DAYS >= 1.00        8                MM      MM        4

SNOWFALL (INCHES)
TOTALS            0.0

DEGREE_DAYS
HEATING TOTAL     466               465       1      464
 SINCE 7/1       2617              2774    -157     2677
COOLING TOTAL     385               316      69      414
 SINCE 1/1        396               322      74      436

FREEZE DATES
RECORD
 EARLIEST     MM
 LATEST       MM
.................................................................

WIND (MPH)
AVERAGE WIND SPEED              9.3
HIGHEST WIND SPEED/DIRECTION    43/270    DATE  04/07
HIGHEST GUST SPEED/DIRECTION    58/280    DATE  04/07

SKY COVER
POSSIBLE SUNSHINE (PERCENT)   MM
AVERAGE SKY COVER           0.30
NUMBER OF DAYS FAIR           57
NUMBER OF DAYS PC             17
NUMBER OF DAYS CLOUDY         17

AVERAGE RH (PERCENT)     69

WEATHER CONDITIONS. NUMBER OF DAYS WITH
THUNDERSTORM             19     MIXED PRECIP               0
HEAVY RAIN               20     RAIN                      24
LIGHT RAIN               37     FREEZING RAIN              0
LT FREEZING RAIN          0     HAIL                       0
HEAVY SNOW                0     SNOW                       0
LIGHT SNOW                0     SLEET                      0
FOG                      40     FOG W/VIS <= 1/4 MILE      6
HAZE                     12

-  INDICATES NEGATIVE NUMBERS.
R  INDICATES RECORD WAS SET OR TIED.
MM INDICATES DATA IS MISSING.
T  INDICATES TRACE AMOUNT.

$$
