000
CXUS53 KGRB 040046
CLSGRB

CLIMATE REPORT
NATIONAL WEATHER SERVICE GREEN BAY
745 PM CDT MON JUN 3 2019

...THE GREEN BAY WI SPRING CLIMATE SUMMARY FROM 3/1/2019 TO
5/31/2019...

CLIMATE NORMAL PERIOD 1981 TO 2010
CLIMATE RECORD PERIOD 1886 TO 2019

WEATHER         OBSERVED          NORMAL  DEPART  LAST YEAR`S
                 VALUE   DATE(S)  VALUE   FROM    VALUE  DATE(S)
                                          NORMAL
................................................................
TEMPERATURE (F)
RECORD
 HIGH              99   05/31/1934
 LOW              -29   03/01/1962
HIGHEST            88   05/31        85       3       97  05/27
LOWEST             -9   03/06         3     -12        9  04/08
                        03/04
AVG. MAXIMUM     51.7              53.0    -1.3     53.0
AVG. MINIMUM     33.5              33.4     0.1     33.1
MEAN             42.6              43.2    -0.6     43.0
DAYS MAX >= 90      0               0.0     0.0        2
DAYS MAX <= 32      8               7.7     0.3       11
DAYS MIN <= 32     34              40.6    -6.6       55
DAYS MIN <= 0       6               1.1     4.9        0

PRECIPITATION (INCHES)
RECORD
 MAXIMUM        14.12   1918
 MINIMUM         3.42   1931
TOTALS          10.48              7.41    3.07     9.53
DAILY AVG.       0.12              0.08    0.04     0.10
DAYS >= .01        37              33.1     3.9       34
DAYS >= .10        23              17.6     5.4       18
DAYS >= .50         7               4.8     2.2        8
DAYS >= 1.00        1               1.1    -0.1        3

SNOWFALL (INCHES)
RECORDS
 TOTAL           51.9   1888
 24 HR TOTAL       MM
TOTALS           11.0              11.2    -0.2     43.7
SINCE 7/1        65.9              51.4    14.5     68.1
DAYS >= TRACE      17               9.5     7.5       20
DAYS >= 1.0         4               3.7     0.3       10
GREATEST
 SNOW DEPTH        16   03/02                         19  04/16
 24 HR TOTAL      4.5   MM

DEGREE_DAYS
HEATING TOTAL    2056              2023      33     2088
 SINCE 7/1       7682              7863    -181     7542
COOLING TOTAL      14                18      -4       93
 SINCE 1/1         14                18      -4       93

FREEZE DATES
RECORD
 EARLIEST     09/12/1955
 LATEST       06/06/1958
EARLIEST                        10/04
LATEST                          05/05
.................................................................

WIND (MPH)
AVERAGE WIND SPEED              9.1
RESULTANT WIND SPEED/DIRECTION   1/340
HIGHEST WIND SPEED/DIRECTION    37/100    DATE  05/22
HIGHEST GUST SPEED/DIRECTION    54/100    DATE  05/22

SKY COVER
POSSIBLE SUNSHINE (PERCENT)   MM
AVERAGE SKY COVER           0.40
NUMBER OF DAYS FAIR           39
NUMBER OF DAYS PC             32
NUMBER OF DAYS CLOUDY         21

AVERAGE RH (PERCENT)     67

WEATHER CONDITIONS. NUMBER OF DAYS WITH
THUNDERSTORM              8     MIXED PRECIP               0
HEAVY RAIN                9     RAIN                      19
LIGHT RAIN               37     FREEZING RAIN              1
LT FREEZING RAIN          1     HAIL                       0
HEAVY SNOW                1     SNOW                       2
LIGHT SNOW               15     SLEET                      0
FOG                      44     FOG W/VIS <= 1/4 MILE      8
HAZE                     10

-  INDICATES NEGATIVE NUMBERS.
R  INDICATES RECORD WAS SET OR TIED.
MM INDICATES DATA IS MISSING.
T  INDICATES TRACE AMOUNT.
...................................

$$
ECKBERG
