000
CXUS53 KGRB 031041
CLSGRB

CLIMATE REPORT
NATIONAL WEATHER SERVICE GREEN BAY
440 AM CST MON DEC 3 2018

...TIED 48TH COOLEST FALL ON RECORD...
...13TH WETTEST FALL ON RECORD...

...................................

...THE GREEN BAY WI CLIMATE SUMMARY FOR THE SEASON, FROM
9/1/2018 TO 11/30/2018...

CLIMATE NORMAL PERIOD 1981 TO 2010
CLIMATE RECORD PERIOD 1886 TO 2018

WEATHER         OBSERVED          NORMAL  DEPART  LAST YEAR`S
                 VALUE   DATE(S)  VALUE   FROM    VALUE  DATE(S)
                                          NORMAL
................................................................
TEMPERATURE (F)
RECORD
 HIGH              97   09/10/1931
 LOW              -12   11/28/1887
HIGHEST            90   09/17        85       5       91  09/23
                                                          09/22
LOWEST             13   11/14         9       4       11  11/10
AVG. MAXIMUM     54.9              56.2    -1.3     60.1
AVG. MINIMUM     39.3              37.7     1.6     41.3
MEAN             47.1              47.0     0.1     50.7
DAYS MAX >= 90      1               0.0     1.0        4
DAYS MAX <= 32     14               5.4     8.6        4
DAYS MIN <= 32     30              30.2    -0.2       26
DAYS MIN <= 0       0               0.1    -0.1        0

PRECIPITATION (INCHES)
RECORD
 MAXIMUM        13.21   1931
 MINIMUM         1.26   1976
TOTALS          11.16              7.61    3.55     5.27
DAILY AVG.       0.12              0.08    0.04     0.06
DAYS >= .01        28              30.2    -2.2       24
DAYS >= .10        21              16.8     4.2       13
DAYS >= .50         8               4.4     3.6        2
DAYS >= 1.00        3               1.3     1.7        1

SNOWFALL (INCHES)
RECORDS
 TOTAL           26.0   1887
 24 HR TOTAL       MM
TOTALS            3.8               4.2    -0.4      0.6
SINCE 7/1         3.8               4.2    -0.4      0.6
DAYS >= TRACE      16               4.1    11.9        6
DAYS >= 1.0         1               1.2    -0.2        0
GREATEST
 SNOW DEPTH         1   11/29                         -1  11/12
                        11/11
                        11/12
 24 HR TOTAL      1.6   11/09

DEGREE_DAYS
HEATING TOTAL    1694              1677      17     1375
 SINCE 7/1       1705              1740     -35     1416
COOLING TOTAL      87                36      51      100
 SINCE 1/1        687               398     289      477

FREEZE DATES
RECORD
 EARLIEST     09/12/1955
 LATEST       06/06/1958
EARLIEST                        10/04
LATEST                          05/05
.................................................................

WIND (MPH)
AVERAGE WIND SPEED              8.1
HIGHEST WIND SPEED/DIRECTION    38/270    DATE  09/20
HIGHEST GUST SPEED/DIRECTION    53/240    DATE  09/20

SKY COVER
POSSIBLE SUNSHINE (PERCENT)   MM
AVERAGE SKY COVER           0.60
NUMBER OF DAYS FAIR           33
NUMBER OF DAYS PC             20
NUMBER OF DAYS CLOUDY         38

AVERAGE RH (PERCENT)     74

WEATHER CONDITIONS. NUMBER OF DAYS WITH
THUNDERSTORM              8     MIXED PRECIP               0
HEAVY RAIN               11     RAIN                      17
LIGHT RAIN               31     FREEZING RAIN              0
LT FREEZING RAIN          0     HAIL                       0
HEAVY SNOW                0     SNOW                       0
LIGHT SNOW               16     SLEET                      0
FOG                      42     FOG W/VIS <= 1/4 MILE      4
HAZE                      6

-  INDICATES NEGATIVE NUMBERS.
R  INDICATES RECORD WAS SET OR TIED.
MM INDICATES DATA IS MISSING.
T  INDICATES TRACE AMOUNT.
...................................

$$
ECKBERG
