748
CXUS53 KGRB 061639
CLSGRB

CLIMATE REPORT
NATIONAL WEATHER SERVICE GREEN BAY
1040 AM CST FRI DEC 6 2019

...THE GREEN BAY WI FALL CLIMATE SUMMARY FROM 9/1/2019 TO 11/30/2019...

CLIMATE NORMAL PERIOD 1981 TO 2010
CLIMATE RECORD PERIOD 1886 TO 2019

WEATHER         OBSERVED          NORMAL  DEPART  LAST YEAR`S
                 VALUE   DATE(S)  VALUE   FROM    VALUE  DATE(S)
                                          NORMAL
................................................................
TEMPERATURE (F)
RECORD
 HIGH              97   09/10/1931
 LOW              -12   11/28/1887
HIGHEST            84   09/30        85      -1       90  09/17
LOWEST              8   11/12         9      -1       13  11/14
AVG. MAXIMUM     54.6              56.2    -1.6     54.9
AVG. MINIMUM     40.5              37.7     2.8     39.3
MEAN             47.6              47.0     0.6     47.1
DAYS MAX >= 90      0               0.0     0.0        1
DAYS MAX <= 32      7               5.4     1.6       14
DAYS MIN <= 32     29              30.2    -1.2       30
DAYS MIN <= 0       0               0.1    -0.1        0

PRECIPITATION (INCHES)
RECORD
 MAXIMUM        13.21   1931
 MINIMUM         1.26   1976
TOTALS          16.83R             7.61    9.22    11.16
DAILY AVG.       0.18              0.08    0.10     0.12
DAYS >= .01        46              30.2    15.8       28
DAYS >= .10        28              16.8    11.2       21
DAYS >= .50        11               4.4     6.6        8
DAYS >= 1.00        6               1.3     4.7        3

SNOWFALL (INCHES)
RECORDS
 TOTAL           26.0   1887
 24 HR TOTAL       MM
TOTALS           14.2               4.2    10.0      3.8
SINCE 7/1        14.2               4.2    10.0      3.8
DAYS >= TRACE      18               4.1    13.9       16
DAYS >= 1.0         7               1.2     5.8        1
GREATEST
 SNOW DEPTH         3   11/14                          1  11/29
                        11/06                             11/11
                        11/13                             11/12
 24 HR TOTAL      3.2   11/13

DEGREE_DAYS
HEATING TOTAL    1623              1677     -54     1694
 SINCE 7/1       1647              1740     -93     1705
COOLING TOTAL      64                36      28       87
 SINCE 1/1        535               398     137      687

FREEZE DATES
RECORD
 EARLIEST     09/12/1955
 LATEST       06/06/1958
EARLIEST                        10/04
LATEST                          05/05
.................................................................

WIND (MPH)
AVERAGE WIND SPEED              8.7
RESULTANT WIND SPEED/DIRECTION   2/246
HIGHEST WIND SPEED/DIRECTION    33/150    DATE  10/21
HIGHEST GUST SPEED/DIRECTION    48/140    DATE  10/21

SKY COVER
POSSIBLE SUNSHINE (PERCENT)   MM
AVERAGE SKY COVER           0.60
NUMBER OF DAYS FAIR           23
NUMBER OF DAYS PC             36
NUMBER OF DAYS CLOUDY         32

AVERAGE RH (PERCENT)     74

-  INDICATES NEGATIVE NUMBERS.
R  INDICATES RECORD WAS SET OR TIED.
MM INDICATES DATA IS MISSING.
T  INDICATES TRACE AMOUNT.

$$
ECKBERG
