000
CXUS52 KRAH 150144
CLSGSO

CLIMATE REPORT
NATIONAL WEATHER SERVICE RALEIGH NC
824 PM EST FRI DEC 14 2018

...................................

...THE PIEDMONT TRIAD INTL AIRPORT CLIMATE SUMMARY FOR THE SEASON, FROM
9/1/2018 TO 11/30/2018...

CLIMATE NORMAL PERIOD 1981 TO 2010
CLIMATE RECORD PERIOD 1903 TO 2018

WEATHER         OBSERVED          NORMAL  DEPART
                 VALUE   DATE(S)  VALUE   FROM
                                          NORMAL
................................................
TEMPERATURE (F)
RECORD
 HIGH             101   09/03/1921
                        09/02/1921
                        09/10/1897
 LOW               10   11/25/1970
                        11/30/1929
HIGHEST            92   09/06
LOWEST             21   11/28
AVG. MAXIMUM     69.9              70.3    -0.4
AVG. MINIMUM     52.6              49.7     2.9
MEAN             61.2              60.0     1.2
DAYS MAX >= 90      6               2.0     4.0
DAYS MAX <= 32      0               0.0     0.0
DAYS MIN <= 32     11               7.1     3.9
DAYS MIN <= 0       0               0.0     0.0

PRECIPITATION (INCHES)
RECORD
 MAXIMUM        22.85   2018
 MINIMUM         1.33   1931
TOTALS          22.85             10.43   12.42
DAYS >= .01        33              22.7    10.3
DAYS >= 1.00        5               3.2     1.8
GREATEST
 24 HR. TOTAL    5.18   09/16 TO 09/17

SNOWFALL (INCHES)
RECORDS
 TOTAL            0.6   2008
TOTALS            0.0               0.1    -0.1
DAYS >= TRACE       0               0.1    -0.1
DAYS >= 1.0         0               0.0     0.0


DEGREE_DAYS
HEATING TOTAL     760               680      80
 SINCE 7/1        760               680      80
.................................................

WIND (MPH)
AVERAGE WIND SPEED              6.9
HIGHEST WIND SPEED/DIRECTION    37/280    DATE  09/26
HIGHEST GUST SPEED/DIRECTION    49/280    DATE  09/26

SKY COVER
POSSIBLE SUNSHINE (PERCENT)   MM
AVERAGE SKY COVER           0.60
NUMBER OF DAYS FAIR           15
NUMBER OF DAYS PC             39
NUMBER OF DAYS CLOUDY         37

AVERAGE RH (PERCENT)     77

WEATHER CONDITIONS. NUMBER OF DAYS WITH
THUNDERSTORM             10     MIXED PRECIP               0
HEAVY RAIN               16     RAIN                      19
LIGHT RAIN               43     FREEZING RAIN              1
LT FREEZING RAIN          1     HAIL                       0
HEAVY SNOW                0     SNOW                       0
LIGHT SNOW                0     SLEET                      0
FOG                      49     FOG W/VIS <= 1/4 MILE     10
HAZE                      1


-  INDICATES NEGATIVE NUMBERS.
R  INDICATES RECORD WAS SET OR TIED.
MM INDICATES DATA IS MISSING.
T  INDICATES TRACE AMOUNT.

&&

SEPTEMBER-OCTOBER-NOVEMBER(SON)2018 IS THE WETTEST SON ON RECORD.

$$
