000
CXUS52 KRAH 022354 RRB
CLSGSO

CLIMATE REPORT
NATIONAL WEATHER SERVICE RALEIGH NC
750 PM EDT SUN JUN 2 2019

...................................

...THE PIEDMONT TRIAD INTL AIRPORT CLIMATE SUMMARY FOR THE SEASON,
FROM
3/1/2019 TO 5/31/2019...

CLIMATE NORMAL PERIOD 1981 TO 2010
CLIMATE RECORD PERIOD 1903 TO 2019

WEATHER         OBSERVED          NORMAL  DEPART

                 VALUE   DATE(S)  VALUE   FROM

                                          NORMAL

................................................
TEMPERATURE (F)
RECORD
 HIGH             100   05/12/1916
                        05/27/1911
 LOW                5   03/06/1960
HIGHEST            93   05/30
                        05/24
                        05/28
LOWEST             24   03/06

AVG. MAXIMUM     71.3              69.5     1.8
AVG. MINIMUM     50.2              47.5     2.7
MEAN             60.7              58.5     2.2
DAYS MAX >= 90      7               0.8     6.2
DAYS MAX <= 32      0               0.1    -0.1
DAYS MIN <= 32     10               8.2     1.8
DAYS MIN <= 0       0               0.0     0.0


PRECIPITATION (INCHES)
RECORD
 MAXIMUM        19.91   2003
 MINIMUM         3.59   1986
TOTALS          10.36             10.68   -0.32
DAYS >= .01        29              29.9    -0.9
DAYS >= 1.00        1               2.3    -1.3
GREATEST
 24 HR. TOTAL    1.31   04/12 TO 04/13


SNOWFALL (INCHES)
RECORDS
 TOTAL           21.3   1960
TOTALS             T



DEGREE_DAYS
COOLING TOTAL     299               160     139
 SINCE 1/1        305               159     146

.................................................

WIND (MPH)
AVERAGE WIND SPEED              8.0
HIGHEST WIND SPEED/DIRECTION    40/300    DATE  05/31
HIGHEST GUST SPEED/DIRECTION    53/300    DATE  05/31

SKY COVER
POSSIBLE SUNSHINE (PERCENT)   MM

AVERAGE SKY COVER           0.60
NUMBER OF DAYS FAIR           19
NUMBER OF DAYS PC             41
NUMBER OF DAYS CLOUDY         32

AVERAGE RH (PERCENT)     66


WEATHER CONDITIONS. NUMBER OF DAYS WITH
THUNDERSTORM             16     MIXED PRECIP               0
HEAVY RAIN               15     RAIN                      18
LIGHT RAIN               37     FREEZING RAIN              0
LT FREEZING RAIN          0     HAIL                       1
HEAVY SNOW                0     SNOW                       0
LIGHT SNOW                1     SLEET                      2
FOG                      37     FOG W/VIS <= 1/4 MILE      4
HAZE                      4



-  INDICATES NEGATIVE NUMBERS.
R  INDICATES RECORD WAS SET OR TIED.
MM INDICATES DATA IS MISSING.
T  INDICATES TRACE AMOUNT.

$$
