000
CXUS54 KJAN 031616
CLSGWO


CLIMATE REPORT
NATIONAL WEATHER SERVICE JACKSON MS
1005 AM CST MON DEC 3 2018

...................................

...THE GREENWOOD CLIMATE SUMMARY FOR THE SEASON, FROM
9/1/2018 TO 11/30/2018...

CLIMATE NORMAL PERIOD 1981 TO 2010
CLIMATE RECORD PERIOD 1948 TO 2018

WEATHER         OBSERVED          NORMAL  DEPART  LAST YEAR`S
                 VALUE   DATE(S)  VALUE   FROM    VALUE  DATE(S)
                                          NORMAL
................................................................
TEMPERATURE (F)
RECORD
 HIGH             103   09/01/2000
 LOW               15   11/25/1950
HIGHEST            96   09/19        MM      MM       95  09/22
LOWEST             26   11/27        MM      MM       23  11/23
AVG. MAXIMUM     74.9              76.7    -1.8     78.8
AVG. MINIMUM     56.1              52.2     3.9     52.8
MEAN             65.5              64.4     1.1     65.8
DAYS MAX >= 90     20              11.7     8.3       19
DAYS MAX <= 32      0               0.0     0.0        0
DAYS MIN <= 32      7               6.1     0.9       10
DAYS MIN <= 0       0               0.0     0.0        0

PRECIPITATION (INCHES)
RECORD
 MAXIMUM        24.62   2009
 MINIMUM         2.78   1953
TOTALS          21.09             12.05    9.04     4.96
DAILY AVG.       0.23              0.13    0.10     0.06
DAYS >= .01        32              22.5     9.5       16
DAYS >= .10        25              15.2     9.8        8
DAYS >= .50        13               8.2     4.8        4
DAYS >= 1.00        7               3.8     3.2        1

SNOWFALL (INCHES)
TOTALS            0.0

DEGREE_DAYS
HEATING TOTAL     536               467      69      414
 SINCE 7/1        536               468      68      414
COOLING TOTAL     601               417     184      506
 SINCE 1/1       2584              2159     425     2341

FREEZE DATES
RECORD
 EARLIEST     MM
 LATEST       MM
.................................................................

WIND (MPH)
AVERAGE WIND SPEED              5.2
HIGHEST WIND SPEED/DIRECTION    26/200    DATE  11/05
HIGHEST GUST SPEED/DIRECTION    34/160    DATE  11/30

SKY COVER
POSSIBLE SUNSHINE (PERCENT)   MM
AVERAGE SKY COVER           0.40
NUMBER OF DAYS FAIR           52
NUMBER OF DAYS PC             19
NUMBER OF DAYS CLOUDY         20

AVERAGE RH (PERCENT)     76

WEATHER CONDITIONS. NUMBER OF DAYS WITH
THUNDERSTORM             14     MIXED PRECIP               0
HEAVY RAIN               18     RAIN                      25
LIGHT RAIN               39     FREEZING RAIN              0
LT FREEZING RAIN          0     HAIL                       0
HEAVY SNOW                0     SNOW                       0
LIGHT SNOW                1     SLEET                      0
FOG                      58     FOG W/VIS <= 1/4 MILE     12
HAZE                      4
-  INDICATES NEGATIVE NUMBERS.
R  INDICATES RECORD WAS SET OR TIED.
MM INDICATES DATA IS MISSING.
T  INDICATES TRACE AMOUNT.

$$
