000
CXUS54 KJAN 030150
CLSGWO


CLIMATE REPORT
NATIONAL WEATHER SERVICE JACKSON MS
841 PM CDT SUN JUN 2 2019

...................................

...THE GREENWOOD CLIMATE SUMMARY FOR THE SEASON, FROM
3/1/2019 TO 5/31/2019...

CLIMATE NORMAL PERIOD 1981 TO 2010
CLIMATE RECORD PERIOD 1948 TO 2019

WEATHER         OBSERVED          NORMAL  DEPART  LAST YEAR`S
                 VALUE   DATE(S)  VALUE   FROM    VALUE  DATE(S)
                                          NORMAL
................................................................
TEMPERATURE (F)
RECORD
 HIGH             100   05/31/1951
 LOW               15   03/09/1996
                        03/03/1980
HIGHEST            92   05/26        MM      MM       94  05/15
                        05/24                             05/14
                        05/25
LOWEST             23   03/06        MM      MM       31  04/08
                                                          03/14
AVG. MAXIMUM     74.8              75.0    -0.2     75.8
AVG. MINIMUM     53.1              52.1     1.0     53.0
MEAN             64.0              63.6     0.4     64.4
DAYS MAX >= 90      9               3.3     5.7       15
DAYS MAX <= 32      0               0.0     0.0        0
DAYS MIN <= 32      5               4.2     0.8        5
DAYS MIN <= 0       0               0.0     0.0        0

PRECIPITATION (INCHES)
RECORD
 MAXIMUM        30.35   1973
 MINIMUM         7.13   2007
TOTALS          19.19             14.39    4.80    16.91
DAILY AVG.       0.21              0.16    0.05     0.19
DAYS >= .01        30              27.3     2.7       32
DAYS >= .10        22              19.1     2.9       23
DAYS >= .50        14               8.7     5.3       13
DAYS >= 1.00       10               5.1     4.9        6

SNOWFALL (INCHES)
TOTALS            0.0

DEGREE_DAYS
HEATING TOTAL     459               456       3      447
 SINCE 7/1       2452              2688    -236     2501
COOLING TOTAL     388               325      63      422
 SINCE 1/1        403               330      73      461

FREEZE DATES
RECORD
 EARLIEST     MM
 LATEST       MM
.................................................................

WIND (MPH)
AVERAGE WIND SPEED              6.8
HIGHEST WIND SPEED/DIRECTION    36/170    DATE  03/13
HIGHEST GUST SPEED/DIRECTION    51/150    DATE  03/13

SKY COVER
POSSIBLE SUNSHINE (PERCENT)   MM
AVERAGE SKY COVER           0.30
NUMBER OF DAYS FAIR           57
NUMBER OF DAYS PC             15
NUMBER OF DAYS CLOUDY         19

AVERAGE RH (PERCENT)     68

WEATHER CONDITIONS. NUMBER OF DAYS WITH
THUNDERSTORM             15     MIXED PRECIP               0
HEAVY RAIN               21     RAIN                      23
LIGHT RAIN               31     FREEZING RAIN              0
LT FREEZING RAIN          0     HAIL                       0
HEAVY SNOW                0     SNOW                       0
LIGHT SNOW                0     SLEET                      0
FOG                      44     FOG W/VIS <= 1/4 MILE      6
HAZE                      3

-  INDICATES NEGATIVE NUMBERS.
R  INDICATES RECORD WAS SET OR TIED.
MM INDICATES DATA IS MISSING.
T  INDICATES TRACE AMOUNT.

$$
