000
CXUS54 KJAN 222103
CLSGWO


CLIMATE REPORT
NATIONAL WEATHER SERVICE JACKSON MS
350 PM CDT FRI MAR 22 2019

...................................

...THE GREENWOOD CLIMATE SUMMARY FOR THE SEASON, FROM
12/1/2018 TO 2/28/2019...

CLIMATE NORMAL PERIOD 1981 TO 2010
CLIMATE RECORD PERIOD 1948 TO 2019

WEATHER         OBSERVED          NORMAL  DEPART  LAST YEAR`S
                 VALUE   DATE(S)  VALUE   FROM    VALUE  DATE(S)
                                          NORMAL
................................................................
TEMPERATURE (F)
RECORD
 HIGH              84   02/23/2012
 LOW               -4   02/03/1951
HIGHEST            80   02/23        MM      MM       83  02/20
                        02/06
                        02/07
LOWEST             25   01/30        MM      MM        5  01/17
                        12/11
AVG. MAXIMUM     58.4              55.9     2.5     57.8
AVG. MINIMUM     39.4              35.1     4.3     36.8
MEAN             48.9              45.5     3.4     47.3
DAYS MAX >= 90      0               0.0     0.0        0
DAYS MAX <= 32      0               1.9    -1.9        4
DAYS MIN <= 32     24              39.2   -15.2       39
DAYS MIN <= 0       0               0.1    -0.1        0

PRECIPITATION (INCHES)
RECORD
 MAXIMUM        28.37   1983
 MINIMUM         6.01   1981
TOTALS          20.68             14.59    6.09    21.88
DAILY AVG.       0.24              0.16    0.08     0.25
DAYS >= .01        38              28.0    10.0       33
DAYS >= .10        25              19.6     5.4       25
DAYS >= .50        14               9.7     4.3       18
DAYS >= 1.00        8               4.7     3.3        8

SNOWFALL (INCHES)
TOTALS              T

DEGREE_DAYS
HEATING TOTAL    1457              1763    -306     1640
 SINCE 7/1       1993              2231    -238     2054
COOLING TOTAL      18                10       8       44
 SINCE 1/1         15                 5      10       39

FREEZE DATES
RECORD
 EARLIEST     MM
 LATEST       MM
.................................................................

WIND (MPH)
AVERAGE WIND SPEED              6.9
HIGHEST WIND SPEED/DIRECTION    38/200    DATE  01/19
HIGHEST GUST SPEED/DIRECTION    46/100    DATE  12/08

SKY COVER
POSSIBLE SUNSHINE (PERCENT)   MM
AVERAGE SKY COVER           0.50
NUMBER OF DAYS FAIR           28
NUMBER OF DAYS PC             26
NUMBER OF DAYS CLOUDY         36

AVERAGE RH (PERCENT)     74

WEATHER CONDITIONS. NUMBER OF DAYS WITH
THUNDERSTORM             10     MIXED PRECIP               0
HEAVY RAIN               17     RAIN                      24
LIGHT RAIN               43     FREEZING RAIN              0
LT FREEZING RAIN          0     HAIL                       0
HEAVY SNOW                0     SNOW                       0
LIGHT SNOW                3     SLEET                      1
FOG                      45     FOG W/VIS <= 1/4 MILE      8
HAZE                      8

-  INDICATES NEGATIVE NUMBERS.
R  INDICATES RECORD WAS SET OR TIED.
MM INDICATES DATA IS MISSING.
T  INDICATES TRACE AMOUNT.

$$
