605
CXUS54 KJAN 222103
CLSHBG


CLIMATE REPORT
NATIONAL WEATHER SERVICE JACKSON MS
350 PM CDT FRI MAR 22 2019

...................................

...THE HATTIESBURG CLIMATE SUMMARY FOR THE SEASON, FROM
12/1/2018 TO 2/28/2019...

CLIMATE NORMAL PERIOD 1981 TO 2010
CLIMATE RECORD PERIOD 1948 TO 2019

WEATHER         OBSERVED          NORMAL  DEPART  LAST YEAR`S
                 VALUE   DATE(S)  VALUE   FROM    VALUE  DATE(S)
                                          NORMAL
................................................................
TEMPERATURE (F)
RECORD
 HIGH              85   02/22/2018
                        02/01/1950
                        02/28/1948
 LOW                4   12/23/1989
                        01/21/1985
HIGHEST            82   02/07        MM      MM       85  02/22
LOWEST             27   01/21        MM      MM       12  01/17
                        12/06
AVG. MAXIMUM     63.9              61.7     2.2     62.7
AVG. MINIMUM     44.0              39.0     5.0     41.2
MEAN             54.0              50.3     3.7     52.0
DAYS MAX >= 90      0               0.0     0.0        0
DAYS MAX <= 32      0               0.1    -0.1        0
DAYS MIN <= 32     15              25.4   -10.4       31
DAYS MIN <= 0       0               0.0     0.0        0

PRECIPITATION (INCHES)
RECORD
 MAXIMUM        29.24   1966
 MINIMUM         8.30   1957
TOTALS          24.14             16.04    8.10    17.15
DAILY AVG.       0.26              0.18    0.08     0.19
DAYS >= .01        34                MM      MM       38
DAYS >= .10        21                MM      MM       27
DAYS >= .50        12                MM      MM        8
DAYS >= 1.00        8                MM      MM        4

SNOWFALL (INCHES)
TOTALS            0.0
GREATEST
 SNOW DEPTH         0

DEGREE_DAYS
HEATING TOTAL    1046              1350    -304     1270
 SINCE 7/1       1417              1678    -261       MM
COOLING TOTAL      55                29      26       87
 SINCE 1/1         41                15      26       82

FREEZE DATES
RECORD
 EARLIEST     MM
 LATEST       MM
.................................................................

WIND (MPH)
AVERAGE WIND SPEED              5.6
HIGHEST WIND SPEED/DIRECTION    37/300    DATE  01/19
HIGHEST GUST SPEED/DIRECTION    45/300    DATE  01/19

SKY COVER
POSSIBLE SUNSHINE (PERCENT)   MM
AVERAGE SKY COVER           0.50
NUMBER OF DAYS FAIR           29
NUMBER OF DAYS PC             24
NUMBER OF DAYS CLOUDY         37

AVERAGE RH (PERCENT)     75

WEATHER CONDITIONS. NUMBER OF DAYS WITH
THUNDERSTORM              9     MIXED PRECIP               0
HEAVY RAIN               17     RAIN                      27
LIGHT RAIN               48     FREEZING RAIN              0
LT FREEZING RAIN          0     HAIL                       0
HEAVY SNOW                0     SNOW                       0
LIGHT SNOW                1     SLEET                      0
FOG                      52     FOG W/VIS <= 1/4 MILE     11
HAZE                      2

-  INDICATES NEGATIVE NUMBERS.
R  INDICATES RECORD WAS SET OR TIED.
MM INDICATES DATA IS MISSING.
T  INDICATES TRACE AMOUNT.

$$
