000
CXUS54 KJAN 031616
CLSHBG


CLIMATE REPORT
NATIONAL WEATHER SERVICE JACKSON MS
1005 AM CST MON DEC 3 2018

...................................

...THE HATTIESBURG CLIMATE SUMMARY FOR THE SEASON, FROM
9/1/2018 TO 11/30/2018...

CLIMATE NORMAL PERIOD 1981 TO 2010
CLIMATE RECORD PERIOD 1948 TO 2018

WEATHER         OBSERVED          NORMAL  DEPART  LAST YEAR`S
                 VALUE   DATE(S)  VALUE   FROM    VALUE  DATE(S)
                                          NORMAL
................................................................
TEMPERATURE (F)
RECORD
 HIGH             102   09/21/1997
 LOW               18   11/25/1950
                        11/12/1950
HIGHEST            97   09/15        MM      MM       93  09/22
LOWEST             29   11/28        MM      MM       30  11/24
                        11/15
AVG. MAXIMUM     78.7              79.1    -0.4     79.5
AVG. MINIMUM     58.6              55.1     3.5     56.4
MEAN             68.7              67.1     1.6     67.9
DAYS MAX >= 90     24              11.2    12.8       13
DAYS MAX <= 32      0               0.0     0.0        0
DAYS MIN <= 32      4               2.7     1.3        3
DAYS MIN <= 0       0               0.0     0.0        0

PRECIPITATION (INCHES)
RECORD
 MAXIMUM        25.10   1957
 MINIMUM         2.50   2010
TOTALS          14.55             12.10    2.45     5.92
DAILY AVG.       0.16              0.13    0.03     0.06
DAYS >= .01        32                MM      MM       19
DAYS >= .10        24                MM      MM       10
DAYS >= .50         9                MM      MM        4
DAYS >= 1.00        3                MM      MM        2

SNOWFALL (INCHES)
TOTALS            0.0
GREATEST
 SNOW DEPTH         0

DEGREE_DAYS
HEATING TOTAL     371               328      43      305
 SINCE 7/1        371               328      43      305
COOLING TOTAL     732               518     214      599
 SINCE 1/1       2861              2390     471     2544

FREEZE DATES
RECORD
 EARLIEST     MM
 LATEST       MM
.................................................................

WIND (MPH)
AVERAGE WIND SPEED              4.0
HIGHEST WIND SPEED/DIRECTION    30/150    DATE  09/01
HIGHEST GUST SPEED/DIRECTION    43/290    DATE  11/01

SKY COVER
POSSIBLE SUNSHINE (PERCENT)   MM
AVERAGE SKY COVER           0.40
NUMBER OF DAYS FAIR           49
NUMBER OF DAYS PC             27
NUMBER OF DAYS CLOUDY         15

AVERAGE RH (PERCENT)     75

WEATHER CONDITIONS. NUMBER OF DAYS WITH
THUNDERSTORM              6     MIXED PRECIP               0
HEAVY RAIN               23     RAIN                      28
LIGHT RAIN               46     FREEZING RAIN              0
LT FREEZING RAIN          0     HAIL                       0
HEAVY SNOW                0     SNOW                       0
LIGHT SNOW                0     SLEET                      0
FOG                      44     FOG W/VIS <= 1/4 MILE     13
HAZE                      2

-  INDICATES NEGATIVE NUMBERS.
R  INDICATES RECORD WAS SET OR TIED.
MM INDICATES DATA IS MISSING.
T  INDICATES TRACE AMOUNT.

$$
