849
CXUS54 KJAN 030150
CLSHBG


CLIMATE REPORT
NATIONAL WEATHER SERVICE JACKSON MS
841 PM CDT SUN JUN 2 2019

...................................

...THE HATTIESBURG CLIMATE SUMMARY FOR THE SEASON, FROM
3/1/2019 TO 5/31/2019...

CLIMATE NORMAL PERIOD 1981 TO 2010
CLIMATE RECORD PERIOD 1948 TO 2019

WEATHER         OBSERVED          NORMAL  DEPART  LAST YEAR`S
                 VALUE   DATE(S)  VALUE   FROM    VALUE  DATE(S)
                                          NORMAL
................................................................
TEMPERATURE (F)
RECORD
 HIGH             104   05/31/1951
 LOW               17   03/03/1980
HIGHEST            94   05/31        MM      MM       95  05/15
                        05/26                             05/14
LOWEST             27   03/06        MM      MM       30  03/15
AVG. MAXIMUM     78.3              78.3     0.0     79.0
AVG. MINIMUM     54.6              53.7     0.9     53.4
MEAN             66.5              66.0     0.5     66.2
DAYS MAX >= 90     12               6.6     5.4       19
DAYS MAX <= 32      0               0.0     0.0        0
DAYS MIN <= 32      3               1.8     1.2        2
DAYS MIN <= 0       0               0.0     0.0        0

PRECIPITATION (INCHES)
RECORD
 MAXIMUM        31.77   1983
 MINIMUM         4.92   1963
TOTALS          17.45             15.41    2.04    14.95
DAILY AVG.       0.19              0.17    0.02     0.16
DAYS >= .01        27                MM      MM       20
DAYS >= .10        21                MM      MM       17
DAYS >= .50        10                MM      MM       10
DAYS >= 1.00        5                MM      MM        5

SNOWFALL (INCHES)
TOTALS            0.0
GREATEST
 SNOW DEPTH         0

DEGREE_DAYS
HEATING TOTAL     317               307      10      313
 SINCE 7/1       1734              1985    -251     1888
COOLING TOTAL     478               400      78      449
 SINCE 1/1        519               415     104      531

FREEZE DATES
RECORD
 EARLIEST     MM
 LATEST       MM
.................................................................

WIND (MPH)
AVERAGE WIND SPEED              5.7
HIGHEST WIND SPEED/DIRECTION    31/280    DATE  05/09
HIGHEST GUST SPEED/DIRECTION    47/140    DATE  04/13

SKY COVER
POSSIBLE SUNSHINE (PERCENT)   MM
AVERAGE SKY COVER           0.30
NUMBER OF DAYS FAIR           52
NUMBER OF DAYS PC             24
NUMBER OF DAYS CLOUDY         15

AVERAGE RH (PERCENT)     71

WEATHER CONDITIONS. NUMBER OF DAYS WITH
THUNDERSTORM             18     MIXED PRECIP               0
HEAVY RAIN               18     RAIN                      20
LIGHT RAIN               33     FREEZING RAIN              0
LT FREEZING RAIN          0     HAIL                       0
HEAVY SNOW                0     SNOW                       0
LIGHT SNOW                0     SLEET                      0
FOG                      50     FOG W/VIS <= 1/4 MILE     16
HAZE                      2

-  INDICATES NEGATIVE NUMBERS.
R  INDICATES RECORD WAS SET OR TIED.
MM INDICATES DATA IS MISSING.
T  INDICATES TRACE AMOUNT.

$$
