000
CXUS51 KPBZ 011431
CLSHLG


CLIMATE REPORT
NATIONAL WEATHER SERVICE PITTSBURGH PA
930 AM EST SAT DEC 1 2018

...................................

...THE WHEELING CLIMATE SUMMARY FOR THE SEASON, FROM
9/1/2018 TO 11/30/2018...

CLIMATE NORMAL PERIOD 1981 TO 2010
CLIMATE RECORD PERIOD 1878 TO 2018

WEATHER         OBSERVED          NORMAL  DEPART  LAST YEAR`S
                 VALUE   DATE(S)  VALUE   FROM    VALUE  DATE(S)
                                          NORMAL
................................................................
TEMPERATURE (F)
RECORD
 HIGH             100   MM
 LOW                9   11/19/2015
HIGHEST            93   09/04        MM      MM       MM  MM
LOWEST             22   11/11        MM      MM       MM  MM
AVG. MAXIMUM     61.9              62.7    -0.8       MM
AVG. MINIMUM     46.7              44.5     2.2       MM
MEAN             54.3              53.6     0.7       MM
DAYS MAX >= 90      3               0.2     2.8       MM
DAYS MAX <= 32      5               1.2     3.8       MM
DAYS MIN <= 32     21              13.6     7.4       MM
DAYS MIN <= 0       0               0.0     0.0       MM

PRECIPITATION (INCHES)
RECORD
 MAXIMUM           MM   MM
 MINIMUM           MM   MM
TOTALS          15.30              8.05    7.25       MM
DAILY AVG.       0.17              0.09    0.08       MM
DAYS >= .01        39                MM      MM       MM
DAYS >= .10        27                MM      MM       MM
DAYS >= .50         9                MM      MM       MM
DAYS >= 1.00        4                MM      MM       MM
GREATEST
 24 HR. TOTAL    2.70

DEGREE_DAYS
HEATING TOTAL    1206              1117      89       MM
 SINCE 7/1       1206              1128      78       MM
COOLING TOTAL     254                81     173       MM
 SINCE 1/1       1185               689     496       MM
.................................................................

WIND (MPH)
AVERAGE WIND SPEED              7.5
HIGHEST WIND SPEED/DIRECTION    36/220    DATE  10/02
HIGHEST GUST SPEED/DIRECTION    45/290    DATE  10/20

AVERAGE RH (PERCENT)     77

WEATHER CONDITIONS. NUMBER OF DAYS WITH
THUNDERSTORM              6     MIXED PRECIP               0
HEAVY RAIN                8     RAIN                      20
LIGHT RAIN               47     FREEZING RAIN              0
LT FREEZING RAIN          1     HAIL                       0
HEAVY SNOW                0     SNOW                       0
LIGHT SNOW                7     SLEET                      0
FOG                      67     FOG W/VIS <= 1/4 MILE     13
HAZE                     15

-  INDICATES NEGATIVE NUMBERS.
R  INDICATES RECORD WAS SET OR TIED.
MM INDICATES DATA IS MISSING.
T  INDICATES TRACE AMOUNT.

$$
