000
CXUS54 KLZK 060855
CLSHRO


CLIMATE REPORT
NATIONAL WEATHER SERVICE LITTLE ROCK AR
250 AM CST WED MAR 6 2019

...................................

...THE HARRISON CLIMATE SUMMARY FOR THE SEASON, FROM
12/1/2018 TO 2/28/2019...

CLIMATE NORMAL PERIOD 1981 TO 2010
CLIMATE RECORD PERIOD 1891 TO 2019

WEATHER         OBSERVED          NORMAL  DEPART  LAST YEAR`S
                 VALUE   DATE(S)  VALUE   FROM    VALUE  DATE(S)
                                          NORMAL
................................................................
TEMPERATURE (F)
RECORD
 HIGH              87   02/05/1927
 LOW              -24   02/12/1899
HIGHEST            75   02/04        47      28       77  02/15
LOWEST             10   01/25        28     -18        0  01/17
                                                          01/16
AVG. MAXIMUM     49.0              48.2     0.8     48.9
AVG. MINIMUM     31.1              28.3     2.8     28.4
MEAN             40.0              38.3     1.7     38.7
DAYS MAX >= 90      0               0.0     0.0        0
DAYS MAX <= 32      3               8.4    -5.4       14
DAYS MIN <= 32     52              58.4    -6.4       58
DAYS MIN <= 0       0               0.6    -0.6        2

PRECIPITATION (INCHES)
RECORD
 MAXIMUM        16.31   1938
 MINIMUM         2.66   1963
TOTALS          13.20              8.40    4.80    10.51
DAILY AVG.       0.15              0.09    0.06     0.12
DAYS >= .01        33              24.2     8.8       21
DAYS >= .10        21                                 15
DAYS >= .50         9                                  7
DAYS >= 1.00        3               1.7     1.3        4
GREATEST
 24 HR. TOTAL    2.57   11/03 TO 12/01
 STORM TOTAL       MM
 (MM/DD(HH))            MM

SNOWFALL (INCHES)
RECORDS
 TOTAL           42.2   1918
 24 HR TOTAL     14.3   02/15/1993 TO 02/15/1993
 SNOW DEPTH        14   02/16/1993
TOTALS            3.5               8.7    -5.2      2.1
 LIQUID EQUIV    0.35              0.90   -0.55     0.21
SINCE 7/1         3.9
 LIQUID 7/1      0.39              0.80   -0.41     0.21
SNOWDEPTH AVG.      0                 T       0        0
DAYS >= TRACE      14              13.0     1.0       11
DAYS >= 1.0         2               2.0     0.0        1
GREATEST
 SNOW DEPTH         2   01/20                          1  01/18
                                                          01/16
                                                          01/17
 24 HR TOTAL      2.0   01/19 TO 01/19           01/14 TO 01/15

DEGREE_DAYS
HEATING TOTAL    2231              2408    -177     2364
 SINCE 7/1         MM              3172      MM       MM
COOLING TOTAL       0                 1      -1        5
 SINCE 1/1          0                 0       0        5

FREEZE DATES
RECORD
 EARLIEST     09/13/1902
 LATEST       05/17/1912
EARLIEST                        10/29
LATEST                          04/04
.................................................................

WIND (MPH)
AVERAGE WIND SPEED              8.1
HIGHEST WIND SPEED/DIRECTION    32/150    DATE  12/27
HIGHEST GUST SPEED/DIRECTION    45/270    DATE  12/01

SKY COVER
POSSIBLE SUNSHINE (PERCENT)   MM
AVERAGE SKY COVER           0.50
NUMBER OF DAYS FAIR           36
NUMBER OF DAYS PC             20
NUMBER OF DAYS CLOUDY         34

AVERAGE RH (PERCENT)     71

-  INDICATES NEGATIVE NUMBERS.
R  INDICATES RECORD WAS SET OR TIED.
MM INDICATES DATA IS MISSING.
T  INDICATES TRACE AMOUNT.

&&

...Data for Harrison for Winter 2018-2019...

.Summary...
It was the warmest winter season in two years. There were 52 days
with lows at or below freezing, which was the fewest in two years.
There were ten days with low temperatures colder than 20 degrees,
which was the fewest amount in four years.

For the second winter in a row, rainfall was above average. In fact,
this was the wettest winter in 34 years, and the 9th wettest since
records began in 1891. There were 33 days with measurable rainfall,
which was the most since the winter of 1990-1991.

Even though snowfall was below the 30-year average, it was still the
snowiest winter in three years, and the 56th winter in a row with
measurable snowfall. There were three days with measurable snowfall,
which was the fewest in 11 years.

.Average Temperatures...
The average high, low and seasonal temperatures were all the warmest
in two years (since 2016-2017).

.Rainfall...
This was the wettest winter since 1984-1985, and the 9th wettest
since records began in 1891.

.Snowfall...
Like every winter since 1963-1964, measurable snow fell this year.
Though it was below the 30-year average by over five inches, this
winter was still the snowiest in three years (since 2015-2016).

$$

57
