725
CXUS54 KLZK 022153
CLSHRO


CLIMATE REPORT
NATIONAL WEATHER SERVICE LITTLE ROCK AR
349 PM CST SUN DEC 2 2018

...................................

...THE HARRISON CLIMATE SUMMARY FOR THE SEASON, FROM
9/1/2018 TO 11/30/2018...

CLIMATE NORMAL PERIOD 1981 TO 2010
CLIMATE RECORD PERIOD 1891 TO 2018

WEATHER         OBSERVED          NORMAL  DEPART  LAST YEAR`S
                 VALUE   DATE(S)  VALUE   FROM    VALUE  DATE(S)
                                          NORMAL
................................................................
TEMPERATURE (F)
RECORD
 HIGH             106   09/03/1939
                        09/05/1913
                        09/04/1913
 LOW                5   11/12/1911
                        11/14/1908
HIGHEST            93   09/19        69      24       94  09/20
LOWEST             16   11/10        48     -32       25  11/22
                                                          10/29
AVG. MAXIMUM     68.3              69.8    -1.5     73.9
AVG. MINIMUM     48.7              47.9     0.8     49.1
MEAN             58.5              58.9    -0.4     61.5
DAYS MAX >= 90      6               3.3     2.7        8
DAYS MAX <= 32      1               0.3     0.7        0
DAYS MIN <= 32     13               9.4     3.6        9
DAYS MIN <= 0       0               0.0     0.0        0

PRECIPITATION (INCHES)
RECORD
 MAXIMUM        23.75   2009
 MINIMUM         2.47   1999
TOTALS          11.62             11.98   -0.36     3.83
DAILY AVG.       0.13              0.13    0.00     0.04
DAYS >= .01        26              29.5    -3.5       15
DAYS >= .10        17                                  8
DAYS >= .50         8                                  1
DAYS >= 1.00        4               3.5     0.5        1
GREATEST
 24 HR. TOTAL    2.57   11/30 TO 11/30

SNOWFALL (INCHES)
RECORDS
 TOTAL            8.5   1951
 24 HR TOTAL      8.0   10/27/1913 TO 10/27/1913
 SNOW DEPTH         8   10/27/1913
TOTALS            0.4               0.5    -0.1      0.0
 LIQUID EQUIV    0.04              0.10   -0.06     0.00
SINCE 7/1         0.4
 LIQUID 7/1      0.04              0.00    0.04     0.00
SNOWDEPTH AVG.      0                 0       0        0
DAYS >= TRACE       2               1.0     1.0       MM
DAYS >= 1.0         0               0.0     0.0       MM
GREATEST
 SNOW DEPTH         T   11/13                          0  MM
 24 HR TOTAL      0.4   11/12 TO 11/12

DEGREE_DAYS
HEATING TOTAL     917               763     154      596
 SINCE 7/1         MM               764      MM      596
COOLING TOTAL     346               204     142      301
 SINCE 1/1       1859              1416     443     1406

FREEZE DATES
RECORD
 EARLIEST     09/13/1902
 LATEST       05/17/1912
EARLIEST                        10/29
LATEST                          04/04
.................................................................

WIND (MPH)
AVERAGE WIND SPEED              6.0
HIGHEST WIND SPEED/DIRECTION    30/260    DATE  11/25
HIGHEST GUST SPEED/DIRECTION    44/270    DATE  11/25

SKY COVER
POSSIBLE SUNSHINE (PERCENT)   MM
AVERAGE SKY COVER           0.40
NUMBER OF DAYS FAIR           47
NUMBER OF DAYS PC             25
NUMBER OF DAYS CLOUDY         19

AVERAGE RH (PERCENT)     75

-  INDICATES NEGATIVE NUMBERS.
R  INDICATES RECORD WAS SET OR TIED.
MM INDICATES DATA IS MISSING.
T  INDICATES TRACE AMOUNT.

&&

...Data for Harrison for Fall 2018...

.Summary...
While temperatures during much of the fall were above average, that
all changed in November. This caused the entire season to end up
slightly below the 30-year average, and this was largely due to cold
high temperatures during November.

Rainfall ended up being below average, but by just under an inch.
This was largely due to deficient rainfall in September and through
much of November. Even so, it was still the wettest fall in three
years.

This was the first fall in four years with measurable snowfall.

.Average Temperatures...
The average high temperature was the coldest since 2002. The average
low temperature and seasonal temperature were both the coldest since
2014.

.Rainfall...
This was the wettest fall since 2015.

.Snowfall...
This was the snowiest fall since 2014. There were two days with
snowfall, measurable or not, which was the most since 2014.

$$

57
