000
CXUS51 KRLX 031355
CLSHTS


CLIMATE REPORT
NATIONAL WEATHER SERVICE CHARLESTON WV
953 AM EDT MON JUN 3 2019

...................................

...THE HUNTINGTON WV CLIMATE SUMMARY FOR THE SEASON, FROM
3/1/2019 TO 5/31/2019...

CLIMATE NORMAL PERIOD 1981 TO 2010
CLIMATE RECORD PERIOD 1897 TO 2019

WEATHER         OBSERVED          NORMAL  DEPART  LAST YEAR`S
                 VALUE   DATE(S)  VALUE   FROM    VALUE
                                          NORMAL
.............................................................
TEMPERATURE (F)
RECORD
 HIGH              98   05/31/1919
 LOW               -2   03/03/1980
HIGHEST            89   05/25                         MM
                        05/22
LOWEST             13   03/05                         MM
AVG. MAXIMUM     68.0              66.6     1.4       MM
AVG. MINIMUM     46.2              44.2     2.0       MM
MEAN             57.1              55.4     1.7       MM
DAYS MAX >= 90      0               0.5    -0.5       MM
DAYS MAX <= 32      3               0.5     2.5       MM
DAYS MIN <= 32     20              15.1     4.9       MM
DAYS MIN <= 0       0               0.0     0.0       MM

PRECIPITATION (INCHES)
RECORD
 MAXIMUM        19.24   1935
 MINIMUM         5.09   1941
TOTALS          10.68             12.04   -1.36       MM
DAILY AVG.       0.12              0.13   -0.01       MM
DAYS >= .01        38              39.9    -1.9       MM
DAYS >= .10        24              24.6    -0.6       MM
DAYS >= .50         8               7.4     0.6       MM
DAYS >= 1.00        1               2.1    -1.1       MM
GREATEST
 24 HR. TOTAL    1.07   MM

SNOWFALL (INCHES)
RECORDS
 TOTAL             MM   5
 24 HR TOTAL       MM
TOTALS            2.4               4.7    -2.3       MM
SINCE 7/1         7.3              23.6   -16.3       MM
DAYS >= TRACE       6               3.3     2.7       MM
DAYS >= 1.0         1               1.2    -0.2       MM
GREATEST
 24 HR TOTAL      1.5   MM

DEGREE_DAYS
HEATING TOTAL     905               999     -94       MM
 SINCE 7/1         MM              4500      MM       MM
COOLING TOTAL     196               114      82       MM
 SINCE 1/1        196               113      83       MM
..............................................................

WIND (MPH)
AVERAGE WIND SPEED              5.9
HIGHEST WIND SPEED/DIRECTION    29/240    DATE  04/14
HIGHEST GUST SPEED/DIRECTION    43/180    DATE  03/14

SKY COVER
POSSIBLE SUNSHINE (PERCENT)   MM
AVERAGE SKY COVER           0.40
NUMBER OF DAYS FAIR           44
NUMBER OF DAYS PC             26
NUMBER OF DAYS CLOUDY         22

AVERAGE RH (PERCENT)     64

-  INDICATES NEGATIVE NUMBERS.
R  INDICATES RECORD WAS SET OR TIED.
MM INDICATES DATA IS MISSING.
T  INDICATES TRACE AMOUNT.

$$
