000
CXUS51 KRLX 020930 RRA
CLSHTS

CLIMATE REPORT
NATIONAL WEATHER SERVICE CHARLESTON WV
428 AM EST SUN DEC 2 2018

...................................

...THE HUNTINGTON WV CLIMATE SUMMARY FOR THE SEASON, FROM
9/1/2018 TO 11/30/2018...

CLIMATE NORMAL PERIOD 1981 TO 2010
CLIMATE RECORD PERIOD 1897 TO 2018

WEATHER         OBSERVED          NORMAL  DEPART  LAST YEAR`S
                 VALUE   DATE(S)  VALUE   FROM    VALUE
                                          NORMAL
.............................................................
TEMPERATURE (F)
RECORD
 HIGH             104   09/03/1953
                        09/02/1953
 LOW                4   11/30/1929
HIGHEST            94   09/04                         90
LOWEST             21   11/29                         21
                        11/11
                        11/28
AVG. MAXIMUM     66.5              67.9    -1.4     69.3
AVG. MINIMUM     49.5              46.1     3.4     47.4
MEAN             58.0              57.0     1.0     58.3
DAYS MAX >= 90      5               2.1     2.9        3
DAYS MAX <= 32      2               0.2     1.8        0
DAYS MIN <= 32     16              12.8     3.2       15
DAYS MIN <= 0       0               0.0     0.0        0

PRECIPITATION (INCHES)
RECORD
 MAXIMUM        17.93   2004
 MINIMUM         1.86   1904
TOTALS          17.38              9.03    8.35     9.74
DAILY AVG.       0.19              0.10    0.09     0.10
DAYS >= .01        48              28.2    19.8       23
DAYS >= .10        28              17.2    10.8       16
DAYS >= .50        10               6.2     3.8        7
DAYS >= 1.00        4               2.0     2.0        4
GREATEST
 24 HR. TOTAL    3.83   MM

SNOWFALL (INCHES)
RECORDS
 TOTAL           20.9   1950
 24 HR TOTAL     11.0   11/24/1950 TO 11/24/1950
TOTALS            0.8               0.8     0.0      0.0
SINCE 7/1         0.8               0.8     0.0      0.0
DAYS >= TRACE       4               0.9     3.1        0
DAYS >= 1.0         0               0.2    -0.2        0
GREATEST
 24 HR TOTAL      0.8   MM

DEGREE_DAYS
HEATING TOTAL     972               885      87      772
 SINCE 7/1        972               887      85      772
COOLING TOTAL     364               157     207      189
 SINCE 1/1       1635              1134     501     1191
..............................................................

WIND (MPH)
AVERAGE WIND SPEED              5.0
HIGHEST WIND SPEED/DIRECTION    35/320    DATE  10/20
HIGHEST GUST SPEED/DIRECTION    50/320    DATE  10/20

SKY COVER
POSSIBLE SUNSHINE (PERCENT)   MM
AVERAGE SKY COVER           0.50
NUMBER OF DAYS FAIR           40
NUMBER OF DAYS PC             22
NUMBER OF DAYS CLOUDY         29

AVERAGE RH (PERCENT)     75

WEATHER CONDITIONS. NUMBER OF DAYS WITH
  0
 26
  0
  0
  1
  0
 15
HAZE                     20

-  INDICATES NEGATIVE NUMBERS.
R  INDICATES RECORD WAS SET OR TIED.
MM INDICATES DATA IS MISSING.
T  INDICATES TRACE AMOUNT.

$$
