000
CXUS53 KILX 012050 CCA
CLSILX

CLIMATE REPORT
NATIONAL WEATHER SERVICE LINCOLN IL
1037 AM CST FRI MAR 1 2019

...................................

...THE LINCOLN IL CLIMATE SUMMARY FOR THE WINTER SEASON,
FROM 12/1/2018 TO 2/28/2019...

CLIMATE NORMAL PERIOD 1981 TO 2010
CLIMATE RECORD PERIOD 1905 TO 2019

WEATHER         OBSERVED          NORMAL  DEPART  LAST YEAR`S
                 VALUE   DATE(S)  VALUE   FROM    VALUE
                                          NORMAL
.............................................................
TEMPERATURE (F)
RECORD
 HIGH              75   02/27/1996
 LOW              -34   01/15/1927
HIGHEST            62   12/01        MM      MM       66
LOWEST            -19   01/30        MM      MM      -15
AVG. MAXIMUM     36.8              36.5     0.3     37.3
AVG. MINIMUM     20.2              20.5    -0.3     18.1
MEAN             28.5              28.5     0.0     27.7
DAYS MAX >= 90      0               0.0     0.0        0
DAYS MAX <= 32     31              30.7     0.3       31
DAYS MIN <= 32     80              74.7     5.3       77
DAYS MIN <= 0       9               5.7     3.3       16

PRECIPITATION (INCHES)
RECORD
 MAXIMUM        15.57   1949
 MINIMUM         1.46   1919
TOTALS          10.59              6.39    4.20     5.98
DAILY AVG.       0.12                               0.07
DAYS >= .01        34              25.9     8.1       26
DAYS >= .10        21              14.2     6.8       11
DAYS >= .50         7               3.7     3.3        3
DAYS >= 1.00        3               1.1     1.9        1
GREATEST
 24 HR. TOTAL    1.51   12/01 TO 12/01              2.42

SNOWFALL (INCHES)
RECORDS
 TOTAL           41.1   2014
 24 HR TOTAL     13.0   02/23/1914 TO 02/23/1914
TOTALS           22.4              17.9     4.5      9.9
DAYS >= TRACE      29              12.5    16.5       33
DAYS >= 1.0         6               5.8     0.2        3
GREATEST
 SNOW DEPTH        10   01/13                          4
 24 HR TOTAL     10.3   MM                           3.1

DEGREE_DAYS
HEATING TOTAL    3266              3279     -13     3347
 SINCE 7/1         MM              4423      MM       MM
COOLING TOTAL       0                 0       0        0
 SINCE 1/1          0                 0       0        0

FREEZE DATES
RECORD
 EARLIEST     09/11/1917
 LATEST       05/29/1925
EARLIEST                        10/12
LATEST                          04/18
..............................................................

SKY COVER
POSSIBLE SUNSHINE (PERCENT)   MM


WEATHER CONDITIONS. NUMBER OF DAYS WITH
THUNDERSTORM              4     MIXED PRECIP               2
HEAVY RAIN                4     RAIN                       8
LIGHT RAIN               28     FREEZING RAIN              0
LT FREEZING RAIN         13     HAIL                       0
HEAVY SNOW                1     SNOW                       1
LIGHT SNOW               27     SLEET                      0
FOG                      40     FOG W/VIS <= 1/4 MILE      8
HAZE                      0

-  INDICATES NEGATIVE NUMBERS.
R  INDICATES RECORD WAS SET OR TIED.
MM INDICATES DATA IS MISSING.
T  INDICATES TRACE AMOUNT.

&&

LINCOLN HAD 5TH WETTEST WINTER SEASON WITH 10.59 INCHES OF PRECIPITATION.
LINCOLN HAD 7TH WETTEST DECEMBER WITH 4.91 INCHES OF PRECIPITATION.
LINCOLN HAD 2ND SNOWIEST JANUARY ON RECORD WITH 19.1 INCHES OF SNOW.

$$
