000
CXUS53 KILX 020047
CLSILX

CLIMATE REPORT
NATIONAL WEATHER SERVICE LINCOLN IL
746 PM CDT SAT JUN 1 2019

...................................

...THE LINCOLN IL CLIMATE SUMMARY FOR THE SEASON, FROM
3/1/2019 TO 5/31/2019...

CLIMATE NORMAL PERIOD 1981 TO 2010
CLIMATE RECORD PERIOD 1905 TO 2019

WEATHER         OBSERVED          NORMAL  DEPART  LAST YEAR`S
                 VALUE   DATE(S)  VALUE   FROM    VALUE
                                          NORMAL
.............................................................
TEMPERATURE (F)
RECORD
 HIGH             102   05/31/1934
 LOW              -14   03/10/1934
HIGHEST            88   05/24        MM      MM       94
                        05/16
LOWEST             -3   03/04        MM      MM       -1
AVG. MAXIMUM     61.1              63.1    -2.0     62.6
AVG. MINIMUM     41.1              41.3    -0.2     39.7
MEAN             51.1              52.2    -1.1     51.1
DAYS MAX >= 90      0               0.7    -0.7        2
DAYS MAX <= 32      4               1.8     2.2        1
DAYS MIN <= 32     25              21.7     3.3       37
DAYS MIN <= 0       1               0.0     1.0        1

PRECIPITATION (INCHES)
RECORD
 MAXIMUM        19.75   1995
 MINIMUM         4.03   2005
TOTALS          17.72             10.37    7.35     9.74
DAILY AVG.       0.19                               0.11
DAYS >= .01        43              33.6     9.4       27
DAYS >= .10        37              21.1    15.9       19
DAYS >= .50        14               6.6     7.4        5
DAYS >= 1.00        4               2.1     1.9        2
GREATEST
 24 HR. TOTAL    1.68   04/30                       1.85

SNOWFALL (INCHES)
RECORDS
 TOTAL           21.0   1934
 24 HR TOTAL     10.8   03/24/2013
TOTALS            4.4               2.0     2.4      7.4
DAYS >= TRACE       9               1.8     7.2       15
DAYS >= 1.0         3               0.8     2.2        2
GREATEST
 SNOW DEPTH         1   03/06                          5
                        03/05
                        03/04
 24 HR TOTAL      2.0   03/03                        4.7

DEGREE_DAYS
HEATING TOTAL    1354              1269      85     1431
 SINCE 7/1       5975              5691     284     1449
COOLING TOTAL      99                91       8      213
 SINCE 1/1         99                91       8      213

FREEZE DATES
RECORD
 EARLIEST     09/11/1917
 LATEST       05/29/1925
EARLIEST                        10/12
LATEST                          04/18
..............................................................

SKY COVER
POSSIBLE SUNSHINE (PERCENT)   MM

WEATHER CONDITIONS. NUMBER OF DAYS WITH
THUNDERSTORM             18     MIXED PRECIP               0
HEAVY RAIN               14     RAIN                      29
LIGHT RAIN               57     FREEZING RAIN              0
LT FREEZING RAIN          0     HAIL                       0
HEAVY SNOW                0     SNOW                       2
LIGHT SNOW                9     SLEET                      0
FOG                      15     FOG W/VIS <= 1/4 MILE      1
HAZE                      1

-  INDICATES NEGATIVE NUMBERS.
R  INDICATES RECORD WAS SET OR TIED.
MM INDICATES DATA IS MISSING.
T  INDICATES TRACE AMOUNT.

&&

RECORDS SET DURING THE SEASON:

* TIED FOR 2ND WETTEST SPRING SEASON ON RECORD

$$
GEELHART
