000
CXUS53 KILX 050659 CCA
CLSILX

CLIMATE REPORT...CORRECTED
NATIONAL WEATHER SERVICE LINCOLN IL
1258 AM CST WED DEC 5 2018

ADDED DATES OF 24-HOUR PRECIPITATION/SNOW
ADDED SEASONAL HEATING DEGREE DAYS

...................................

...THE LINCOLN IL CLIMATE SUMMARY FOR THE FALL SEASON, FROM
9/1/2018 TO 11/30/2018...

CLIMATE NORMAL PERIOD 1981 TO 2010
CLIMATE RECORD PERIOD 1905 TO 2018

WEATHER         OBSERVED          NORMAL  DEPART  LAST YEAR`S
                 VALUE   DATE(S)  VALUE   FROM    VALUE
                                          NORMAL
.............................................................
TEMPERATURE (F)
RECORD
 HIGH             104   09/06/1954
 LOW               -3   11/30/1964
                        11/28/1930
HIGHEST            94   09/20        MM      MM       94
LOWEST             11   11/28        MM      MM       18
AVG. MAXIMUM     63.0              65.0    -2.0     66.9
AVG. MINIMUM     42.4              42.8    -0.4     43.6
MEAN             52.7              53.9    -1.2     55.3
DAYS MAX >= 90     11               2.1     8.9        7
DAYS MAX <= 32      5               1.4     3.6        0
DAYS MIN <= 32     31              19.4    11.6       21
DAYS MIN <= 0       0               0.0     0.0        0

PRECIPITATION (INCHES)
RECORD
 MAXIMUM        22.14   1926
 MINIMUM         1.93   1908
TOTALS          10.89              9.54    1.35     7.88
DAILY AVG.       0.12                               0.08
DAYS >= .01        33              27.2     5.8       24
DAYS >= .10        20              17.7     2.3       11
DAYS >= .50         5               7.1    -2.1        5
DAYS >= 1.00        2               2.2    -0.2        2
GREATEST
 24 HR. TOTAL    2.12   10/07                       1.72

SNOWFALL (INCHES)
RECORDS
 TOTAL           10.0   1926
 24 HR TOTAL      7.0   11/17/1926
TOTALS            7.1               0.6     6.5        T
DAYS >= TRACE      12               0.5    11.5        2
DAYS >= 1.0         2               0.2     1.8        0
GREATEST
 SNOW DEPTH         3   11/16                          0
                        11/15
 24 HR TOTAL      3.9   11/15                          T

DEGREE_DAYS
HEATING TOTAL    1348              1134     214     1047
 SINCE 7/1       1355              1143     212     1053
COOLING TOTAL     247               128     119      185
 SINCE 1/1       1228              1017     211      984

FREEZE DATES
RECORD
 EARLIEST     09/11/1917
 LATEST       05/29/1925
EARLIEST                        10/12
LATEST                          04/18
..............................................................

SKY COVER
POSSIBLE SUNSHINE (PERCENT)   MM


WEATHER CONDITIONS. NUMBER OF DAYS WITH
THUNDERSTORM              4     MIXED PRECIP               0
HEAVY RAIN                6     RAIN                      13
LIGHT RAIN               37     FREEZING RAIN              0
LT FREEZING RAIN          0     HAIL                       0
HEAVY SNOW                0     SNOW                       0
LIGHT SNOW               11     SLEET                      0
FOG                      23     FOG W/VIS <= 1/4 MILE      1
HAZE                      1

-  INDICATES NEGATIVE NUMBERS.
R  INDICATES RECORD WAS SET OR TIED.
MM INDICATES DATA IS MISSING.
T  INDICATES TRACE AMOUNT.

&&

* 4TH WETTEST OCTOBER WITH 6.11 INCHES OF PRECIPITATION
* 3RD COLDEST NOVEMBER WITH AVERAGE TEMPERATURE OF 34.7F

$$
