000
CXUS53 KDVN 011048
CLSIOW


CLIMATE REPORT
NATIONAL WEATHER SERVICE QUAD CITIES IA IL
545 AM CDT SAT JUN 1 2019

...................................

...THE IOWA CITY IA CLIMATE SUMMARY FOR THE SEASON, FROM
3/1/2019 TO 5/31/2019...

CLIMATE NORMAL PERIOD 1981 TO 2010
CLIMATE RECORD PERIOD 9999 TO 9999

WEATHER         OBSERVED          NORMAL  DEPART
                 VALUE   DATE(S)  VALUE   FROM
                                          NORMAL
................................................
TEMPERATURE (F)
HIGHEST            91   05/16        77      14
LOWEST             -4   03/04        23     -27
AVG. MAXIMUM     58.4              60.6    -2.2
AVG. MINIMUM     38.3              40.1    -1.8
MEAN             48.3              50.3    -2.0
DAYS MAX >= 90      1
DAYS MAX <= 32      6
DAYS MIN <= 32     29
DAYS MIN <= 0       2

PRECIPITATION (INCHES)
TOTALS          16.15              9.93    6.22
DAILY AVG.       0.18              0.11    0.07
DAYS >= .01        43
DAYS >= .10        27
DAYS >= .50        13
DAYS >= 1.00        3
GREATEST
 24 HR. TOTAL    2.49   05/28 TO 05/29

DEGREE_DAYS
HEATING TOTAL    1562              1411     151
 SINCE 7/1       6778              6361     417
COOLING TOTAL      46                61     -15
 SINCE 1/1         46                61     -15
.................................................

WIND (MPH)
AVERAGE WIND SPEED              8.9
HIGHEST WIND SPEED/DIRECTION    44/270    DATE  05/16
HIGHEST GUST SPEED/DIRECTION    62/270    DATE  05/16

SKY COVER
POSSIBLE SUNSHINE (PERCENT)   MM
AVERAGE SKY COVER           0.50
NUMBER OF DAYS FAIR           30
NUMBER OF DAYS PC             37
NUMBER OF DAYS CLOUDY         25

AVERAGE RH (PERCENT)     70

WEATHER CONDITIONS. NUMBER OF DAYS WITH
THUNDERSTORM             18     HAIL                       0
SLEET                     0     FOG                       45
FOG W/VIS <= 1/4 MILE     3     HAZE                       8


-  INDICATES NEGATIVE NUMBERS.
R  INDICATES RECORD WAS SET OR TIED.
MM INDICATES DATA IS MISSING.
T  INDICATES TRACE AMOUNT.

$$
