000
CXUS51 KCTP 121750
CLSIPT

CLIMATE REPORT
NATIONAL WEATHER SERVICE STATE COLLEGE PA
143 PM EDT TUE MAR 12 2019

...................................

...THE WILLIAMSPORT PA CLIMATE SUMMARY FOR THE SEASON, FROM
12/1/2018 TO 2/28/2019...

CLIMATE NORMAL PERIOD 1981 TO 2010
CLIMATE RECORD PERIOD 1895 TO 2019

WEATHER         OBSERVED          NORMAL  DEPART  LAST YEAR`S
                 VALUE   DATE(S)  VALUE   FROM    VALUE  DATE(S)
                                          NORMAL
................................................................
TEMPERATURE (F)
RECORD
 HIGH              76   02/24/2017
 LOW              -20   01/21/1994

HIGHEST            64   12/21         0      64       69  02/21
LOWEST             -6   01/31         0      -6       -4  01/07
AVG. MAXIMUM     38.6              36.7     1.9     39.1
AVG. MINIMUM     24.2              21.7     2.5     22.6
MEAN             31.4              29.2     2.2     30.8
DAYS MAX >= 90      0               0.0     0.0        0
DAYS MAX <= 32     16              26.9   -10.9       27
DAYS MIN <= 32     71              76.8    -5.8       70
DAYS MIN <= 0       4               2.2     1.8        1

PRECIPITATION (INCHES)
RECORD
 MAXIMUM        14.86   1914
 MINIMUM         3.55   1979

TOTALS          13.46              7.97    5.49     8.98
DAILY AVG.       0.15              0.09    0.06     0.10
DAYS >= .01        42              31.5    10.5       37
DAYS >= .10        22              16.4     5.6       20
DAYS >= .50        11               5.2     5.8        5
DAYS >= 1.00        2               1.3     0.7        1
GREATEST
 24 HR. TOTAL    1.97   MM
 STORM TOTAL       MM
 (MM/DD(HH))            MM

SNOWFALL (INCHES)
RECORDS
 TOTAL           74.0   1963
 24 HR TOTAL       MM
 SNOW DEPTH        MM   MM

TOTALS           17.2              26.2    -9.0     18.9
 LIQUID EQUIV    1.72              0.00    1.72     1.89
SINCE 7/1        27.8              28.0    -0.2     19.0
 LIQUID 7/1      2.78              2.80   -0.02     1.90
SNOWDEPTH AVG.      1                MM      MM        1
DAYS >= TRACE      32              18.3    13.7       27
DAYS >= 1.0         4               7.6    -3.6        8
GREATEST
 SNOW DEPTH         6   01/23                          5  02/08
                        01/21
                        01/22
 24 HR TOTAL      6.1   MM


 STORM TOTAL       MM                                 MM
 (MM/DD(HH))            MM



DEGREE_DAYS
HEATING TOTAL    3003              3221    -218     3066
 SINCE 7/1         MM              4467      MM       MM
COOLING TOTAL       0                 0       0        0
 SINCE 1/1          0                 0       0        0

FREEZE DATES
RECORD
 EARLIEST     09/22/1904
 LATEST       05/25/1956
EARLIEST                        09/22
LATEST                          05/25
.................................................................

WIND (MPH)
AVERAGE WIND SPEED              6.9
RESULTANT WIND SPEED/DIRECTION   3/297
HIGHEST WIND SPEED/DIRECTION    37/270    DATE  02/24
HIGHEST GUST SPEED/DIRECTION    50/260    DATE  02/24

SKY COVER
POSSIBLE SUNSHINE (PERCENT)   MM
AVERAGE SKY COVER           0.60
NUMBER OF DAYS FAIR           19
NUMBER OF DAYS PC             33
NUMBER OF DAYS CLOUDY         38

AVERAGE RH (PERCENT)     68

WEATHER CONDITIONS. NUMBER OF DAYS WITH
THUNDERSTORM              1     MIXED PRECIP                0
HEAVY RAIN                5     RAIN                       15
LIGHT RAIN               36     FREEZING RAIN               2
LT FREEZING RAIN          7     HAIL                        0
HEAVY SNOW                3     SNOW                        5
LIGHT SNOW               32     SLEET                       3
FOG                      52     FOG W/VIS <= 1/4 MILE       8
HAZE                     25

-  INDICATES NEGATIVE NUMBERS.
R  INDICATES RECORD WAS SET OR TIED.
MM INDICATES DATA IS MISSING.
T  INDICATES TRACE AMOUNT.

$$

LA CORTE
