000
CXUS51 KCTP 022342
CLSIPT

CLIMATE REPORT
NATIONAL WEATHER SERVICE STATE COLLEGE PA
709 PM EDT SUN JUN 2 2019

...................................

...THE WILLIAMSPORT PA CLIMATE SUMMARY FOR THE SEASON, FROM
3/1/2019 TO 5/31/2019...

CLIMATE NORMAL PERIOD 1981 TO 2010
CLIMATE RECORD PERIOD 1895 TO 2019

WEATHER         OBSERVED          NORMAL  DEPART  LAST YEAR`S
                 VALUE   DATE(S)  VALUE   FROM    VALUE  DATE(S)
                                          NORMAL
................................................................
TEMPERATURE (F)
RECORD
 HIGH              96   05/20/1996
                        05/19/1996
                        05/23/1925
 LOW               -5   03/18/1916
HIGHEST            82   05/26         0      82       91  05/26
                        05/20
LOWEST              6   03/07         0       6       20  03/25
AVG. MAXIMUM     60.9              60.1     0.8     59.3
AVG. MINIMUM     40.5              38.5     2.0     39.6

MEAN             50.7              49.3     1.4     49.4
DAYS MAX >= 90      0               1.6    -1.6        3
DAYS MAX <= 32      2               1.9     0.1        0
DAYS MIN <= 32     28              27.0     1.0       36
DAYS MIN <= 0       0               0.1    -0.1        0

PRECIPITATION (INCHES)
RECORD
 MAXIMUM        23.75   2011
 MINIMUM         4.92   2016

TOTALS          12.33              9.87    2.46    13.72
DAILY AVG.       0.14              0.11    0.03     0.15
DAYS >= .01        43              36.4     6.6       42
DAYS >= .10        26              21.4     4.6       24
DAYS >= .50         8               6.5     1.5        8
DAYS >= 1.00        4               1.8     2.2        4
GREATEST
 24 HR. TOTAL    1.66   MM
 STORM TOTAL       MM
 (MM/DD(HH))            MM

SNOWFALL (INCHES)
RECORDS
 TOTAL           37.1   1915
 24 HR TOTAL       MM
 SNOW DEPTH        MM   MM

TOTALS            4.6               8.0    -3.4      7.8
 LIQUID EQUIV    0.46              0.00    0.46     0.78
SINCE 7/1        32.4              36.0    -3.6     26.8
 LIQUID 7/1      3.24              3.60   -0.36     2.68
SNOWDEPTH AVG.      0                MM      MM        0
DAYS >= TRACE      11               4.2     6.8       22
DAYS >= 1.0         1               1.9    -0.9        2
GREATEST
 SNOW DEPTH         4   03/04                          5  04/02
 24 HR TOTAL      3.6   MM
 STORM TOTAL       MM
 (MM/DD(HH))            MM

DEGREE_DAYS
HEATING TOTAL    1345              1490    -145     1503
 SINCE 7/1         MM              5958      MM       MM
COOLING TOTAL      52                44       8      101
 SINCE 1/1         52                43       9      101

FREEZE DATES
RECORD
 EARLIEST     09/22/1904
 LATEST       05/25/1956
EARLIEST                        09/22
LATEST                          05/25
.................................................................

WIND (MPH)
AVERAGE WIND SPEED              6.8
RESULTANT WIND SPEED/DIRECTION   1/288
HIGHEST WIND SPEED/DIRECTION    35/290    DATE  04/03
HIGHEST GUST SPEED/DIRECTION    48/280    DATE  04/03

SKY COVER
POSSIBLE SUNSHINE (PERCENT)   MM
AVERAGE SKY COVER           0.50
NUMBER OF DAYS FAIR           32
NUMBER OF DAYS PC             32
NUMBER OF DAYS CLOUDY         28

AVERAGE RH (PERCENT)     63

WEATHER CONDITIONS. NUMBER OF DAYS WITH
THUNDERSTORM             13     MIXED PRECIP                0
HEAVY RAIN               15     RAIN                       27
LIGHT RAIN               45     FREEZING RAIN               1
LT FREEZING RAIN          3     HAIL                        0
HEAVY SNOW                0     SNOW                        1
LIGHT SNOW               10     SLEET                       1
FOG                      46     FOG W/VIS <= 1/4 MILE       5
HAZE                     14


-  INDICATES NEGATIVE NUMBERS.
R  INDICATES RECORD WAS SET OR TIED.
MM INDICATES DATA IS MISSING.
T  INDICATES TRACE AMOUNT.

$$

LA CORTE
