000
CXUS53 KEAX 010713 RRB
CLSIRK

CLIMATE REPORT
NATIONAL WEATHER SERVICE KANSAS CITY/PLEASANT HILL MO
207 AM CDT SAT SEP 1 2018

...................................

...THE KIRKSVILLE CLIMATE SUMMARY FOR THE SEASON, FROM
6/1/2018 TO 8/31/2018...

CLIMATE NORMAL PERIOD 1981 TO 2010
CLIMATE RECORD PERIOD 9999 TO 9999

WEATHER         OBSERVED          NORMAL  DEPART  LAST YEAR`S
                 VALUE   DATE(S)  VALUE   FROM    VALUE  DATE(S)
                                          NORMAL
................................................................
TEMPERATURE (F)
HIGHEST            96   07/13        95       1       96  07/22
                        07/10                             07/21
                        07/12
LOWEST             49   06/04        48       1       48  06/26
                                                          06/08
AVG. MAXIMUM     87.6              83.6     4.0     85.8
AVG. MINIMUM     64.8              62.9     1.9     61.7
MEAN             76.2              73.2     3.0     73.7
DAYS MAX >= 90     40              17.6    22.4       25
DAYS MAX <= 32      0               0.0     0.0        0
DAYS MIN <= 32      0               0.0     0.0        0
DAYS MIN <= 0       0               0.0     0.0        0

PRECIPITATION (INCHES)
TOTALS          16.12             13.26    2.86    10.85
DAILY AVG.       0.18              0.14    0.04     0.12
DAYS >= .01        29              33.4    -4.4       18
DAYS >= .10        21              21.4    -0.4       16
DAYS >= .50         9              10.2    -1.2        8
DAYS >= 1.00        4               3.8     0.2        3
GREATEST
 24 HR. TOTAL    3.49   MM

DEGREE_DAYS
HEATING TOTAL       1                24     -23        8
COOLING TOTAL    1061               782     279      833
.................................................................

WIND (MPH)
AVERAGE WIND SPEED              7.0
HIGHEST WIND SPEED/DIRECTION    35/010    DATE  06/14
HIGHEST GUST SPEED/DIRECTION    53/030    DATE  06/14

SKY COVER
POSSIBLE SUNSHINE (PERCENT)   MM
AVERAGE SKY COVER           0.20
NUMBER OF DAYS FAIR           69
NUMBER OF DAYS PC             20
NUMBER OF DAYS CLOUDY          3

AVERAGE RH (PERCENT)     73

WEATHER CONDITIONS. NUMBER OF DAYS WITH
  0
 13
  0
  0
  0
  0
  6
HAZE                      7

-  INDICATES NEGATIVE NUMBERS.
R  INDICATES RECORD WAS SET OR TIED.
MM INDICATES DATA IS MISSING.
T  INDICATES TRACE AMOUNT.

$$
