000
CXUS53 KEAX 011401
CLSIRK

CLIMATE REPORT
NATIONAL WEATHER SERVICE KANSAS CITY/PLEASANT HILL MO
853 AM CDT SAT JUN 1 2019

...................................

...THE KIRKSVILLE CLIMATE SUMMARY FOR THE SEASON, FROM
3/1/2019 TO 5/31/2019...

CLIMATE NORMAL PERIOD 1981 TO 2010
CLIMATE RECORD PERIOD 9999 TO 9999

WEATHER         OBSERVED          NORMAL  DEPART  LAST YEAR`S
                 VALUE   DATE(S)  VALUE   FROM    VALUE  DATE(S)
                                          NORMAL
................................................................
TEMPERATURE (F)
HIGHEST            89   05/16        85       4       97  05/27
LOWEST             -4   03/04        11     -15        5  04/02
AVG. MAXIMUM     61.0              62.0    -1.0     63.1
AVG. MINIMUM     40.6              41.0    -0.4     40.6
MEAN             50.8              51.5    -0.7     51.8
DAYS MAX >= 90      0               0.1    -0.1        5
DAYS MAX <= 32      5               2.3     2.7        1
DAYS MIN <= 32     23              24.4    -1.4       35
DAYS MIN <= 0       1               0.2     0.8        0

PRECIPITATION (INCHES)
TOTALS          23.42             11.35   12.07     5.83
DAILY AVG.       0.26              0.12    0.14     0.06
DAYS >= .01        42              32.7     9.3       29
DAYS >= .10        32              20.5    11.5       12
DAYS >= .50        15               7.3     7.7        3
DAYS >= 1.00        9               2.7     6.3        0
GREATEST
 24 HR. TOTAL    2.61   MM

DEGREE_DAYS
HEATING TOTAL    1288              1307     -19     1393
COOLING TOTAL      80                63      17      195
.................................................................

WIND (MPH)
AVERAGE WIND SPEED              9.5
HIGHEST WIND SPEED/DIRECTION    37/220    DATE  03/14
HIGHEST GUST SPEED/DIRECTION    54/230    DATE  03/14

SKY COVER
POSSIBLE SUNSHINE (PERCENT)   MM
AVERAGE SKY COVER           0.40
NUMBER OF DAYS FAIR           40
NUMBER OF DAYS PC             30
NUMBER OF DAYS CLOUDY         22

AVERAGE RH (PERCENT)     72

-  INDICATES NEGATIVE NUMBERS.
R  INDICATES RECORD WAS SET OR TIED.
MM INDICATES DATA IS MISSING.
T  INDICATES TRACE AMOUNT.

$$
