000
CXUS53 KBIS 011444
CLSISN

CLIMATE REPORT
NATIONAL WEATHER SERVICE BISMARCK ND
830 AM CST SAT DEC 1 2018

...................................

...THE WILLISTON ND CLIMATE SUMMARY FOR THE SEASON, FROM
9/1/2018 TO 11/30/2018...

CLIMATE NORMAL PERIOD 1981 TO 2010
CLIMATE RECORD PERIOD 1894 TO 2018

WEATHER         OBSERVED          NORMAL  DEPART  LAST YEAR`S
                 VALUE   DATE(S)  VALUE   FROM    VALUE  DATE(S)
                                          NORMAL
................................................................
TEMPERATURE (F)
RECORD
 HIGH             104   09/01/1983
 LOW              -27   11/24/1996
HIGHEST            90   09/08        MM      MM       94  09/09
                        09/03
LOWEST             -8   11/09        MM      MM       -8  11/09
AVG. MAXIMUM     51.8              55.2    -3.4     56.2
AVG. MINIMUM     29.6              29.4     0.2     30.3
MEAN             40.7              42.3    -1.6     43.2
DAYS MAX >= 90      2               2.1    -0.1        1
DAYS MAX <= 32     11              10.7     0.3       12
DAYS MIN <= 32     53              48.6     4.4       47
DAYS MIN <= 0       1               3.0    -2.0        2

PRECIPITATION (INCHES)
RECORD
 MAXIMUM         5.10   2008
 MINIMUM         1.56   2009
TOTALS           3.16              2.63    0.53     2.52
DAILY AVG.       0.03              0.03    0.00     0.03
DAYS >= .01        27              20.4     6.6       17
DAYS >= .10         8               7.0     1.0        6
DAYS >= .50         1               1.0     0.0        1
DAYS >= 1.00        0               0.3    -0.3        1
GREATEST
 24 HR. TOTAL    0.94   MM

SNOWFALL (INCHES)
RECORDS
 TOTAL           19.2   2010
TOTALS             MM               8.9

DEGREE_DAYS
HEATING TOTAL    2215
COOLING TOTAL      23
.................................................................

WIND (MPH)
HIGHEST WIND SPEED/DIRECTION    32/310    DATE  09/25
HIGHEST GUST SPEED/DIRECTION    46/330    DATE  10/27



-  INDICATES NEGATIVE NUMBERS.
R  INDICATES RECORD WAS SET OR TIED.
MM INDICATES DATA IS MISSING.
T  INDICATES TRACE AMOUNT.

$$
