000
CXUS54 KJAN 030150
CLSJAN


CLIMATE REPORT
NATIONAL WEATHER SERVICE JACKSON MS
841 PM CDT SUN JUN 2 2019

...................................

...THE JACKSON CLIMATE SUMMARY FOR THE SEASON, FROM
3/1/2019 TO 5/31/2019...

CLIMATE NORMAL PERIOD 1981 TO 2010
CLIMATE RECORD PERIOD 1896 TO 2019

WEATHER         OBSERVED          NORMAL  DEPART  LAST YEAR`S
                 VALUE   DATE(S)  VALUE   FROM    VALUE  DATE(S)
                                          NORMAL
................................................................
TEMPERATURE (F)
RECORD
 HIGH             100   05/28/1911
 LOW               15   03/03/1980
HIGHEST            92   05/26        MM      MM       94  05/15
LOWEST             23   03/06        MM      MM       30  03/15
AVG. MAXIMUM     76.7              75.9     0.8     77.2
AVG. MINIMUM     53.8              53.0     0.8     53.1
MEAN             65.2              64.4     0.8     65.2
DAYS MAX >= 90     10               2.8     7.2       11
DAYS MAX <= 32      0               0.0     0.0        0
DAYS MIN <= 32      4               3.1     0.9        2
DAYS MIN <= 0       0               0.0     0.0        0

PRECIPITATION (INCHES)
RECORD
 MAXIMUM        34.50   1980
 MINIMUM         4.81   1992
TOTALS          19.60             14.38    5.22    25.79
DAILY AVG.       0.22              0.16    0.06     0.28
DAYS >= .01        26              26.2    -0.2       22
DAYS >= .10        20              18.3     1.7       19
DAYS >= .50        12               9.4     2.6       13
DAYS >= 1.00        6               4.8     1.2       11

SNOWFALL (INCHES)
RECORDS
 TOTAL            5.3   1968
TOTALS            0.0               0.1    -0.1      0.0
SINCE 7/1         0.3               0.8    -0.5      5.9
DAYS >= TRACE       0
DAYS >= 1.0         0               0.0     0.0        0

DEGREE_DAYS
HEATING TOTAL     384               399     -15      380
 SINCE 7/1       2095              2391    -296     2050
COOLING TOTAL     428               348      80      423
 SINCE 1/1        456               358      98      488

FREEZE DATES
RECORD
 EARLIEST     MM
 LATEST       MM
.................................................................

WIND (MPH)
AVERAGE WIND SPEED              7.2
HIGHEST WIND SPEED/DIRECTION    36/150    DATE  04/13
HIGHEST GUST SPEED/DIRECTION    46/150    DATE  04/13

SKY COVER
POSSIBLE SUNSHINE (PERCENT)   MM
AVERAGE SKY COVER           0.40

AVERAGE RH (PERCENT)     68

WEATHER CONDITIONS. NUMBER OF DAYS WITH
THUNDERSTORM             18     MIXED PRECIP               0
HEAVY RAIN               17     RAIN                      19
LIGHT RAIN               36     FREEZING RAIN              0
LT FREEZING RAIN          0     HAIL                       0
HEAVY SNOW                0     SNOW                       0
LIGHT SNOW                0     SLEET                      0
FOG                      37     FOG W/VIS <= 1/4 MILE      5
HAZE                      3

-  INDICATES NEGATIVE NUMBERS.
R  INDICATES RECORD WAS SET OR TIED.
MM INDICATES DATA IS MISSING.
T  INDICATES TRACE AMOUNT.

$$
