000
CXUS54 KJAN 222103
CLSJAN


CLIMATE REPORT
NATIONAL WEATHER SERVICE JACKSON MS
350 PM CDT FRI MAR 22 2019

...................................

...THE JACKSON CLIMATE SUMMARY FOR THE SEASON, FROM
12/1/2018 TO 2/28/2019...

CLIMATE NORMAL PERIOD 1981 TO 2010
CLIMATE RECORD PERIOD 1896 TO 2019

WEATHER         OBSERVED          NORMAL  DEPART  LAST YEAR`S
                 VALUE   DATE(S)  VALUE   FROM    VALUE  DATE(S)
                                          NORMAL
................................................................
TEMPERATURE (F)
RECORD
 HIGH              89   02/25/1918
 LOW               -5   01/27/1940
HIGHEST            83   02/23        MM      MM       86  02/22
                        02/07
LOWEST             22   12/11        MM      MM       10  01/17
AVG. MAXIMUM     61.6              58.2     3.4     61.1
AVG. MINIMUM     41.3              37.0     4.3     39.3
MEAN             51.5              47.6     3.9     50.2
DAYS MAX >= 90      0               0.0     0.0        0
DAYS MAX <= 32      0               1.0    -1.0        2
DAYS MIN <= 32     18              33.1   -15.1       32
DAYS MIN <= 0       0               0.0     0.0        0

PRECIPITATION (INCHES)
RECORD
 MAXIMUM        32.42   1983
 MINIMUM         4.95   1981
TOTALS          17.67             14.88    2.79    17.28
DAILY AVG.       0.19              0.17    0.02     0.20
DAYS >= .01        37              29.2     7.8       34
DAYS >= .10        22              20.3     1.7       22
DAYS >= .50         8              10.4    -2.4       12
DAYS >= 1.00        4               4.7    -0.7        6

SNOWFALL (INCHES)
RECORDS
 TOTAL           11.7   1904
TOTALS            0.3               0.7    -0.4      5.9
SINCE 7/1         0.3               0.7    -0.4      5.9
DAYS >= TRACE       3
DAYS >= 1.0         0               0.1    -0.1        1

DEGREE_DAYS
HEATING TOTAL    1243              1584    -341     1411
 SINCE 7/1       1711              1992    -281       MM
COOLING TOTAL      31                18      13       76
 SINCE 1/1         28                10      18       65

FREEZE DATES
RECORD
 EARLIEST     MM
 LATEST       MM
.................................................................

WIND (MPH)
AVERAGE WIND SPEED              7.3
HIGHEST WIND SPEED/DIRECTION    31/150    DATE  12/27
HIGHEST GUST SPEED/DIRECTION    42/150    DATE  12/27

SKY COVER
POSSIBLE SUNSHINE (PERCENT)   MM
AVERAGE SKY COVER           0.60

AVERAGE RH (PERCENT)     73

WEATHER CONDITIONS. NUMBER OF DAYS WITH
THUNDERSTORM              7     MIXED PRECIP               0
HEAVY RAIN               11     RAIN                      21
LIGHT RAIN               47     FREEZING RAIN              0
LT FREEZING RAIN          0     HAIL                       0
HEAVY SNOW                0     SNOW                       0
LIGHT SNOW                3     SLEET                      0
FOG                      56     FOG W/VIS <= 1/4 MILE     10
HAZE                     26

-  INDICATES NEGATIVE NUMBERS.
R  INDICATES RECORD WAS SET OR TIED.
MM INDICATES DATA IS MISSING.
T  INDICATES TRACE AMOUNT.

$$
