000
CXUS51 KOKX 011413 RRA
CLSJFK

CLIMATE REPORT
NATIONAL WEATHER SERVICE NEW YORK NY
911 AM EST FRI MAR 1 2019

...................................

...THE KENNEDY NY CLIMATE SUMMARY FOR THE SEASON, FROM
12/1/2018 TO 2/28/2019...

CLIMATE NORMAL PERIOD 1981 TO 2010
CLIMATE RECORD PERIOD 1948 TO 2019

WEATHER         OBSERVED          NORMAL  DEPART  LAST YEAR`S
                 VALUE   DATE(S)  VALUE   FROM    VALUE
                                          NORMAL
.............................................................
TEMPERATURE (F)
RECORD
 HIGH              75   12/07/1998
 LOW               -2   01/21/1985
                        02/08/1963
HIGHEST            60   02/05        MM      MM
LOWEST              3   01/31        MM      MM
AVG. MAXIMUM     42.4              41.6     0.8
AVG. MINIMUM     29.3              28.6     0.7
MEAN             35.8              35.1     0.7
DAYS MAX >= 90      0               0.0     0.0
DAYS MAX <= 32      7              13.4    -6.4
DAYS MIN <= 32     60              56.9     3.1
DAYS MIN <= 0       0               0.0     0.0

PRECIPITATION (INCHES)
RECORD
 MAXIMUM        18.20   1979
 MINIMUM         4.34   2002
TOTALS          14.33              9.14    5.19     9.42
DAILY AVG.       0.16              0.10    0.06
DAYS >= .01        33              30.7     2.3
DAYS >= .10        22              17.9     4.1
DAYS >= .50        11               6.2     4.8
DAYS >= 1.00        5               2.0     3.0
GREATEST
 24 HR. TOTAL    1.73   MM
 STORM TOTAL       MM
 (MM/DD(HH))            MM

SNOWFALL (INCHES)
RECORDS
 TOTAL           47.2   2010
 24 HR TOTAL     30.3   MM
TOTALS            3.8              19.3   -15.5
 LIQUID EQUIV    0.38              1.90   -1.52
SINCE 7/1         8.6              19.5   -10.9
 LIQUID 7/1      0.86
DAYS >= TRACE      15              10.8     4.2
DAYS >= 1.0         2               4.1    -2.1
GREATEST
 SNOW DEPTH         1   02/21
                        02/13
                        01/18
 24 HR TOTAL      1.8   MM
 STORM TOTAL       MM
 (MM/DD(HH))            MM

DEGREE_DAYS
HEATING TOTAL    2598              2687     -89
 SINCE 7/1         MM              3511      MM
COOLING TOTAL       0                 0       0
 SINCE 1/1          0                 0       0
..............................................................

WIND (MPH)
AVERAGE WIND SPEED              12.6
HIGHEST WIND SPEED/DIRECTION    44/270    DATE  02/25
HIGHEST GUST SPEED/DIRECTION    56/270    DATE  02/25

SKY COVER
POSSIBLE SUNSHINE (PERCENT)   MM
AVERAGE SKY COVER           0.60
NUMBER OF DAYS FAIR           10
NUMBER OF DAYS PC             43
NUMBER OF DAYS CLOUDY         37

AVERAGE RH (PERCENT)     66

WEATHER CONDITIONS. NUMBER OF DAYS WITH
  0
 21
  1
  1
  6
  2
 10
HAZE                      2

-  INDICATES NEGATIVE NUMBERS.
R  INDICATES RECORD WAS SET OR TIED.
MM INDICATES DATA IS MISSING.
T  INDICATES TRACE AMOUNT.

$$
