906
CXUS51 KOKX 011724
CLSJFK

CLIMATE REPORT
NATIONAL WEATHER SERVICE NEW YORK NY
112 PM EDT SAT JUN 1 2019

...................................

...THE KENNEDY NY CLIMATE SUMMARY FOR THE SEASON, FROM
3/1/2019 TO 5/31/2019...

CLIMATE NORMAL PERIOD 1981 TO 2010
CLIMATE RECORD PERIOD 1948 TO 2019

WEATHER         OBSERVED          NORMAL  DEPART  LAST YEAR`S
                 VALUE   DATE(S)  VALUE   FROM    VALUE
                                          NORMAL
.............................................................
TEMPERATURE (F)
RECORD
 HIGH              99   05/29/1969
 LOW                7   03/19/1967
HIGHEST            86   05/20        MM      MM
LOWEST             18   03/07        MM      MM
AVG. MAXIMUM     57.9              58.8    -0.9
AVG. MINIMUM     44.2              43.5     0.7
MEAN             51.1              51.2    -0.1
DAYS MAX >= 90      0               0.2    -0.2
DAYS MAX <= 32      1               0.8     0.2
DAYS MIN <= 32     16              11.8     4.2
DAYS MIN <= 0       0               0.0     0.0

PRECIPITATION (INCHES)
RECORD
 MAXIMUM        20.40   1984
 MINIMUM         6.34   2016
TOTALS          15.20             11.59    3.61    12.45
DAILY AVG.       0.17              0.13    0.04
DAYS >= .01        49              33.9    15.1
DAYS >= .10        30              20.6     9.4
DAYS >= .50        13               7.8     5.2
DAYS >= 1.00        4               3.1     0.9
GREATEST
 24 HR. TOTAL    1.52   MM
 STORM TOTAL       MM
 (MM/DD(HH))            MM

SNOWFALL (INCHES)
RECORDS
 TOTAL           16.5   2018
 24 HR TOTAL      9.0   03/13/1993 TO 03/13/1993
TOTALS            6.1               4.3     1.8
 LIQUID EQUIV    0.61              0.40    0.21
SINCE 7/1        14.7              23.8    -9.1
 LIQUID 7/1      1.47
DAYS >= TRACE       5               2.6     2.4
DAYS >= 1.0         2               1.2     0.8
GREATEST
 SNOW DEPTH         3   03/02
 24 HR TOTAL      3.2   MM
 STORM TOTAL       MM
 (MM/DD(HH))            MM

DEGREE_DAYS
HEATING TOTAL    1296              1307     -11
 SINCE 7/1         MM              4818      MM
COOLING TOTAL      37                35       2
 SINCE 1/1         37                35       2
..............................................................

WIND (MPH)
AVERAGE WIND SPEED              12.1
HIGHEST WIND SPEED/DIRECTION    39/270    DATE  04/27
HIGHEST GUST SPEED/DIRECTION    52/300    DATE  04/15

SKY COVER
POSSIBLE SUNSHINE (PERCENT)   MM
AVERAGE SKY COVER           0.70
NUMBER OF DAYS FAIR            6
NUMBER OF DAYS PC             40
NUMBER OF DAYS CLOUDY         46

AVERAGE RH (PERCENT)     70

WEATHER CONDITIONS. NUMBER OF DAYS WITH
  0
 24
  0
  0
  3
  4
 11
HAZE                      1

-  INDICATES NEGATIVE NUMBERS.
R  INDICATES RECORD WAS SET OR TIED.
MM INDICATES DATA IS MISSING.
T  INDICATES TRACE AMOUNT.

$$
