000
CXUS51 KOKX 031833
CLSJFK

CLIMATE REPORT
NATIONAL WEATHER SERVICE NEW YORK NY
130 PM EST MON DEC 3 2018

...................................

...THE KENNEDY NY CLIMATE SUMMARY FOR THE SEASON, FROM
9/1/2018 TO 11/30/2018...

CLIMATE NORMAL PERIOD 1981 TO 2010
CLIMATE RECORD PERIOD 1948 TO 2018

WEATHER         OBSERVED          NORMAL  DEPART  LAST YEAR`S
                 VALUE   DATE(S)  VALUE   FROM    VALUE
                                          NORMAL
.............................................................
TEMPERATURE (F)
RECORD
 HIGH              98   09/10/1983
 LOW               15   11/23/2018
HIGHEST            93   09/04        MM      MM
LOWEST             15R  11/23        MM      MM
AVG. MAXIMUM     63.8              64.7    -0.9
AVG. MINIMUM     51.5              50.4     1.1
MEAN             57.7              57.5     0.2
DAYS MAX >= 90      1               0.5     0.5
DAYS MAX <= 32      2               0.1     1.9
DAYS MIN <= 32      7               3.1     3.9
DAYS MIN <= 0       0               0.0     0.0

PRECIPITATION (INCHES)
RECORD
 MAXIMUM        21.18   2005
 MINIMUM         4.17   1965
TOTALS          17.11             10.42    6.69     8.21
DAILY AVG.       0.19              0.11    0.08
DAYS >= .01        41              26.0    15.0
DAYS >= .10        23              17.0     6.0
DAYS >= .50        14               7.3     6.7
DAYS >= 1.00        7               2.7     4.3
GREATEST
 24 HR. TOTAL    1.26   MM
 STORM TOTAL       MM
 (MM/DD(HH))            MM

SNOWFALL (INCHES)
RECORDS
 TOTAL            4.3   2012
 24 HR TOTAL       MM
                        10/28/2008 TO 10/28/2008
TOTALS            4.8R              0.2     4.6
 LIQUID EQUIV    0.48              0.00    0.48
SINCE 7/1         4.8               0.2     4.6
 LIQUID 7/1      0.48
DAYS >= TRACE       4               0.2     3.8
DAYS >= 1.0         1               0.1     0.9
GREATEST
 SNOW DEPTH         1   11/16
 24 HR TOTAL      4.8   MM
 STORM TOTAL       MM
 (MM/DD(HH))            MM

DEGREE_DAYS
HEATING TOTAL     893               824      69
 SINCE 7/1         MM               824      MM
COOLING TOTAL     250               144     106
 SINCE 1/1       1220              1005     215
..............................................................

WIND (MPH)
AVERAGE WIND SPEED              11.6
HIGHEST WIND SPEED/DIRECTION    39/330    DATE  11/25
HIGHEST GUST SPEED/DIRECTION    46/040    DATE  11/25

SKY COVER
POSSIBLE SUNSHINE (PERCENT)   MM
AVERAGE SKY COVER           0.70
NUMBER OF DAYS FAIR            7
NUMBER OF DAYS PC             35
NUMBER OF DAYS CLOUDY         49

AVERAGE RH (PERCENT)     77

WEATHER CONDITIONS. NUMBER OF DAYS WITH
  0
 19
  0
  0
  1
  1
  6
HAZE                      3

-  INDICATES NEGATIVE NUMBERS.
R  INDICATES RECORD WAS SET OR TIED.
MM INDICATES DATA IS MISSING.
T  INDICATES TRACE AMOUNT.

$$
