000
CXUS53 KJKL 011600
CLSJKL

CLIMATE REPORT
NATIONAL WEATHER SERVICE JACKSON KY
1200 PM EDT SAT JUN 1 2019

...................................

...THE JACKSON KY CLIMATE SUMMARY FOR THE SEASON, FROM
3/1/2019 TO 5/31/2019...

CLIMATE NORMAL PERIOD 1981 TO 2010
CLIMATE RECORD PERIOD 1981 TO 2019

WEATHER         OBSERVED          NORMAL  DEPART  LAST YEAR`S
                 VALUE   DATE(S)  VALUE   FROM    VALUE  DATE(S)
                                          NORMAL
................................................................
TEMPERATURE (F)
RECORD
 HIGH              92   04/27/1986
 LOW                7   03/09/1996
HIGHEST            89   05/24        MM      MM       89  05/15
LOWEST             13   03/06        MM      MM       23  03/14
                        03/05
AVG. MAXIMUM     68.1              66.7     1.4     66.5
AVG. MINIMUM     47.5              46.2     1.3     46.0
MEAN             57.8              56.4     1.4     56.2
DAYS MAX >= 90      0               0.2    -0.2        0
DAYS MAX <= 32      2               0.6     1.4        0
DAYS MIN <= 32     15              12.7     2.3       26
DAYS MIN <= 0       0               0.0     0.0        0

PRECIPITATION (INCHES)
RECORD
 MAXIMUM        21.63   2011
 MINIMUM         4.93   1986
TOTALS          10.10             13.15   -3.05    17.27
DAILY AVG.       0.11              0.14   -0.03     0.19
DAYS >= .01        31              40.2    -9.2       50
DAYS >= .10        23              26.4    -3.4       33
DAYS >= .50         7               8.8    -1.8       13
DAYS >= 1.00        0               3.0    -3.0        6
GREATEST
 24 HR. TOTAL    0.93   05/02 TO 05/02              1.80

SNOWFALL (INCHES)
RECORDS
 TOTAL           22.1   1993
 24 HR TOTAL     19.8   03/13/1993 TO 03/13/1993
TOTALS            2.3               3.9    -1.6     12.1
SINCE 7/1        10.4              23.5   -13.1     22.5
SNOWDEPTH AVG.      0                MM      MM        0
DAYS >= 1.0         1               1.0     0.0        3
GREATEST
 24 HR TOTAL      1.6   03/08 TO 03/08               5.2

DEGREE_DAYS
HEATING TOTAL     862               923     -61     1038
 SINCE 7/1       4012              4222    -210     4140
COOLING TOTAL     222               137      85      261
 SINCE 1/1        222               136      86      273
.................................................................

WIND (MPH)
AVERAGE WIND SPEED              3.6
RESULTANT WIND SPEED/DIRECTION   1/153
HIGHEST WIND SPEED/DIRECTION    26/280    DATE  03/30
HIGHEST GUST SPEED/DIRECTION    51/260    DATE  04/14

SKY COVER
POSSIBLE SUNSHINE (PERCENT)   MM
NUMBER OF DAYS FAIR           42
NUMBER OF DAYS PC             32
NUMBER OF DAYS CLOUDY         17

AVERAGE RH (PERCENT)     64

WEATHER CONDITIONS. NUMBER OF DAYS WITH
THUNDERSTORM             13     MIXED PRECIP               0
HEAVY RAIN               19     RAIN                      22
LIGHT RAIN               41     FREEZING RAIN              0
LT FREEZING RAIN          0     HAIL                       1
HEAVY SNOW                0     SNOW                       1
LIGHT SNOW                7     SLEET                      0
FOG                      36     FOG W/VIS <= 1/4 MILE     14
HAZE                      3

-  INDICATES NEGATIVE NUMBERS.
R  INDICATES RECORD WAS SET OR TIED.
MM INDICATES DATA IS MISSING.
T  INDICATES TRACE AMOUNT.

$$

CARICO
