000
CXUS53 KJKL 011706
CLSJKL

CLIMATE REPORT
NATIONAL WEATHER SERVICE JACKSON KY
1206 PM EST SAT DEC 1 2018

...................................

...THE JACKSON KY CLIMATE SUMMARY FOR THE SEASON, FROM
9/1/2018 TO 11/30/2018...

CLIMATE NORMAL PERIOD 1981 TO 2010
CLIMATE RECORD PERIOD 1981 TO 2018

WEATHER         OBSERVED          NORMAL  DEPART  LAST YEAR`S
                 VALUE   DATE(S)  VALUE   FROM    VALUE  DATE(S)
                                          NORMAL
................................................................
TEMPERATURE (F)
RECORD
 HIGH              96   09/03/2011
 LOW               13   11/14/1986
HIGHEST            92   09/03        MM      MM       86  09/27
                                                          09/25
                                                          09/24
LOWEST             18   11/28        MM      MM       24  11/11
AVG. MAXIMUM     66.6              67.8    -1.2     68.7
AVG. MINIMUM     50.1              48.6     1.5     49.2
MEAN             58.4              58.2     0.2     58.9
DAYS MAX >= 90      3               1.5     1.5        0
DAYS MAX <= 32      2               0.3     1.7        0
DAYS MIN <= 32     13               8.5     4.5       11
DAYS MIN <= 0       0               0.0     0.0        0

PRECIPITATION (INCHES)
RECORD
 MAXIMUM        19.01   1989
 MINIMUM         4.32   2001
TOTALS          19.20R            10.61    8.59     9.92
DAILY AVG.       0.21              0.12    0.09     0.11
DAYS >= .01        47              28.7    18.3       29
DAYS >= .10        33              18.6    14.4       14
DAYS >= .50        16               7.1     8.9        5
DAYS >= 1.00        5               2.7     2.3        3
GREATEST
 24 HR. TOTAL    1.88   09/27 TO 09/27              2.26

SNOWFALL (INCHES)
RECORDS
 TOTAL            5.1   1995
 24 HR TOTAL      4.3   11/28/1995 TO 11/28/1995
TOTALS            1.7               0.6     1.1        T
SINCE 7/1         1.7               0.6     1.1        T
SNOWDEPTH AVG.      0                MM      MM        0
DAYS >= 1.0         1               0.2     0.8        0
GREATEST
 24 HR TOTAL      1.4   11/15 TO 11/15                 T

DEGREE_DAYS
HEATING TOTAL     949               798     151      722
 SINCE 7/1        949               800     149      722
COOLING TOTAL     367               176     191      198
 SINCE 1/1       1631              1154     477     1200
.................................................................

WIND (MPH)
AVERAGE WIND SPEED              2.4
RESULTANT WIND SPEED/DIRECTION   1/125
HIGHEST WIND SPEED/DIRECTION    22/320    DATE  10/20
HIGHEST GUST SPEED/DIRECTION    43/310    DATE  10/20

SKY COVER
POSSIBLE SUNSHINE (PERCENT)   MM
NUMBER OF DAYS FAIR           42
NUMBER OF DAYS PC             27
NUMBER OF DAYS CLOUDY         22

AVERAGE RH (PERCENT)     77

WEATHER CONDITIONS. NUMBER OF DAYS WITH
THUNDERSTORM             11     MIXED PRECIP               0
HEAVY RAIN               22     RAIN                      31
LIGHT RAIN               48     FREEZING RAIN              1
LT FREEZING RAIN          1     HAIL                       0
HEAVY SNOW                0     SNOW                       1
LIGHT SNOW                5     SLEET                      0
FOG                      62     FOG W/VIS <= 1/4 MILE     19
HAZE                      0

-  INDICATES NEGATIVE NUMBERS.
R  INDICATES RECORD WAS SET OR TIED.
MM INDICATES DATA IS MISSING.
T  INDICATES TRACE AMOUNT.

$$

CARICO
