000
CXUS51 KCTP 022348
CLSJST

CLIMATE REPORT
NATIONAL WEATHER SERVICE STATE COLLEGE PA
709 PM EDT SUN JUN 2 2019

...................................

...THE JOHNSTOWN CLIMATE SUMMARY FOR THE SEASON, FROM
3/1/2019 TO 5/31/2019...

CLIMATE NORMAL PERIOD 1981 TO 2010
CLIMATE RECORD PERIOD 1892 TO 2019

WEATHER         OBSERVED          NORMAL  DEPART  LAST YEAR`S
                 VALUE   DATE(S)  VALUE   FROM    VALUE  DATE(S)
                                          NORMAL
................................................................
TEMPERATURE (F)
RECORD
 HIGH              99   05/12/1984
 LOW               -2   03/06/2015
                        03/01/1990
                        03/01/1990
HIGHEST            83   05/19        MM      MM       84  05/29
LOWEST              5   03/05        MM      MM       16  03/25
                                                          03/05
                                                          03/11
AVG. MAXIMUM     57.1              55.4     1.7     54.3
AVG. MINIMUM     40.2              37.6     2.6     38.3

MEAN             48.6              46.5     2.1     46.3
DAYS MAX >= 90      0                MM      MM        0
DAYS MAX <= 32      7                MM      MM       12
DAYS MIN <= 32     29                MM      MM       46
DAYS MIN <= 0       0                MM      MM        0

PRECIPITATION (INCHES)
RECORD
 MAXIMUM        20.75   1908
 MINIMUM         6.74   1976

TOTALS          10.47             11.41   -0.94    13.66
DAILY AVG.       0.11              0.12   -0.01     0.15
DAYS >= .01        41                MM      MM       51
DAYS >= .10        25                MM      MM       29
DAYS >= .50         7                MM      MM        7
DAYS >= 1.00        1                MM      MM        2
GREATEST
 24 HR. TOTAL    1.13   MM
 STORM TOTAL       MM
 (MM/DD(HH))            MM

DEGREE_DAYS
HEATING TOTAL    1521              1728    -207     1799
 SINCE 7/1       6122              6611    -489     6234
COOLING TOTAL      34                24      10      101
 SINCE 1/1         34                24      10      101

FREEZE DATES
RECORD
 EARLIEST     08/31/1894
 LATEST       05/27/1915
EARLIEST                        MM
LATEST                          MM
.................................................................

WIND (MPH)
AVERAGE WIND SPEED              10.0
RESULTANT WIND SPEED/DIRECTION   5/251
HIGHEST WIND SPEED/DIRECTION    39/300    DATE  03/22
HIGHEST GUST SPEED/DIRECTION    53/300    DATE  03/22

SKY COVER
POSSIBLE SUNSHINE (PERCENT)   MM
AVERAGE SKY COVER           0.60
NUMBER OF DAYS FAIR           25
NUMBER OF DAYS PC             38
NUMBER OF DAYS CLOUDY         29


WEATHER CONDITIONS. NUMBER OF DAYS WITH
THUNDERSTORM             11     MIXED PRECIP                0
HEAVY RAIN               17     RAIN                       23
LIGHT RAIN               46     FREEZING RAIN               2
LT FREEZING RAIN          3     HAIL                        0
HEAVY SNOW                1     SNOW                        6
LIGHT SNOW               15     SLEET                       0
FOG                      53     FOG W/VIS <= 1/4 MILE      17
HAZE                     13

-  INDICATES NEGATIVE NUMBERS.
R  INDICATES RECORD WAS SET OR TIED.
MM INDICATES DATA IS MISSING.
T  INDICATES TRACE AMOUNT.

$$

LA CORTE
