569
CXUS51 KCTP 200325
CLSJST

CLIMATE REPORT
NATIONAL WEATHER SERVICE STATE COLLEGE PA
143 PM EDT TUE MAR 12 2019

...................................

...THE JOHNSTOWN CLIMATE SUMMARY FOR THE SEASON, FROM
12/1/2018 TO 2/28/2019...

CLIMATE NORMAL PERIOD 1981 TO 2010
CLIMATE RECORD PERIOD 1892 TO 2019

WEATHER         OBSERVED          NORMAL  DEPART  LAST YEAR`S
                 VALUE   DATE(S)  VALUE   FROM    VALUE  DATE(S)
                                          NORMAL
................................................................
TEMPERATURE (F)
RECORD
 HIGH              80   01/26/1950
 LOW              -20   01/30/1977

HIGHEST            61   12/02        MM      MM       73  02/20
LOWEST             -9   01/31        MM      MM       -7  01/07
AVG. MAXIMUM     36.3              33.8     2.5     36.7
AVG. MINIMUM     22.7              20.2     2.5     21.7
MEAN             29.5              27.0     2.5     29.2
DAYS MAX >= 90      0                MM      MM        0
DAYS MAX <= 32     36                MM      MM       34
DAYS MIN <= 32     73                MM      MM       66
DAYS MIN <= 0       4                MM      MM        5

PRECIPITATION (INCHES)
RECORD
 MAXIMUM        18.07   1937
 MINIMUM         5.73   2015

TOTALS          10.20              7.80    2.40    11.05
DAILY AVG.       0.11              0.09    0.02     0.13
DAYS >= .01        47                MM      MM       43
DAYS >= .10        25                MM      MM       23
DAYS >= .50         7                MM      MM        6
DAYS >= 1.00        0                MM      MM        4
GREATEST
 24 HR. TOTAL    0.87   MM


 STORM TOTAL       MM                                 MM
 (MM/DD(HH))            MM

DEGREE_DAYS
HEATING TOTAL    3175              3420    -245     3222
 SINCE 7/1       4601              4883    -282     4435
COOLING TOTAL       0                 0       0        0
 SINCE 1/1          0                 0       0        0

FREEZE DATES
RECORD
 EARLIEST     08/31/1894
 LATEST       05/27/1915
EARLIEST                        MM
LATEST                          MM
.................................................................

WIND (MPH)
AVERAGE WIND SPEED              11.0
RESULTANT WIND SPEED/DIRECTION   6/254
HIGHEST WIND SPEED/DIRECTION    45/260    DATE  02/24
HIGHEST GUST SPEED/DIRECTION    59/250    DATE  02/24

SKY COVER
POSSIBLE SUNSHINE (PERCENT)   MM
AVERAGE SKY COVER           0.70
NUMBER OF DAYS FAIR           12
NUMBER OF DAYS PC             36
NUMBER OF DAYS CLOUDY         42


WEATHER CONDITIONS. NUMBER OF DAYS WITH
THUNDERSTORM              1     MIXED PRECIP                0
HEAVY RAIN                3     RAIN                       14
LIGHT RAIN               31     FREEZING RAIN               6
LT FREEZING RAIN         13     HAIL                        0
HEAVY SNOW                8     SNOW                       13
LIGHT SNOW               43     SLEET                       1
FOG                      67     FOG W/VIS <= 1/4 MILE      25
HAZE                     23

-  INDICATES NEGATIVE NUMBERS.
R  INDICATES RECORD WAS SET OR TIED.
MM INDICATES DATA IS MISSING.
T  INDICATES TRACE AMOUNT.

$$

LA CORTE
