000
CXUS51 KOKX 031833 RRA
CLSLGA

CLIMATE REPORT
NATIONAL WEATHER SERVICE NEW YORK NY
130 PM EST MON DEC 3 2018

...................................

...THE LAGUARDIA NY CLIMATE SUMMARY FOR THE SEASON, FROM
9/1/2018 TO 11/30/2018...

CLIMATE NORMAL PERIOD 1981 TO 2010
CLIMATE RECORD PERIOD 1939 TO 2018

WEATHER         OBSERVED          NORMAL  DEPART  LAST YEAR`S
                 VALUE   DATE(S)  VALUE   FROM    VALUE
                                          NORMAL
.............................................................
TEMPERATURE (F)
RECORD
 HIGH             102   09/02/1953
 LOW               17   11/23/2018
                        11/29/1955
                        11/29/1955
HIGHEST            96   09/06        MM      MM
LOWEST             17R  11/23        MM      MM
AVG. MAXIMUM     64.9              65.4    -0.5
AVG. MINIMUM     53.9              51.6     2.3
MEAN             59.4              58.5     0.9
DAYS MAX >= 90      4               0.9     3.1
DAYS MAX <= 32      2               0.0     2.0
DAYS MIN <= 32      5               2.5     2.5
DAYS MIN <= 0       0               0.0     0.0

PRECIPITATION (INCHES)
RECORD
 MAXIMUM        18.94   1977
 MINIMUM         3.99   1965
TOTALS          16.00             10.92    5.08     7.68
DAILY AVG.       0.18              0.12    0.06
DAYS >= .01        39              25.8    13.2
DAYS >= .10        24              16.6     7.4
DAYS >= .50        15               7.6     7.4
DAYS >= 1.00        4               2.9     1.1
GREATEST
 24 HR. TOTAL    1.99   MM
 STORM TOTAL       MM
 (MM/DD(HH))            MM

SNOWFALL (INCHES)
RECORDS
 TOTAL            6.1   1989
 24 HR TOTAL       MM
TOTALS            4.7               0.3     4.4
 LIQUID EQUIV    0.47              0.00    0.47
SINCE 7/1         4.7               0.3     4.4
 LIQUID 7/1      0.47
DAYS >= TRACE       3               0.2     2.8
DAYS >= 1.0         1               0.1     0.9
GREATEST
 SNOW DEPTH         1   11/16
 24 HR TOTAL      4.7   MM
 STORM TOTAL       MM
 (MM/DD(HH))            MM

DEGREE_DAYS
HEATING TOTAL     816               774      42
 SINCE 7/1         MM               775      MM
COOLING TOTAL     329               180     149
 SINCE 1/1       1697              1214     483
..............................................................

WIND (MPH)
AVERAGE WIND SPEED              11.0
HIGHEST WIND SPEED/DIRECTION    41/050    DATE  10/27
HIGHEST GUST SPEED/DIRECTION    50/050    DATE  10/27

SKY COVER
POSSIBLE SUNSHINE (PERCENT)   MM
AVERAGE SKY COVER           0.70
NUMBER OF DAYS FAIR           12
NUMBER OF DAYS PC             32
NUMBER OF DAYS CLOUDY         47

AVERAGE RH (PERCENT)     66

WEATHER CONDITIONS. NUMBER OF DAYS WITH
  0
 22
  1
  0
  2
  2
  1
HAZE                      8

-  INDICATES NEGATIVE NUMBERS.
R  INDICATES RECORD WAS SET OR TIED.
MM INDICATES DATA IS MISSING.
T  INDICATES TRACE AMOUNT.

$$
