000
CXUS51 KOKX 011723
CLSLGA

CLIMATE REPORT
NATIONAL WEATHER SERVICE NEW YORK NY
112 PM EDT SAT JUN 1 2019

...................................

...THE LAGUARDIA NY CLIMATE SUMMARY FOR THE SEASON, FROM
3/1/2019 TO 5/31/2019...

CLIMATE NORMAL PERIOD 1981 TO 2010
CLIMATE RECORD PERIOD 1939 TO 2019

WEATHER         OBSERVED          NORMAL  DEPART  LAST YEAR`S
                 VALUE   DATE(S)  VALUE   FROM    VALUE
                                          NORMAL
.............................................................
TEMPERATURE (F)
RECORD
 HIGH              97   05/18/2017
                        05/20/1996
                        05/20/1996
 LOW                7   03/04/1943
HIGHEST            89   05/26        MM      MM
                        05/20
LOWEST             19   03/07        MM      MM
                        03/06
AVG. MAXIMUM     59.7              60.6    -0.9
AVG. MINIMUM     45.3              44.3     1.0
MEAN             52.5              52.5     0.0
DAYS MAX >= 90      0               0.8    -0.8
DAYS MAX <= 32      2               0.8     1.2
DAYS MIN <= 32      9              10.8    -1.8
DAYS MIN <= 0       0               0.0     0.0

PRECIPITATION (INCHES)
RECORD
 MAXIMUM        23.50   1983
 MINIMUM         5.69   1995
TOTALS          14.43             11.76    2.67    12.34
DAILY AVG.       0.16              0.13    0.03
DAYS >= .01        45              32.7    12.3
DAYS >= .10        29              20.3     8.7
DAYS >= .50        12               7.8     4.2
DAYS >= 1.00        3               3.2    -0.2
GREATEST
 24 HR. TOTAL    1.33   MM
 STORM TOTAL       MM
 (MM/DD(HH))            MM

SNOWFALL (INCHES)
RECORDS
 TOTAL           24.1   1956
 24 HR TOTAL     13.9   03/03/1960 TO 03/03/1960
TOTALS            9.9               4.9     5.0
 LIQUID EQUIV    0.99              0.50    0.49
SINCE 7/1        18.2              26.9    -8.7
 LIQUID 7/1      1.82
DAYS >= TRACE       7               2.3     4.7
DAYS >= 1.0         4               1.3     2.7
GREATEST
 SNOW DEPTH         5   03/04
 24 HR TOTAL      4.8   MM
 STORM TOTAL       MM
 (MM/DD(HH))            MM

DEGREE_DAYS
HEATING TOTAL    1193              1219     -26
 SINCE 7/1         MM              4648      MM
COOLING TOTAL      62                66      -4
 SINCE 1/1         62                66      -4
..............................................................

WIND (MPH)
AVERAGE WIND SPEED              11.3
HIGHEST WIND SPEED/DIRECTION    38/300    DATE  04/15
HIGHEST GUST SPEED/DIRECTION    50/310    DATE  04/15

SKY COVER
POSSIBLE SUNSHINE (PERCENT)   MM
AVERAGE SKY COVER           0.70
NUMBER OF DAYS FAIR           10
NUMBER OF DAYS PC             39
NUMBER OF DAYS CLOUDY         43

AVERAGE RH (PERCENT)     60

WEATHER CONDITIONS. NUMBER OF DAYS WITH
  0
 25
  0
  1
  1
  2
  5
HAZE                     15

-  INDICATES NEGATIVE NUMBERS.
R  INDICATES RECORD WAS SET OR TIED.
MM INDICATES DATA IS MISSING.
T  INDICATES TRACE AMOUNT.

$$
