026
CXUS51 KOKX 031526 CCA
CLSLGA

CLIMATE REPORT
NATIONAL WEATHER SERVICE NEW YORK NY
1024 AM EST TUE DEC 3 2019

...................................

...THE LAGUARDIA NY CLIMATE SUMMARY FOR THE SEASON, FROM
9/1/2019 TO 11/30/2019...

CLIMATE NORMAL PERIOD 1981 TO 2010
CLIMATE RECORD PERIOD 1939 TO 2019

WEATHER         OBSERVED          NORMAL  DEPART  LAST YEAR`S
                 VALUE   DATE(S)  VALUE   FROM    VALUE
                                          NORMAL
.............................................................
TEMPERATURE (F)
RECORD
 HIGH             102   09/02/1953
 LOW               17   11/23/2018
                        11/29/1955
                        11/29/1955
HIGHEST            95   10/02        MM      MM
LOWEST             24   11/13        MM      MM
AVG. MAXIMUM     65.8              65.4     0.4
AVG. MINIMUM     52.6              51.6     1.0
MEAN             59.2              58.5     0.7
DAYS MAX >= 90      3               0.9     2.1
DAYS MAX <= 32      0               0.0     0.0
DAYS MIN <= 32      8               2.5     5.5
DAYS MIN <= 0       0               0.0     0.0

PRECIPITATION (INCHES)
RECORD
 MAXIMUM        18.94   1977
 MINIMUM         3.99   1965
TOTALS           7.85             10.92   -3.07    16.00
DAILY AVG.       0.08              0.12   -0.04
DAYS >= .01        27              25.8     1.2
DAYS >= .10        13              16.6    -3.6
DAYS >= .50         5               7.6    -2.6
DAYS >= 1.00        2               2.9    -0.9
GREATEST
 24 HR. TOTAL    1.71   MM
 STORM TOTAL       MM
 (MM/DD(HH))            MM

SNOWFALL (INCHES)
RECORDS
 TOTAL            6.1   1989
 24 HR TOTAL       MM
TOTALS              T               0.3    -0.3
 LIQUID EQUIV      MM              0.00      MM
SINCE 7/1           T               0.3    -0.3
 LIQUID 7/1        MM
DAYS >= TRACE       0               0.2    -0.2
DAYS >= 1.0         0               0.1    -0.1
GREATEST
 SNOW DEPTH         0   MM
 24 HR TOTAL      0.0   MM
 STORM TOTAL       MM
 (MM/DD(HH))            MM

DEGREE_DAYS
HEATING TOTAL     761               774     -13
 SINCE 7/1        761               775     -14
COOLING TOTAL     255               180      75
 SINCE 1/1       1484              1214     270
..............................................................

WIND (MPH)
AVERAGE WIND SPEED              10.7
HIGHEST WIND SPEED/DIRECTION    43/300    DATE  10/16
HIGHEST GUST SPEED/DIRECTION    55/300    DATE  10/16

SKY COVER
POSSIBLE SUNSHINE (PERCENT)   MM
AVERAGE SKY COVER           0.60
NUMBER OF DAYS FAIR           21
NUMBER OF DAYS PC             39
NUMBER OF DAYS CLOUDY         31

AVERAGE RH (PERCENT)     59

WEATHER CONDITIONS. NUMBER OF DAYS WITH
  0
 11
  0
  0
  0
  0
  1
HAZE                      7

-  INDICATES NEGATIVE NUMBERS.
R  INDICATES RECORD WAS SET OR TIED.
MM INDICATES DATA IS MISSING.
T  INDICATES TRACE AMOUNT.

$$
