000
CXUS53 KJKL 011603
CLSLOZ

CLIMATE REPORT
NATIONAL WEATHER SERVICE JACKSON KY
1203 PM EDT SAT JUN 1 2019

...................................

...THE LONDON KY CLIMATE SUMMARY FOR THE SEASON, FROM
3/1/2019 TO 5/31/2019...

CLIMATE NORMAL PERIOD 1981 TO 2010
CLIMATE RECORD PERIOD 1954 TO 2019

WEATHER         OBSERVED          NORMAL  DEPART  LAST YEAR`S
                 VALUE   DATE(S)  VALUE   FROM    VALUE  DATE(S)
                                          NORMAL
................................................................
TEMPERATURE (F)
RECORD
 HIGH              91   05/30/2006
 LOW              -12   03/03/1980
HIGHEST            89   05/26        MM      MM       88  05/25
                        05/24                             05/14
                        05/25                             05/15
LOWEST             13   03/05        MM      MM       21  03/09
AVG. MAXIMUM     68.6              67.8     0.8     66.9
AVG. MINIMUM     45.7              44.7     1.0     45.1
MEAN             57.2              56.2     1.0     56.0
DAYS MAX >= 90      0               0.2    -0.2        0
DAYS MAX <= 32      2               0.3     1.7        0
DAYS MIN <= 32     19              14.7     4.3       21
DAYS MIN <= 0       0               0.0     0.0        0

PRECIPITATION (INCHES)
RECORD
 MAXIMUM        22.28   1984
 MINIMUM         5.03   2016
TOTALS           9.56*            13.28   -3.72    13.60
DAILY AVG.       0.11*             0.14   -0.03     0.15
DAYS >= .01        27*             38.4   -11.4       47
DAYS >= .10        22*             24.4    -2.4       28
DAYS >= .50         7*              8.9    -1.9       12
DAYS >= 1.00        1*              2.8    -1.8        3
GREATEST
 24 HR. TOTAL    1.54*  05/02 TO 05/02              1.39

SNOWFALL (INCHES)
RECORDS
 TOTAL           31.0   1960
TOTALS             MM               1.6      MM       MM
SINCE 7/1          MM              10.3      MM       MM
SNOWDEPTH AVG.     MM                MM      MM       MM
DAYS >= 1.0        MM               0.7      MM       MM
GREATEST
 24 HR TOTAL       MM                                 MM

DEGREE_DAYS
HEATING TOTAL     880               920     -40     1022
 SINCE 7/1       4024              4196    -172     4114
COOLING TOTAL     178               114      64      224
 SINCE 1/1        178               114      64      232
.................................................................

WIND (MPH)
AVERAGE WIND SPEED              5.7
RESULTANT WIND SPEED/DIRECTION   2/246
HIGHEST WIND SPEED/DIRECTION    36/250    DATE  05/02
HIGHEST GUST SPEED/DIRECTION    52/230    DATE  04/14

SKY COVER
POSSIBLE SUNSHINE (PERCENT)   MM
NUMBER OF DAYS FAIR           44
NUMBER OF DAYS PC             31
NUMBER OF DAYS CLOUDY         16

AVERAGE RH (PERCENT)     70

WEATHER CONDITIONS. NUMBER OF DAYS WITH
THUNDERSTORM             15     MIXED PRECIP               0
HEAVY RAIN               15     RAIN                      19
LIGHT RAIN               41     FREEZING RAIN              0
LT FREEZING RAIN          0     HAIL                       0
HEAVY SNOW                0     SNOW                       0
LIGHT SNOW                3     SLEET                      0
FOG                      42     FOG W/VIS <= 1/4 MILE      5
HAZE                      4

-  INDICATES NEGATIVE NUMBERS.
R  INDICATES RECORD WAS SET OR TIED.
MM INDICATES DATA IS MISSING.
T  INDICATES TRACE AMOUNT.

$$

...RAINFALL TOTAL INCOMPLETE DUE TO PRECIPITATION SENSOR FAILURE
FROM APRIL 19TH-21ST AND MAY 12TH...

$$

CARICO
