000
CXUS53 KJKL 011726
CLSLOZ

CLIMATE REPORT...CORRECTION
NATIONAL WEATHER SERVICE JACKSON KY
1207 PM EST SAT DEC 1 2018

...................................

...THE LONDON KY CLIMATE SUMMARY FOR THE SEASON, FROM
9/1/2018 TO 11/30/2018...

CLIMATE NORMAL PERIOD 1981 TO 2010
CLIMATE RECORD PERIOD 1954 TO 2018

WEATHER         OBSERVED          NORMAL  DEPART  LAST YEAR`S
                 VALUE   DATE(S)  VALUE   FROM    VALUE  DATE(S)
                                          NORMAL
................................................................
TEMPERATURE (F)
RECORD
 HIGH              97   09/05/2007
 LOW                2   11/30/1976
HIGHEST            91   09/04        MM      MM       88  09/23
LOWEST             19   11/28        MM      MM       23  11/20
AVG. MAXIMUM     67.4              69.2    -1.8     69.4
AVG. MINIMUM     49.3              46.3     3.0     46.7
MEAN             58.3              57.7     0.6     58.0
DAYS MAX >= 90      4               2.0     2.0        0
DAYS MAX <= 32      2               0.2     1.8        0
DAYS MIN <= 32     16              13.8     2.2       15
DAYS MIN <= 0       0               0.0     0.0        0

PRECIPITATION (INCHES)
RECORD
 MAXIMUM        20.16   2004
 MINIMUM         4.07   2008
TOTALS             MM             10.22      MM     9.09
DAILY AVG.       0.20              0.11    0.09     0.10
DAYS >= .01        37              27.5     9.5       27
DAYS >= .10        25              17.9     7.1       13
DAYS >= .50        11               7.1     3.9        7
DAYS >= 1.00        5               2.5     2.5        2
GREATEST
 24 HR. TOTAL    1.58   11/06 TO 11/06              2.39

SNOWFALL (INCHES)
RECORDS
 TOTAL            4.5   1963
                        1959
TOTALS             MM                 T      MM       MM
SINCE 7/1          MM                 T      MM       MM
SNOWDEPTH AVG.     MM                MM      MM       MM
DAYS >= 1.0        MM               0.0      MM       MM
GREATEST
 24 HR TOTAL       MM                                 MM

DEGREE_DAYS
HEATING TOTAL     953               829     124      781
 SINCE 7/1        953               830     123      781
COOLING TOTAL     366               165     201      172
 SINCE 1/1       1574              1190     384     1141
.................................................................

WIND (MPH)
AVERAGE WIND SPEED              4.5
RESULTANT WIND SPEED/DIRECTION   1/250
HIGHEST WIND SPEED/DIRECTION    33/190    DATE  11/01
HIGHEST GUST SPEED/DIRECTION    56/200    DATE  11/01

SKY COVER
POSSIBLE SUNSHINE (PERCENT)   MM
NUMBER OF DAYS FAIR           40
NUMBER OF DAYS PC             27
NUMBER OF DAYS CLOUDY         24

AVERAGE RH (PERCENT)     80

WEATHER CONDITIONS. NUMBER OF DAYS WITH
THUNDERSTORM              7     MIXED PRECIP               0
HEAVY RAIN               17     RAIN                      26
LIGHT RAIN               45     FREEZING RAIN              0
LT FREEZING RAIN          2     HAIL                       0
HEAVY SNOW                0     SNOW                       0
LIGHT SNOW                4     SLEET                      0
FOG                      73     FOG W/VIS <= 1/4 MILE      6
HAZE                      0

-  INDICATES NEGATIVE NUMBERS.
R  INDICATES RECORD WAS SET OR TIED.
MM INDICATES DATA IS MISSING.
T  INDICATES TRACE AMOUNT.

$$

CARICO

...CORRECTED FOR MISSING PRECIPITATION TOTAL...THE PRECIPITATION
SENSOR WAS DONE FOR 5 DAYS DURING AUTUMN 2018...
