000
CXUS53 KILX 031640 RRA
CLSLWV

CLIMATE REPORT
NATIONAL WEATHER SERVICE LINCOLN IL
951 AM CST MON DEC 3 2018

...................................

...THE LAWRENCEVILLE IL AIRPORT CLIMATE SUMMARY FOR THE FALL SEASON, FROM
9/1/2018 TO 11/30/2018...

CLIMATE NORMAL PERIOD 1981 TO 2010
CLIMATE RECORD PERIOD 9999 TO 9999

WEATHER         OBSERVED          NORMAL  DEPART  LAST YEAR`S
                 VALUE   DATE(S)  VALUE   FROM    VALUE
                                          NORMAL
.............................................................
TEMPERATURE (F)
RECORD
 HIGH              MM   MM
 LOW               MM   MM
HIGHEST            97   09/05        MM      MM       94
                        09/04
LOWEST             16   11/28        MM      MM       25
AVG. MAXIMUM     67.3              69.1    -1.8     69.9
AVG. MINIMUM     47.5              46.6     0.9     48.8
MEAN             57.4              57.8    -0.4     59.3
DAYS MAX >= 90     17               4.0    13.0        9
DAYS MAX <= 32      2               0.1     1.9        0
DAYS MIN <= 32     17              10.8     6.2       14
DAYS MIN <= 0       0               0.0     0.0        0

PRECIPITATION (INCHES)
RECORD
 MAXIMUM           MM   MM
 MINIMUM           MM   MM
TOTALS          14.49             11.14    3.35     8.33
DAILY AVG.       0.16                               0.09
DAYS >= .01        30                MM      MM       21
DAYS >= .10        20                MM      MM       13
DAYS >= .50         8                MM      MM        7
DAYS >= 1.00        5                MM      MM        1
GREATEST
 24 HR. TOTAL    4.72   MM                          2.87

DEGREE_DAYS
HEATING TOTAL    1081               857     224      769
 SINCE 7/1       1082               858     224      769
COOLING TOTAL     411               204     207      289
 SINCE 1/1       1952              1387     565     1432

FREEZE DATES
RECORD
 EARLIEST     MM
 LATEST       MM
EARLIEST                        MM
LATEST                          MM
..............................................................

WIND (MPH)
AVERAGE WIND SPEED              7.9
HIGHEST WIND SPEED/DIRECTION    38/300    DATE  10/28
HIGHEST GUST SPEED/DIRECTION    55/290    DATE  10/28

SKY COVER
POSSIBLE SUNSHINE (PERCENT)   MM
AVERAGE SKY COVER           0.40
NUMBER OF DAYS FAIR           46
NUMBER OF DAYS PC             27
NUMBER OF DAYS CLOUDY         18

AVERAGE RH (PERCENT)     72


-  INDICATES NEGATIVE NUMBERS.
R  INDICATES RECORD WAS SET OR TIED.
MM INDICATES DATA IS MISSING.
T  INDICATES TRACE AMOUNT.

$$
