000
CXUS53 KILX 011825
CLSLWV

CLIMATE REPORT
NATIONAL WEATHER SERVICE LINCOLN IL
124 PM CDT FRI JUN 1 2018

...................................

...THE LAWRENCEVILLE IL AIRPORT CLIMATE SUMMARY FOR THE SEASON, FROM
3/1/2018 TO 5/31/2018...

CLIMATE NORMAL PERIOD 1981 TO 2010
CLIMATE RECORD PERIOD 9999 TO 9999

WEATHER         OBSERVED          NORMAL  DEPART  LAST YEAR`S
                 VALUE   DATE(S)  VALUE   FROM    VALUE
                                          NORMAL
.............................................................
TEMPERATURE (F)
RECORD
 HIGH              MM   MM
 LOW               MM   MM
HIGHEST            97   05/28        MM      MM       88
LOWEST             22   03/14        MM      MM       17
AVG. MAXIMUM     66.3              66.2     0.1     68.1
AVG. MINIMUM     45.6              45.2     0.4     47.3
MEAN             56.0              55.7     0.3     57.7
DAYS MAX >= 90     12               2.0    10.0        0
DAYS MAX <= 32      0               0.5    -0.5        0
DAYS MIN <= 32     20              14.5     5.5       13
DAYS MIN <= 0       0               0.0     0.0        0

PRECIPITATION (INCHES)
RECORD
 MAXIMUM           MM   MM
 MINIMUM           MM   MM
TOTALS          10.76             13.17   -2.41    13.66
DAILY AVG.       0.12                               0.15
DAYS >= .01        32                MM      MM       30
DAYS >= .10        22                MM      MM       23
DAYS >= .50         9                MM      MM       11
DAYS >= 1.00        3                MM      MM        5
GREATEST
 24 HR. TOTAL    1.29   03/29                       1.67

DEGREE_DAYS
HEATING TOTAL    1139               998     141      826
 SINCE 7/1       4753              4673      80     3881
COOLING TOTAL     319               139     180      173
 SINCE 1/1        320               139     181      173

FREEZE DATES
RECORD
 EARLIEST     MM
 LATEST       MM
EARLIEST                        MM
LATEST                          MM
..............................................................

WIND (MPH)
AVERAGE WIND SPEED              10.5
HIGHEST WIND SPEED/DIRECTION    40/260    DATE  05/31
HIGHEST GUST SPEED/DIRECTION    53/260    DATE  05/31

SKY COVER
POSSIBLE SUNSHINE (PERCENT)   MM
AVERAGE SKY COVER           0.40
NUMBER OF DAYS FAIR           50
NUMBER OF DAYS PC             24
NUMBER OF DAYS CLOUDY         18

AVERAGE RH (PERCENT)     64

WEATHER CONDITIONS. NUMBER OF DAYS WITH
THUNDERSTORM             15     MIXED PRECIP               0
HEAVY RAIN               12     RAIN                      20
LIGHT RAIN               40     FREEZING RAIN              0
LT FREEZING RAIN          1     HAIL                       0
HEAVY SNOW                0     SNOW                       1
LIGHT SNOW                8     SLEET                      0
FOG                      43     FOG W/VIS <= 1/4 MILE      1
HAZE                     20

-  INDICATES NEGATIVE NUMBERS.
R  INDICATES RECORD WAS SET OR TIED.
MM INDICATES DATA IS MISSING.
T  INDICATES TRACE AMOUNT.

$$

GEELHART
