594
CXUS53 KILX 020056
CLSLWV

CLIMATE REPORT
NATIONAL WEATHER SERVICE LINCOLN IL
755 PM CDT SAT JUN 1 2019

...................................

...THE LAWRENCEVILLE IL AIRPORT CLIMATE SUMMARY FOR THE SEASON, FROM
3/1/2019 TO 5/31/2019...

CLIMATE NORMAL PERIOD 1981 TO 2010
CLIMATE RECORD PERIOD 9999 TO 9999

WEATHER         OBSERVED          NORMAL  DEPART  LAST YEAR`S
                 VALUE   DATE(S)  VALUE   FROM    VALUE
                                          NORMAL
.............................................................
TEMPERATURE (F)
RECORD
 HIGH              MM   MM
 LOW               MM   MM
HIGHEST            91   05/28        MM      MM       97
                        05/18
                        05/27
LOWEST              5   03/04        MM      MM       22
AVG. MAXIMUM     65.4              66.2    -0.8     66.3
AVG. MINIMUM     45.3              45.2     0.1     45.6
MEAN             55.4              55.7    -0.3     56.0
DAYS MAX >= 90      5               2.0     3.0       12
DAYS MAX <= 32      3               0.5     2.5        0
DAYS MIN <= 32     19              14.5     4.5       20
DAYS MIN <= 0       0               0.0     0.0        0

PRECIPITATION (INCHES)
RECORD
 MAXIMUM           MM   MM
 MINIMUM           MM   MM
TOTALS          16.64             13.17    3.47    10.76
DAILY AVG.       0.19                               0.12
DAYS >= .01        38                MM      MM       32
DAYS >= .10        25                MM      MM       22
DAYS >= .50        18                MM      MM        9
DAYS >= 1.00        4                MM      MM        3
GREATEST
 24 HR. TOTAL    2.04   03/09                       1.29

DEGREE_DAYS
HEATING TOTAL    1028               998      30     1139
 SINCE 7/1       4718              4673      45     4753
COOLING TOTAL     187               139      48      319
 SINCE 1/1        187               139      48      320

FREEZE DATES
RECORD
 EARLIEST     MM
 LATEST       MM
EARLIEST                        MM
LATEST                          MM
..............................................................

WIND (MPH)
AVERAGE WIND SPEED              9.6
HIGHEST WIND SPEED/DIRECTION    49/210    DATE  03/14
HIGHEST GUST SPEED/DIRECTION    66/210    DATE  03/14

SKY COVER
POSSIBLE SUNSHINE (PERCENT)   MM
AVERAGE SKY COVER           0.40
NUMBER OF DAYS FAIR           41
NUMBER OF DAYS PC             23
NUMBER OF DAYS CLOUDY         24

AVERAGE RH (PERCENT)     69

WEATHER CONDITIONS. NUMBER OF DAYS WITH
THUNDERSTORM             12     MIXED PRECIP               0
HEAVY RAIN               21     RAIN                      23
LIGHT RAIN               44     FREEZING RAIN              0
LT FREEZING RAIN          0     HAIL                       0
HEAVY SNOW                0     SNOW                       1
LIGHT SNOW                5     SLEET                      0
FOG                      47     FOG W/VIS <= 1/4 MILE      10
HAZE                     16

-  INDICATES NEGATIVE NUMBERS.
R  INDICATES RECORD WAS SET OR TIED.
MM INDICATES DATA IS MISSING.
T  INDICATES TRACE AMOUNT.

&&

PRECIPITATION DATA INCOMPLETE DUE TO EQUIPMENT FAILURE APRIL 19-23

$$
GEELHART
