410
CXUS51 KRNK 051107
CLSLYH


CLIMATE REPORT
NATIONAL WEATHER SERVICE BLACKSBURG VA
606 AM EST WED DEC 5 2018

...................................

...THE LYNCHBURG VA CLIMATE SUMMARY FOR THE SEASON, FROM
9/1/2018 TO 11/30/2018...

CLIMATE NORMAL PERIOD 1981 TO 2010
CLIMATE RECORD PERIOD 1893 TO 2018

WEATHER         OBSERVED          NORMAL  DEPART  LAST YEAR`S
                 VALUE   DATE(S)  VALUE   FROM    VALUE
                                          NORMAL
.............................................................
TEMPERATURE (F)
RECORD
 HIGH             102   09/01/1932
 LOW                8   11/25/1970
HIGHEST            92   09/06                         89
                        09/04
LOWEST             22   11/29                         23
                        11/11
                        11/28
AVG. MAXIMUM     67.7              68.4    -0.7     69.7
AVG. MINIMUM     49.1              44.9     4.2     46.2
MEAN             58.4              56.7     1.7     58.0
DAYS MAX >= 90      5               2.0     3.0        0
DAYS MAX <= 32      0               0.0     0.0        0
DAYS MIN <= 32     20              14.7     5.3       18
DAYS MIN <= 0       0               0.0     0.0        0

PRECIPITATION (INCHES)
RECORD
 MAXIMUM        20.09   1996
 MINIMUM         1.85   1931
TOTALS          18.62             10.40    8.22     5.50
DAILY AVG.       0.21              0.11    0.10     0.06
DAYS >= .01        40              23.7    16.3       28
DAYS >= .10        27              14.9    12.1       14
DAYS >= .50        14               7.0     7.0        4
DAYS >= 1.00        8               3.2     4.8        0
GREATEST
 24 HR. TOTAL    2.58                               0.72

SNOWFALL (INCHES)
TOTALS              T                                0.0
DAYS >= TRACE       1                                  0
DAYS >= 1.0         0                                  0
GREATEST
 24 HR TOTAL      0.0                                0.0

DEGREE_DAYS
HEATING TOTAL     900               891       9      813
COOLING TOTAL     327               133     194      196
..............................................................

WIND (MPH)
AVERAGE WIND SPEED              4.9
HIGHEST WIND SPEED/DIRECTION    24/030    DATE  11/15
HIGHEST GUST SPEED/DIRECTION    39/360    DATE  10/11

SKY COVER
AVERAGE SKY COVER           0.50

AVERAGE RH (PERCENT)     78

WEATHER CONDITIONS. NUMBER OF DAYS WITH
THUNDERSTORM              7     MIXED PRECIP                 0
HEAVY RAIN               15     RAIN                        24
LIGHT RAIN               48     FREEZING RAIN                2
LIGHT FREEZING RAIN       2     HAIL                         0
HEAVY SNOW                0     SNOW                         0
LIGHT SNOW                0     SLEET                        1
FOG                      60     FOG W/VIS <= 1/4 MILE       16
HAZE                      1

-  INDICATES NEGATIVE NUMBERS.
R  INDICATES RECORD WAS SET OR TIED.
MM INDICATES DATA IS MISSING.
T  INDICATES TRACE AMOUNT.

$$

PW
