000
CXUS54 KLZK 060855
CLSLZK


CLIMATE REPORT
NATIONAL WEATHER SERVICE LITTLE ROCK AR
250 AM CST WED MAR 6 2019

...................................

...THE NORTH LITTLE ROCK CLIMATE SUMMARY FOR THE SEASON, FROM
12/1/2018 TO 2/28/2019...

CLIMATE NORMAL PERIOD 1981 TO 2010
CLIMATE RECORD PERIOD 1975 TO 2019

WEATHER         OBSERVED          NORMAL  DEPART  LAST YEAR`S
                 VALUE   DATE(S)  VALUE   FROM    VALUE  DATE(S)
                                          NORMAL
................................................................
TEMPERATURE (F)
RECORD
 HIGH              83   02/20/1986
 LOW               -6   01/20/1985
HIGHEST            76   02/04        52      24       77  02/20
LOWEST             19   02/08        34     -15        7  01/17
                        01/31
AVG. MAXIMUM     51.5              51.6    -0.1     50.8
AVG. MINIMUM     36.6              34.6     2.0     33.6
MEAN             44.0              43.1     0.9     42.2
DAYS MAX >= 90      0               0.0     0.0        0
DAYS MAX <= 32      0               4.5    -4.5        8
DAYS MIN <= 32     27              35.3    -8.3       43
DAYS MIN <= 0       0               0.1    -0.1        0

PRECIPITATION (INCHES)
TOTALS          21.88             12.09    9.79    22.70
DAILY AVG.       0.25              0.13    0.12     0.26
DAYS >= .01        42              28.3    13.7       37
DAYS >= .10        27              18.2     8.8       25
DAYS >= .50        13               8.2     4.8       13
DAYS >= 1.00        8               3.4     4.6        6
GREATEST
 24 HR. TOTAL    3.83   12/13 TO 12/13

SNOWFALL (INCHES)
RECORDS
 TOTAL           19.2   1979
 24 HR TOTAL      9.1   01/06/1988 TO 02/07/1979
 SNOW DEPTH         9   02/08/1979
                        01/08/1988
TOTALS              T               4.0    -4.0      1.5
 LIQUID EQUIV       T              0.50   -0.50     0.15
SINCE 7/1         0.6               4.0    -3.4      1.5
 LIQUID 7/1      0.06              0.50   -0.44     0.15
SNOWDEPTH AVG.      0                MM      MM        0
DAYS >= TRACE       6               2.6     3.4        4
DAYS >= 1.0         0               1.2    -1.2        1
GREATEST
 SNOW DEPTH         0   MM                             2  01/16
 24 HR TOTAL        T   02/19 TO 02/19           01/15 TO 01/16
                        02/17 TO 02/17

DEGREE_DAYS
HEATING TOTAL    1873              1974    -101     2041
 SINCE 7/1       2600              2486     114       MM
COOLING TOTAL       5                 3       2        3
 SINCE 1/1          5                 2       3        3

FREEZE DATES
RECORD
 EARLIEST     10/20/1989
 LATEST       04/19/1983
EARLIEST                        11/13
LATEST                          03/19
.................................................................

WIND (MPH)
AVERAGE WIND SPEED              6.3
HIGHEST WIND SPEED/DIRECTION    22/110    DATE  02/22
HIGHEST GUST SPEED/DIRECTION    42/320    DATE  01/19

SKY COVER
POSSIBLE SUNSHINE (PERCENT)   MM
AVERAGE SKY COVER             MM
NUMBER OF DAYS FAIR          MM
NUMBER OF DAYS PC            MM
NUMBER OF DAYS CLOUDY        MM


WEATHER CONDITIONS. NUMBER OF DAYS WITH
THUNDERSTORM              7     MIXED PRECIP               0
HEAVY RAIN               12     RAIN                      21
LIGHT RAIN               47     FREEZING RAIN              2
LT FREEZING RAIN          3     HAIL                       1
HEAVY SNOW                1     SNOW                       1
LIGHT SNOW                3     SLEET                      4
FOG                      22     FOG W/VIS <= 1/4 MILE      7
HAZE                      0

-  INDICATES NEGATIVE NUMBERS.
R  INDICATES RECORD WAS SET OR TIED.
MM INDICATES DATA IS MISSING.
T  INDICATES TRACE AMOUNT.

&&

...Data for North Little Rock for Winter 2018-2019...

.Summary...
It was the warmest winter season in two years. There were 26 days with lows at or below
freezing, which was the fewest in two years. There were only two days with low temperatures
colder than 20 degrees, which was the fewest amount in two years.

Though not nearly as wet as last winter, this was still one of the wettest
winters ever recorded at North Little Rock. There were 42 days with measurable
rainfall, which was more than last winter, and the greatest number of days with measurable
rainfall on record at North Little Rock during the winter season. The previous record had
been held by the Winters of 2017-2018, 1988-1989, and 1978-1979, with 37 days.

For the first winter since 2007-2008, there was no measurable snowfall.

.Average Temperatures...
The average high, low and seasonal temperatures were all the warmest
in two years (since 2016-2017). The average low temperature was the 10th warmest
on record.

.Rainfall...
Though this was technically the driest winter in two years (since 2016-2017),
rainfall was still well above average. This was the 2nd wettest winter on record
at North Little Rock, with the wettest winter occurring just last year.

.Snowfall...
For the first time since the winter of 2007-2008, no measurable snow fell. The
other winters with no measurable snow were... 1998-1999, 1997-1998,
and 1992-1993. Since records began in North Little Rock in December of 1975,
there have been no winters with zero snowfall recorded.

$$

57
