732
CXUS53 KEAX 010815
CLSMCI

CLIMATE REPORT
NATIONAL WEATHER SERVICE KANSAS CITY/PLEASANT HILL MO
314 AM CDT SUN SEP 1 2019

...................................

...THE KANSAS CITY INTERNATIONAL CLIMATE SUMMARY FOR THE SEASON, FROM
6/1/2019 TO 8/31/2019...

CLIMATE NORMAL PERIOD 1981 TO 2010
CLIMATE RECORD PERIOD 1888 TO 2019

WEATHER         OBSERVED          NORMAL  DEPART  LAST YEAR`S
                 VALUE   DATE(S)  VALUE   FROM    VALUE  DATE(S)
                                          NORMAL
................................................................
TEMPERATURE (F)
RECORD
 HIGH             113   08/14/1936
 LOW               37   06/27/2013
HIGHEST            97   07/20        99      -2      100  07/12
                        07/19
LOWEST             51   06/13        50       1       56  06/05
                        06/11
AVG. MAXIMUM     85.4              86.4    -1.0     88.3
AVG. MINIMUM     66.3              66.3     0.0     67.8
MEAN             75.8              76.4    -0.6     78.1
DAYS MAX >= 90     21              26.6    -5.6       46
DAYS MAX <= 32      0               0.0     0.0        0
DAYS MIN <= 32      0               0.0     0.0        0
DAYS MIN <= 0       0               0.0     0.0        0

PRECIPITATION (INCHES)
RECORD
 MAXIMUM        29.56   1969
 MINIMUM         1.12   1936
TOTALS          17.78             13.57    4.21    13.46
DAILY AVG.       0.19              0.15    0.04     0.14
DAYS >= .01        31              28.1     2.9       31
DAYS >= .10        24              18.9     5.1       20
DAYS >= .50        14               8.8     5.2        7
DAYS >= 1.00        5               4.1     0.9        3
GREATEST
 24 HR. TOTAL    2.84   MM

SNOWFALL (INCHES)
RECORDS
 TOTAL             MM   MM
TOTALS            0.0               0.0     0.0      0.0
SINCE 7/1         0.0               0.0     0.0      0.0
DAYS >= TRACE       0               0.0     0.0        0
DAYS >= 1.0         0               0.0     0.0        0
GREATEST
 SNOW DEPTH         0   MM
 24 HR TOTAL      0.0   MM

DEGREE_DAYS
HEATING TOTAL       0                11     -11        0
COOLING TOTAL    1025              1057     -32     1220
.................................................................

WIND (MPH)
AVERAGE WIND SPEED              8.6
HIGHEST WIND SPEED/DIRECTION    36/080    DATE  06/21
HIGHEST GUST SPEED/DIRECTION    54/030    DATE  06/21

SKY COVER
POSSIBLE SUNSHINE (PERCENT)   MM
AVERAGE SKY COVER           0.50
NUMBER OF DAYS FAIR           20
NUMBER OF DAYS PC             54
NUMBER OF DAYS CLOUDY         18

AVERAGE RH (PERCENT)     73



-  INDICATES NEGATIVE NUMBERS.
R  INDICATES RECORD WAS SET OR TIED.
MM INDICATES DATA IS MISSING.
T  INDICATES TRACE AMOUNT.

$$
