000
CXUS53 KEAX 010713 RRA
CLSMCI

CLIMATE REPORT
NATIONAL WEATHER SERVICE KANSAS CITY/PLEASANT HILL MO
207 AM CDT SAT SEP 1 2018

...................................

...THE KANSAS CITY INTERNATIONAL CLIMATE SUMMARY FOR THE SEASON, FROM
6/1/2018 TO 8/31/2018...

CLIMATE NORMAL PERIOD 1981 TO 2010
CLIMATE RECORD PERIOD 1888 TO 2018

WEATHER         OBSERVED          NORMAL  DEPART  LAST YEAR`S
                 VALUE   DATE(S)  VALUE   FROM    VALUE  DATE(S)
                                          NORMAL
................................................................
TEMPERATURE (F)
RECORD
 HIGH             113   08/14/1936
 LOW               37   06/27/2013
HIGHEST           100   07/12        99       1       98  07/22
                                                          07/21
LOWEST             56   06/05        50       6       52  08/04
AVG. MAXIMUM     88.3              86.4     1.9     85.2
AVG. MINIMUM     67.8              66.3     1.5     65.2
MEAN             78.1              76.4     1.7     75.2
DAYS MAX >= 90     46              26.6    19.4       23
DAYS MAX <= 32      0               0.0     0.0        0
DAYS MIN <= 32      0               0.0     0.0        0
DAYS MIN <= 0       0               0.0     0.0        0

PRECIPITATION (INCHES)
RECORD
 MAXIMUM        29.56   1969
 MINIMUM         1.12   1936
TOTALS          13.46             13.57   -0.11    21.62
DAILY AVG.       0.14              0.15   -0.01     0.23
DAYS >= .01        31              28.1     2.9       24
DAYS >= .10        20              18.9     1.1       17
DAYS >= .50         7               8.8    -1.8       12
DAYS >= 1.00        3               4.1    -1.1        7
GREATEST
 24 HR. TOTAL    3.29   MM

SNOWFALL (INCHES)
RECORDS
 TOTAL             MM   MM
TOTALS            0.0               0.0     0.0      0.0
SINCE 7/1         0.0               0.0     0.0      0.0
DAYS >= TRACE       0               0.0     0.0        0
DAYS >= 1.0         0               0.0     0.0        0
GREATEST
 SNOW DEPTH         0   MM
 24 HR TOTAL      0.0   MM

DEGREE_DAYS
HEATING TOTAL       0                11     -11        5
COOLING TOTAL    1220              1057     163      967
.................................................................

WIND (MPH)
AVERAGE WIND SPEED              8.6
HIGHEST WIND SPEED/DIRECTION    40/030    DATE  06/06
HIGHEST GUST SPEED/DIRECTION    60/340    DATE  06/02

SKY COVER
POSSIBLE SUNSHINE (PERCENT)    0
AVERAGE SKY COVER           0.50
NUMBER OF DAYS FAIR           32
NUMBER OF DAYS PC             46
NUMBER OF DAYS CLOUDY         14

AVERAGE RH (PERCENT)     69

WEATHER CONDITIONS. NUMBER OF DAYS WITH
  0
 12
  0
  0
  0
  0
  5
HAZE                     30

-  INDICATES NEGATIVE NUMBERS.
R  INDICATES RECORD WAS SET OR TIED.
MM INDICATES DATA IS MISSING.
T  INDICATES TRACE AMOUNT.

$$
