000
CXUS53 KEAX 011357
CLSMCI

CLIMATE REPORT
NATIONAL WEATHER SERVICE KANSAS CITY/PLEASANT HILL MO
853 AM CDT SAT JUN 1 2019

...................................

...THE KANSAS CITY INTERNATIONAL CLIMATE SUMMARY FOR THE SEASON, FROM
3/1/2019 TO 5/31/2019...

CLIMATE NORMAL PERIOD 1981 TO 2010
CLIMATE RECORD PERIOD 1888 TO 2019

WEATHER         OBSERVED          NORMAL  DEPART  LAST YEAR`S
                 VALUE   DATE(S)  VALUE   FROM    VALUE  DATE(S)
                                          NORMAL
................................................................
TEMPERATURE (F)
RECORD
 HIGH             103   05/30/1934
 LOW              -10   03/04/1978
HIGHEST            89   05/16        88       1       94  05/28
LOWEST             -2   03/04        14     -16       16  04/07
AVG. MAXIMUM     63.2              65.2    -2.0     65.7
AVG. MINIMUM     43.2              43.9    -0.7     43.9
MEAN             53.2              54.5    -1.3     54.8
DAYS MAX >= 90      0               0.6    -0.6        6
DAYS MAX <= 32      4               1.3     2.7        1
DAYS MIN <= 32     20              18.3     1.7       26
DAYS MIN <= 0       1               0.1     0.9        0

PRECIPITATION (INCHES)
RECORD
 MAXIMUM        22.90   1904
 MINIMUM         5.02   1928
TOTALS          20.33             11.30    9.03     8.16
DAILY AVG.       0.22              0.12    0.10     0.09
DAYS >= .01        35              32.0     3.0       27
DAYS >= .10        26              19.9     6.1       13
DAYS >= .50        15               8.0     7.0        3
DAYS >= 1.00        7               2.6     4.4        2
GREATEST
 24 HR. TOTAL    2.02   MM

SNOWFALL (INCHES)
RECORDS
 TOTAL           40.2   1912
TOTALS            2.8               2.6     0.2      1.9
SINCE 7/1        29.1              18.8    10.3      7.7
DAYS >= TRACE       2               2.1    -0.1        7
DAYS >= 1.0         1               0.8     0.2        1
GREATEST
 SNOW DEPTH         3   03/04
 24 HR TOTAL      2.8   MM

DEGREE_DAYS
HEATING TOTAL    1165              1079      86     1187
COOLING TOTAL      98               116     -18      280
.................................................................

WIND (MPH)
AVERAGE WIND SPEED              10.7
HIGHEST WIND SPEED/DIRECTION    45/120    DATE  05/21
HIGHEST GUST SPEED/DIRECTION    59/110    DATE  05/21

SKY COVER
POSSIBLE SUNSHINE (PERCENT)   MM
AVERAGE SKY COVER           0.60
NUMBER OF DAYS FAIR           16
NUMBER OF DAYS PC             41
NUMBER OF DAYS CLOUDY         35

AVERAGE RH (PERCENT)     69

-  INDICATES NEGATIVE NUMBERS.
R  INDICATES RECORD WAS SET OR TIED.
MM INDICATES DATA IS MISSING.
T  INDICATES TRACE AMOUNT.

$$
