000
CXUS51 KCTP 121754
CLSMDT

CLIMATE REPORT
NATIONAL WEATHER SERVICE STATE COLLEGE PA
143 PM EDT TUE MAR 12 2019

...................................

...THE HARRISBURG PA CLIMATE SUMMARY FOR THE SEASON, FROM
12/1/2018 TO 2/28/2019...

CLIMATE NORMAL PERIOD 1981 TO 2010
CLIMATE RECORD PERIOD 1888 TO 2019

WEATHER         OBSERVED          NORMAL  DEPART  LAST YEAR`S
                 VALUE   DATE(S)  VALUE   FROM    VALUE  DATE(S)
                                          NORMAL
................................................................
TEMPERATURE (F)
RECORD
 HIGH              79   02/21/2018
 LOW              -22   01/21/1994

HIGHEST            64   02/05         0      64       79  02/21
LOWEST              3   02/02         0       3       -2  01/01
                        01/31
AVG. MAXIMUM     41.3              39.6     1.7     41.7
AVG. MINIMUM     26.8              24.8     2.0     24.8
MEAN             34.0              32.2     1.8     33.2
DAYS MAX >= 90      0               0.0     0.0        0
DAYS MAX <= 32      7              19.0   -12.0       20
DAYS MIN <= 32     70              72.5    -2.5       68
DAYS MIN <= 0       0               0.4    -0.4        2

PRECIPITATION (INCHES)
RECORD
 MAXIMUM        16.70   1978
 MINIMUM         3.18   1979

TOTALS          12.58              8.50    4.08    10.62
DAILY AVG.       0.14              0.09    0.05     0.12
DAYS >= .01        41              30.2    10.8       34
DAYS >= .10        25              17.3     7.7       21
DAYS >= .50        10               6.5     3.5        9
DAYS >= 1.00        2               1.6     0.4        1
GREATEST
 24 HR. TOTAL    1.16   MM


 STORM TOTAL       MM                                 MM
 (MM/DD(HH))            MM



SNOWFALL (INCHES)
RECORDS
 TOTAL           74.8   1960
 24 HR TOTAL       MM
 SNOW DEPTH        MM   MM

TOTALS           19.9              24.4    -4.5     18.1
 LIQUID EQUIV    1.99              0.00    1.99     1.81
SINCE 7/1        28.7              25.0     3.7     18.1
 LIQUID 7/1      2.87              2.50    0.37     1.81
SNOWDEPTH AVG.      0                MM      MM        0
DAYS >= TRACE      19              13.0     6.0       19
DAYS >= 1.0         7               6.4     0.6        6
GREATEST
 SNOW DEPTH         3   02/21                          4  01/17
                        02/12
                        01/30
 24 HR TOTAL      4.9   MM


 STORM TOTAL       MM                                 MM
 (MM/DD(HH))            MM



DEGREE_DAYS
HEATING TOTAL    2765              2949    -184     2850
 SINCE 7/1         MM              3988      MM       MM
COOLING TOTAL       0                 0       0        0
 SINCE 1/1          0                 0       0        0

FREEZE DATES
RECORD
 EARLIEST     09/24/1963
 LATEST       05/11/1966
EARLIEST                        09/24
LATEST                          05/11
.................................................................

WIND (MPH)
AVERAGE WIND SPEED              7.5
RESULTANT WIND SPEED/DIRECTION   4/308
HIGHEST WIND SPEED/DIRECTION    38/280    DATE  02/25
HIGHEST GUST SPEED/DIRECTION    51/280    DATE  02/25

SKY COVER
POSSIBLE SUNSHINE (PERCENT)   MM
AVERAGE SKY COVER           0.70
NUMBER OF DAYS FAIR           14
NUMBER OF DAYS PC             36
NUMBER OF DAYS CLOUDY         40

AVERAGE RH (PERCENT)     68

WEATHER CONDITIONS. NUMBER OF DAYS WITH
THUNDERSTORM              1     MIXED PRECIP                0
HEAVY RAIN                3     RAIN                       17
LIGHT RAIN               35     FREEZING RAIN               2
LT FREEZING RAIN          6     HAIL                        1
HEAVY SNOW                1     SNOW                        5
LIGHT SNOW               18     SLEET                       4
FOG                      12     FOG W/VIS <= 1/4 MILE      12
HAZE                     27

-  INDICATES NEGATIVE NUMBERS.
R  INDICATES RECORD WAS SET OR TIED.
MM INDICATES DATA IS MISSING.
T  INDICATES TRACE AMOUNT.

$$

LA CORTE
