000
CXUS54 KJAN 030150
CLSMEI


CLIMATE REPORT
NATIONAL WEATHER SERVICE JACKSON MS
841 PM CDT SUN JUN 2 2019

...................................

...THE MERIDIAN CLIMATE SUMMARY FOR THE SEASON, FROM
3/1/2019 TO 5/31/2019...

CLIMATE NORMAL PERIOD 1981 TO 2010
CLIMATE RECORD PERIOD 1889 TO 2019

WEATHER         OBSERVED          NORMAL  DEPART  LAST YEAR`S
                 VALUE   DATE(S)  VALUE   FROM    VALUE  DATE(S)
                                          NORMAL
................................................................
TEMPERATURE (F)
RECORD
 HIGH              99   05/31/1951
                        05/30/1951
 LOW               15   03/03/1980
                        03/03/1943
HIGHEST            95   05/26        MM      MM       96  05/30
                                                          05/14
                                                          05/15
LOWEST             26   03/06        MM      MM       30  03/15
AVG. MAXIMUM     78.1              76.1     2.0     78.6
AVG. MINIMUM     54.1              50.0     4.1     52.7
MEAN             66.1              63.0     3.1     65.7
DAYS MAX >= 90     15               3.0    12.0       17
DAYS MAX <= 32      0               0.0     0.0        0
DAYS MIN <= 32      3               5.5    -2.5        3
DAYS MIN <= 0       0               0.0     0.0        0

PRECIPITATION (INCHES)
RECORD
 MAXIMUM        33.87   1980
 MINIMUM         6.38   1910
TOTALS          20.75             14.70    6.05    14.53
DAILY AVG.       0.23              0.16    0.07     0.16
DAYS >= .01        26              27.0    -1.0       28
DAYS >= .10        20              18.9     1.1       18
DAYS >= .50        12               9.5     2.5       10
DAYS >= 1.00        7               5.4     1.6        6

SNOWFALL (INCHES)
RECORDS
 TOTAL            5.7   1993
TOTALS            0.0               0.3    -0.3      0.0
SINCE 7/1         0.1               0.6    -0.5      5.3
DAYS >= TRACE       0
DAYS >= 1.0         0               0.1    -0.1        0

DEGREE_DAYS
HEATING TOTAL     341               455    -114      351
 SINCE 7/1       1922              2553    -631     2104
COOLING TOTAL     461               276     185      442
 SINCE 1/1        496               283     213      516

FREEZE DATES
RECORD
 EARLIEST     MM
 LATEST       MM
.................................................................

WIND (MPH)
AVERAGE WIND SPEED              6.1
HIGHEST WIND SPEED/DIRECTION    32/190    DATE  03/14
HIGHEST GUST SPEED/DIRECTION    44/220    DATE  04/13

SKY COVER
POSSIBLE SUNSHINE (PERCENT)   MM
AVERAGE SKY COVER           0.30
NUMBER OF DAYS FAIR           56
NUMBER OF DAYS PC             21
NUMBER OF DAYS CLOUDY         14

AVERAGE RH (PERCENT)     67

WEATHER CONDITIONS. NUMBER OF DAYS WITH
THUNDERSTORM             20     MIXED PRECIP               0
HEAVY RAIN               18     RAIN                      21
LIGHT RAIN               29     FREEZING RAIN              0
LT FREEZING RAIN          0     HAIL                       0
HEAVY SNOW                0     SNOW                       0
LIGHT SNOW                0     SLEET                      0
FOG                      42     FOG W/VIS <= 1/4 MILE      8
HAZE                      6

-  INDICATES NEGATIVE NUMBERS.
R  INDICATES RECORD WAS SET OR TIED.
MM INDICATES DATA IS MISSING.
T  INDICATES TRACE AMOUNT.

$$
