000
CXUS54 KJAN 031616
CLSMEI


CLIMATE REPORT
NATIONAL WEATHER SERVICE JACKSON MS
1005 AM CST MON DEC 3 2018

...................................

...THE MERIDIAN CLIMATE SUMMARY FOR THE SEASON, FROM
9/1/2018 TO 11/30/2018...

CLIMATE NORMAL PERIOD 1981 TO 2010
CLIMATE RECORD PERIOD 1889 TO 2018

WEATHER         OBSERVED          NORMAL  DEPART  LAST YEAR`S
                 VALUE   DATE(S)  VALUE   FROM    VALUE  DATE(S)
                                          NORMAL
................................................................
TEMPERATURE (F)
RECORD
 HIGH             105   09/04/1990
 LOW               12   11/16/2000
HIGHEST            97   09/19        MM      MM       95  09/19
                                                          09/17
LOWEST             30   11/28        MM      MM       29  11/24
                        11/27                             11/23
AVG. MAXIMUM     78.2              77.3     0.9     79.8
AVG. MINIMUM     57.7              51.8     5.9     54.9
MEAN             68.0              64.5     3.5     67.3
DAYS MAX >= 90     27              10.5    16.5       20
DAYS MAX <= 32      0               0.0     0.0        0
DAYS MIN <= 32      5               7.2    -2.2        7
DAYS MIN <= 0       0               0.0     0.0        0

PRECIPITATION (INCHES)
RECORD
 MAXIMUM        24.43   2002
 MINIMUM         1.82   1903
TOTALS          15.82             12.14    3.68     4.89
DAILY AVG.       0.18              0.13    0.05     0.06
DAYS >= .01        31              23.3     7.7       23
DAYS >= .10        19              16.2     2.8       11
DAYS >= .50        11               7.2     3.8        2
DAYS >= 1.00        4               4.0     0.0        0

SNOWFALL (INCHES)
RECORDS
 TOTAL              T   2001
                        2000
                        1998
TOTALS            0.0               0.0     0.0      0.0
SINCE 7/1         0.0               0.0     0.0      0.0
DAYS >= TRACE       0
DAYS >= 1.0         0               0.0     0.0        0

DEGREE_DAYS
HEATING TOTAL     418               450     -32      341
 SINCE 7/1        418               450     -32      341
COOLING TOTAL     706               409     297      578
 SINCE 1/1       2858              2029     829     2542

FREEZE DATES
RECORD
 EARLIEST     MM
 LATEST       MM
.................................................................

WIND (MPH)
AVERAGE WIND SPEED              4.9
HIGHEST WIND SPEED/DIRECTION    33/240    DATE  11/01
HIGHEST GUST SPEED/DIRECTION    47/230    DATE  11/01

SKY COVER
POSSIBLE SUNSHINE (PERCENT)   MM
AVERAGE SKY COVER           0.40
NUMBER OF DAYS FAIR           51
NUMBER OF DAYS PC             20
NUMBER OF DAYS CLOUDY         20

AVERAGE RH (PERCENT)     73

WEATHER CONDITIONS. NUMBER OF DAYS WITH
THUNDERSTORM             12     MIXED PRECIP               0
HEAVY RAIN               16     RAIN                      20
LIGHT RAIN               43     FREEZING RAIN              0
LT FREEZING RAIN          0     HAIL                       0
HEAVY SNOW                0     SNOW                       0
LIGHT SNOW                0     SLEET                      0
FOG                      39     FOG W/VIS <= 1/4 MILE      4
HAZE                      4

-  INDICATES NEGATIVE NUMBERS.
R  INDICATES RECORD WAS SET OR TIED.
MM INDICATES DATA IS MISSING.
T  INDICATES TRACE AMOUNT.

$$
