000
CXUS51 KCLE 082331
CLSMFD


CLIMATE REPORT
NATIONAL WEATHER SERVICE CLEVELAND OH
627 PM EST SAT DEC 8 2018

...................................

...THE MANSFIELD OH CLIMATE SUMMARY FOR THE SEASON, FROM
9/1/2018 TO 11/30/2018...

CLIMATE NORMAL PERIOD 1981 TO 2010
CLIMATE RECORD PERIOD 1916 TO 2018

WEATHER         OBSERVED          NORMAL  DEPART
                 VALUE   DATE(S)  VALUE   FROM
                                          NORMAL
................................................
TEMPERATURE (F)
RECORD
 HIGH              95   09/10/2013
 LOW                2   11/30/1976
HIGHEST            94   09/05
LOWEST             19   11/14
AVG. MAXIMUM     60.5              61.4    -0.9
AVG. MINIMUM     44.8              42.5     2.3
MEAN             52.7              52.0     0.7
DAYS MAX >= 90      6               0.3
DAYS MAX <= 32      6               2.0
DAYS MIN <= 32     24              18.5
DAYS MIN <= 0       0               0.0

PRECIPITATION (INCHES)
RECORD
 MAXIMUM        16.97   1926
 MINIMUM         2.39   1953
TOTALS          14.42             10.07    4.35
DAYS >= .01        43              32.9
DAYS >= .10        27              19.3
DAYS >= .50        10               6.4
DAYS >= 1.00        3               2.4

SNOWFALL (INCHES)
RECORDS
 TOTAL           12.5   1993
TOTALS            5.0               2.7
DAYS >= TRACE      11
DAYS >= 1.0         2               0.9

DEGREE_DAYS
HEATING TOTAL    1363              1255     108
COOLING TOTAL     258                71     187
.................................................

WIND (MPH)
HIGHEST GUST SPEED/DIRECTION    42/210    DATE  11/06

SKY COVER
POSSIBLE SUNSHINE (PERCENT)   MM
NUMBER OF DAYS FAIR           32
NUMBER OF DAYS PC             24
NUMBER OF DAYS CLOUDY         35


WEATHER CONDITIONS. NUMBER OF DAYS WITH
THUNDERSTORM              7     MIXED PRECIP               0
HEAVY RAIN                9     RAIN                      17
LIGHT RAIN               40     FREEZING RAIN              1
LT FREEZING RAIN          3     HAIL                       0
HEAVY SNOW                0     SNOW                       3
LIGHT SNOW               11     SLEET                      0
FOG                      64     FOG W/VIS <= 1/4 MILE     12
HAZE                     12

-  INDICATES NEGATIVE NUMBERS.
R  INDICATES RECORD WAS SET OR TIED.
MM INDICATES DATA IS MISSING.
T  INDICATES TRACE AMOUNT.

$$
