000
CXUS51 KCLE 041956
CLSMFD


CLIMATE REPORT
NATIONAL WEATHER SERVICE CLEVELAND OH
339 PM EDT TUE JUN 4 2019

...................................

...THE MANSFIELD OH CLIMATE SUMMARY FOR THE SEASON, FROM
3/1/2019 TO 5/31/2019...

CLIMATE NORMAL PERIOD 1981 TO 2010
CLIMATE RECORD PERIOD 1916 TO 2019

WEATHER         OBSERVED          NORMAL  DEPART
                 VALUE   DATE(S)  VALUE   FROM
                                          NORMAL
................................................
TEMPERATURE (F)
RECORD
 HIGH              92   05/18/1962
 LOW               -6   03/02/1980
HIGHEST            89   05/25
LOWEST              3   03/05
AVG. MAXIMUM     58.8              58.3     0.5
AVG. MINIMUM     39.3              38.1     1.2
MEAN             49.1              48.2     0.9
DAYS MAX >= 90      0               0.0
DAYS MAX <= 32      6               4.6
DAYS MIN <= 32     28              29.6
DAYS MIN <= 0       0               0.1

PRECIPITATION (INCHES)
RECORD
 MAXIMUM        18.41   2011
 MINIMUM         4.59   1934
TOTALS          11.57             12.07   -0.50
DAYS >= .01        55              42.1
DAYS >= .10        27              25.8
DAYS >= .50         7               8.3
DAYS >= 1.00        1               2.1

SNOWFALL (INCHES)
RECORDS
 TOTAL           34.4   2005
TOTALS            4.2              10.4
DAYS >= TRACE      13
DAYS >= 1.0         2               3.0

DEGREE_DAYS
HEATING TOTAL    1510              1591     -81
COOLING TOTAL      68                45      23
.................................................

WIND (MPH)
HIGHEST GUST SPEED/DIRECTION    56/220    DATE  05/26

SKY COVER
POSSIBLE SUNSHINE (PERCENT)   MM
NUMBER OF DAYS FAIR           24
NUMBER OF DAYS PC             43
NUMBER OF DAYS CLOUDY         25


WEATHER CONDITIONS. NUMBER OF DAYS WITH
THUNDERSTORM             12     MIXED PRECIP               0
HEAVY RAIN               12     RAIN                      21
LIGHT RAIN               47     FREEZING RAIN              0
LT FREEZING RAIN          1     HAIL                       0
HEAVY SNOW                2     SNOW                       2
LIGHT SNOW               13     SLEET                      0
FOG                      59     FOG W/VIS <= 1/4 MILE      7
HAZE                     15

-  INDICATES NEGATIVE NUMBERS.
R  INDICATES RECORD WAS SET OR TIED.
MM INDICATES DATA IS MISSING.
T  INDICATES TRACE AMOUNT.

$$
