000
CXUS51 KPBZ 011431
CLSMGW


CLIMATE REPORT
NATIONAL WEATHER SERVICE PITTSBURGH PA
930 AM EST SAT DEC 1 2018

...................................

...THE MORGANTOWN WV CLIMATE SUMMARY FOR THE SEASON, FROM
9/1/2018 TO 11/30/2018...

CLIMATE NORMAL PERIOD 1981 TO 2010
CLIMATE RECORD PERIOD 1872 TO 2018

WEATHER         OBSERVED          NORMAL  DEPART  LAST YEAR`S
                 VALUE   DATE(S)  VALUE   FROM    VALUE  DATE(S)
                                          NORMAL
................................................................
TEMPERATURE (F)
RECORD
 HIGH             102   MM
 LOW               13   11/25/2013
HIGHEST            92   09/05        MM      MM       MM  MM
                        09/04
LOWEST             20   11/11        MM      MM       MM  MM
AVG. MAXIMUM     63.6              64.7    -1.1       MM
AVG. MINIMUM     47.9              44.8     3.1       MM
MEAN             55.8              54.8     1.0       MM
DAYS MAX >= 90      4               0.6     3.4       MM
DAYS MAX <= 32      3               0.8     2.2       MM
DAYS MIN <= 32     21              14.3     6.7       MM
DAYS MIN <= 0       0               0.0     0.0       MM

PRECIPITATION (INCHES)
RECORD
 MAXIMUM           MM   MM
 MINIMUM           MM   MM
TOTALS          15.78              9.45    6.33       MM
DAILY AVG.       0.17              0.10    0.07       MM
DAYS >= .01        48              32.9    15.1       MM
DAYS >= .10        32              20.4    11.6       MM
DAYS >= .50         7               5.8     1.2       MM
DAYS >= 1.00        2               1.5     0.5       MM
GREATEST
 24 HR. TOTAL    2.77

DEGREE_DAYS
HEATING TOTAL    1097              1036      61       MM
 SINCE 7/1       1097              1048      49       MM
COOLING TOTAL     279               105     174       MM
 SINCE 1/1       1290               814     476       MM
.................................................................

WIND (MPH)
AVERAGE WIND SPEED              4.6
HIGHEST WIND SPEED/DIRECTION    28/110    DATE  09/09
HIGHEST GUST SPEED/DIRECTION    41/280    DATE  10/21

AVERAGE RH (PERCENT)     76

WEATHER CONDITIONS. NUMBER OF DAYS WITH
THUNDERSTORM              7     MIXED PRECIP               0
HEAVY RAIN               10     RAIN                      24
LIGHT RAIN               45     FREEZING RAIN              0
LT FREEZING RAIN          1     HAIL                       0
HEAVY SNOW                0     SNOW                       3
LIGHT SNOW                8     SLEET                      0
FOG                      63     FOG W/VIS <= 1/4 MILE     10
HAZE                      5

-  INDICATES NEGATIVE NUMBERS.
R  INDICATES RECORD WAS SET OR TIED.
MM INDICATES DATA IS MISSING.
T  INDICATES TRACE AMOUNT.

$$
