000
CXUS51 KPBZ 011449
CLSMGW


CLIMATE REPORT
NATIONAL WEATHER SERVICE PITTSBURGH PA
949 AM EST FRI MAR 1 2019

...................................

...THE MORGANTOWN WV CLIMATE SUMMARY FOR THE SEASON, FROM
12/1/2018 TO 2/28/2019...

CLIMATE NORMAL PERIOD 1981 TO 2010
CLIMATE RECORD PERIOD 1872 TO 2019

WEATHER         OBSERVED          NORMAL  DEPART  LAST YEAR`S
                 VALUE   DATE(S)  VALUE   FROM    VALUE  DATE(S)
                                          NORMAL
................................................................
TEMPERATURE (F)
RECORD
 HIGH              80   MM
 LOW               -9   01/29/2014
                        01/28/2014
                        01/28/2014
HIGHEST            68   02/07        MM      MM       78  02/20
LOWEST             -3   01/31        MM      MM       -6  01/07
AVG. MAXIMUM     44.5              41.4     3.1     43.5
AVG. MINIMUM     27.6              25.5     2.1     26.0
MEAN             36.0              33.4     2.6     34.7
DAYS MAX >= 90      0               0.0     0.0        0
DAYS MAX <= 32     15              21.5    -6.5       23
DAYS MIN <= 32     66              65.6     0.4       62
DAYS MIN <= 0       2               1.4     0.6        4

PRECIPITATION (INCHES)
RECORD
 MAXIMUM           MM   MM
 MINIMUM           MM   MM
TOTALS          13.22              8.32    4.90    10.70
DAILY AVG.       0.15              0.09    0.06     0.12
DAYS >= .01        47              41.2     5.8       42
DAYS >= .10        31              20.4    10.6       21
DAYS >= .50        11               5.0     6.0        8
DAYS >= 1.00        0               0.7    -0.7        3
GREATEST
 24 HR. TOTAL    0.92

DEGREE_DAYS
HEATING TOTAL    2589              2842    -253     2727
 SINCE 7/1       3686              3889    -203     3622
COOLING TOTAL       0                 0       0        5
 SINCE 1/1          0                 0       0        5
.................................................................

WIND (MPH)
AVERAGE WIND SPEED              5.4
HIGHEST WIND SPEED/DIRECTION    29/280    DATE  02/24
HIGHEST GUST SPEED/DIRECTION    42/230    DATE  02/24

AVERAGE RH (PERCENT)     71

WEATHER CONDITIONS. NUMBER OF DAYS WITH
THUNDERSTORM              3     MIXED PRECIP               0
HEAVY RAIN                5     RAIN                      22
LIGHT RAIN               35     FREEZING RAIN              1
LT FREEZING RAIN          2     HAIL                       0
HEAVY SNOW                0     SNOW                       6
LIGHT SNOW               32     SLEET                      0
FOG                      62     FOG W/VIS <= 1/4 MILE      7
HAZE                     24

-  INDICATES NEGATIVE NUMBERS.
R  INDICATES RECORD WAS SET OR TIED.
MM INDICATES DATA IS MISSING.
T  INDICATES TRACE AMOUNT.

$$
