387
CXUS53 KMKX 030127
CLSMKE

CLIMATE REPORT
NATIONAL WEATHER SERVICE IN MILWAUKEE
816 PM CDT SUN JUN 2 2019

...................................

...THE MILWAUKEE WI CLIMATE SUMMARY FOR THE SEASON, FROM
3/1/2019 TO 5/31/2019...

CLIMATE NORMAL PERIOD 1981 TO 2010
CLIMATE RECORD PERIOD 1871 TO 2019

WEATHER         OBSERVED          NORMAL  DEPART  LAST YEAR`S
                 VALUE   DATE(S)  VALUE   FROM    VALUE  DATE(S)
                                          NORMAL
................................................................
TEMPERATURE (F)
RECORD
 HIGH              95   05/27/2018
 LOW              -10   03/01/1962
HIGHEST            85   05/31        85       0       95  05/27
LOWEST             -5   03/04         7     -12       19  04/07
AVG. MAXIMUM     52.9              53.7    -0.8     53.5
AVG. MINIMUM     36.1              37.2    -1.1     36.9
MEAN             44.5              45.4    -0.9     45.2
DAYS MAX >= 90      0               0.2    -0.2        1
DAYS MAX <= 32      7               5.0     2.0        1
DAYS MIN <= 32     28              28.2    -0.2       45
DAYS MIN <= 0       1               0.1     0.9        0

PRECIPITATION (INCHES)
RECORD
 MAXIMUM        16.66   1876
 MINIMUM         2.94   1885
TOTALS          11.73              9.23    2.50    10.26
DAILY AVG.       0.13              0.10    0.03     0.11
DAYS >= .01        43              34.9     8.1       31
DAYS >= .10        27              19.0     8.0       21
DAYS >= .50         9               6.4     2.6        9
DAYS >= 1.00        1               1.9    -0.9        1
GREATEST
 24 HR. TOTAL    1.54   05/22 TO 05/22              1.37

SNOWFALL (INCHES)
RECORDS
 TOTAL           53.5   1881
TOTALS            9.1               9.1     0.0     14.0
SINCE 7/1        56.1              46.9     9.2     46.7
SNOWDEPTH AVG.      1
DAYS >= 1.0         3               2.4     0.6        3
GREATEST
 SNOW DEPTH         5   03/04                          4  04/19
                        03/02                             04/16
                        03/03                             04/17
 24 HR TOTAL      4.9   04/14 TO 04/14               3.4

DEGREE_DAYS
HEATING TOTAL    1875              1830      45     1887
 SINCE 7/1       6804              6810      -6     6499
COOLING TOTAL       9                30     -21       99
 SINCE 1/1          9                30     -21       99

FREEZE DATES
RECORD
 EARLIEST     09/20/1956
 LATEST       05/27/1961
EARLIEST                        10/17
LATEST                          04/27
.................................................................

WIND (MPH)
AVERAGE WIND SPEED              10.0
RESULTANT WIND SPEED/DIRECTION   1/331
HIGHEST WIND SPEED/DIRECTION    37/250    DATE  05/19
HIGHEST GUST SPEED/DIRECTION    59/250    DATE  05/19

SKY COVER
AVERAGE SKY COVER           0.70
NUMBER OF DAYS FAIR           13
NUMBER OF DAYS PC             34
NUMBER OF DAYS CLOUDY         45

AVERAGE RH (PERCENT)     65

-  INDICATES NEGATIVE NUMBERS.
R  INDICATES RECORD WAS SET OR TIED.
MM INDICATES DATA IS MISSING.
T  INDICATES TRACE AMOUNT.

$$
