000
CXUS53 KMKX 042308 CCA
CLSMKE

CLIMATE REPORT
NATIONAL WEATHER SERVICE IN MILWAUKEE
503 PM CST TUE DEC 4 2018

...................................

...THE MILWAUKEE WI CLIMATE SUMMARY FOR THE SEASON, FROM
9/1/2018 TO 11/30/2018...

CLIMATE NORMAL PERIOD 1981 TO 2010
CLIMATE RECORD PERIOD 1871 TO 2018

WEATHER         OBSERVED          NORMAL  DEPART  LAST YEAR`S
                 VALUE   DATE(S)  VALUE   FROM    VALUE  DATE(S)
                                          NORMAL
................................................................
TEMPERATURE (F)
RECORD
 HIGH              99   09/15/1939
 LOW              -14   11/29/1875
HIGHEST            91   09/17        88       3       95  09/22
LOWEST             17   11/14        13       4       16  11/10
AVG. MAXIMUM     57.4              58.9    -1.5     62.5
AVG. MINIMUM     43.9              43.3     0.6     46.5
MEAN             50.7              51.1    -0.4     54.5
DAYS MAX >= 90      2               0.4     1.6        4
DAYS MAX <= 32      5               2.6     2.4        1
DAYS MIN <= 32     23              16.7     6.3       15
DAYS MIN <= 0       0               0.0     0.0        0

PRECIPITATION (INCHES)
RECORD
 MAXIMUM        15.94   1985
 MINIMUM         2.07   1956
TOTALS          13.46              8.54    4.92     6.31
DAILY AVG.       0.15              0.09    0.06     0.07
DAYS >= .01        37              30.1     6.9       28
DAYS >= .10        20              16.8     3.2       17
DAYS >= .50         8               5.4     2.6        3
DAYS >= 1.00        4               1.9     2.1        0
GREATEST
 24 HR. TOTAL    2.13   09/20 TO 09/20              1.34

SNOWFALL (INCHES)
RECORDS
 TOTAL           18.7   1896
TOTALS            6.6               2.7     3.9      0.2
SINCE 7/1         6.6               2.7     3.9      0.2
DAYS >= 1.0         2               0.7     1.3        0
GREATEST
 SNOW DEPTH         2   11/09                          0
 24 HR TOTAL      3.1   11/09 TO 11/09               0.2

DEGREE_DAYS
HEATING TOTAL    1429              1339      90     1096
 SINCE 7/1       1430              1365      65     1105
COOLING TOTAL     146                76      70      162
 SINCE 1/1        929               641     288      772

FREEZE DATES
RECORD
 EARLIEST     09/20/1956
 LATEST       05/27/1961
EARLIEST                        10/17
LATEST                          04/27
.................................................................

WIND (MPH)
AVERAGE WIND SPEED              9.3
RESULTANT WIND SPEED/DIRECTION   2/265
HIGHEST WIND SPEED/DIRECTION    33/020    DATE  11/26
HIGHEST GUST SPEED/DIRECTION    52/010    DATE  11/26

SKY COVER
POSSIBLE SUNSHINE (PERCENT)   MM
AVERAGE SKY COVER           0.60
NUMBER OF DAYS FAIR           17
NUMBER OF DAYS PC             29
NUMBER OF DAYS CLOUDY         45

AVERAGE RH (PERCENT)     71

-  INDICATES NEGATIVE NUMBERS.
R  INDICATES RECORD WAS SET OR TIED.
MM INDICATES DATA IS MISSING.
T  INDICATES TRACE AMOUNT.

&&

IT WAS THE 6TH WETTEST FALL SEASON ON RECORD.

$$
