972
CXUS53 KMKX 021917 RRA
CLSMSN

CLIMATE REPORT
NATIONAL WEATHER SERVICE IN MILWAUKEE
1258 PM CST SAT MAR 2 2019

...................................

...THE MADISON WI CLIMATE SUMMARY FOR THE SEASON, FROM
12/1/2018 TO 2/28/2019...

CLIMATE NORMAL PERIOD 1981 TO 2010
CLIMATE RECORD PERIOD 1871 TO 2019

WEATHER         OBSERVED          NORMAL  DEPART  LAST YEAR`S
                 VALUE   DATE(S)  VALUE   FROM    VALUE  DATE(S)
                                          NORMAL
................................................................
TEMPERATURE (F)
RECORD
 HIGH              68   02/22/2017
 LOW              -37   01/30/1951
HIGHEST            50   01/05        53      -3       61  12/04
                        12/27
LOWEST            -26   01/31       -17      -9      -13  01/01
                        01/30
AVG. MAXIMUM     28.9              29.2    -0.3     29.3
AVG. MINIMUM     13.8              14.0    -0.2     13.2
MEAN             21.4              21.6    -0.2     21.2
DAYS MAX >= 90      0               0.0     0.0        0
DAYS MAX <= 32     54              51.7     2.3       51
DAYS MIN <= 32     86              84.8     1.2       86
DAYS MIN <= 0      17              14.8     2.2       24

PRECIPITATION (INCHES)
RECORD
 MAXIMUM         9.27   1886
 MINIMUM         0.79   1899
TOTALS           7.60              4.42    3.18     4.91
DAILY AVG.       0.09              0.05    0.04     0.05
DAYS >= .01        36              29.5     6.5       32
DAYS >= .10        17              12.4     4.6       12
DAYS >= .50         5               1.9     3.1        2
DAYS >= 1.00        1               0.5     0.5        1
GREATEST
 24 HR. TOTAL    1.10   01/07 TO 01/07              1.12

SNOWFALL (INCHES)
RECORDS
 TOTAL           88.3   2008
TOTALS           48.1              37.0    11.1     27.2
SINCE 7/1        51.5              41.1    10.4     27.5
SNOWDEPTH AVG.      2                 4      -2        1
DAYS >= 1.0        10              10.6    -0.6       10
GREATEST
 SNOW DEPTH         9   02/13                          7  02/11
                        02/02                             02/09
                        02/01
                        01/31
                        01/30
                        01/29
                        01/28
 24 HR TOTAL      8.3   02/12 TO 02/12               4.5

DEGREE_DAYS
HEATING TOTAL    3897              3907     -10     3916
 SINCE 7/1       5579              5486      93        M
COOLING TOTAL       0                 0       0        0
 SINCE 1/1          0                 0       0        0

FREEZE DATES
RECORD
 EARLIEST     09/12/1955
 LATEST       05/31/1966
EARLIEST                        10/01
LATEST                          05/10
.................................................................

WIND (MPH)
AVERAGE WIND SPEED              7.4
RESULTANT WIND SPEED/DIRECTION   1/351
HIGHEST WIND SPEED/DIRECTION    29/120    DATE  02/23
HIGHEST GUST SPEED/DIRECTION    45/280    DATE  02/24

SKY COVER
AVERAGE SKY COVER           0.70
NUMBER OF DAYS FAIR           11
NUMBER OF DAYS PC             39
NUMBER OF DAYS CLOUDY         40

AVERAGE RH (PERCENT)     76

-  INDICATES NEGATIVE NUMBERS.
R  INDICATES RECORD WAS SET OR TIED.
MM INDICATES DATA IS MISSING.
T  INDICATES TRACE AMOUNT.

$$
