000
CXUS53 KMKX 030128
CLSMSN

CLIMATE REPORT
NATIONAL WEATHER SERVICE IN MILWAUKEE
816 PM CDT SUN JUN 2 2019

...................................

...THE MADISON WI CLIMATE SUMMARY FOR THE SEASON, FROM
3/1/2019 TO 5/31/2019...

CLIMATE NORMAL PERIOD 1981 TO 2010
CLIMATE RECORD PERIOD 1871 TO 2019

WEATHER         OBSERVED          NORMAL  DEPART  LAST YEAR`S
                 VALUE   DATE(S)  VALUE   FROM    VALUE  DATE(S)
                                          NORMAL
................................................................
TEMPERATURE (F)
RECORD
 HIGH             101   05/31/1934
 LOW              -29   03/01/1962
HIGHEST            82   05/31        85      -3       95  05/27
LOWEST            -10   03/04         3     -13       14  04/08
                                                          04/05
                                                          04/07
AVG. MAXIMUM     54.5              56.3    -1.8     55.5
AVG. MINIMUM     34.6              35.6    -1.0     34.4
MEAN             44.6              45.9    -1.3     45.0
DAYS MAX >= 90      0               0.1    -0.1        4
DAYS MAX <= 32      7               5.2     1.8        4
DAYS MIN <= 32     35              35.7    -0.7       51
DAYS MIN <= 0       3               0.4     2.6        0

PRECIPITATION (INCHES)
RECORD
 MAXIMUM        17.42   1973
 MINIMUM         2.35   1936
TOTALS          10.31              9.15    1.16    12.66
DAILY AVG.       0.11              0.10    0.01     0.14
DAYS >= .01        36              34.5     1.5       32
DAYS >= .10        24              19.2     4.8       22
DAYS >= .50         5               5.7    -0.7        9
DAYS >= 1.00        3               1.7     1.3        4
GREATEST
 24 HR. TOTAL    1.29   05/24 TO 05/24              1.51

SNOWFALL (INCHES)
RECORDS
 TOTAL           32.7   1923
TOTALS            5.7               9.8    -4.1     16.9
SINCE 7/1        57.2              50.9     6.3     44.4
DAYS >= 1.0         4               2.8     1.2        4
GREATEST
 SNOW DEPTH         5   03/03                          7  04/19
                        03/02
 24 HR TOTAL      1.7   04/10 TO 04/10               7.2

DEGREE_DAYS
HEATING TOTAL    1880              1786      94     1916
 SINCE 7/1       7459              7273     186     7191
COOLING TOTAL      20                30     -10      101
 SINCE 1/1         20                30     -10      101

FREEZE DATES
RECORD
 EARLIEST     09/12/1955
 LATEST       05/31/1966
EARLIEST                        10/01
LATEST                          05/10
.................................................................

WIND (MPH)
AVERAGE WIND SPEED              7.8
RESULTANT WIND SPEED/DIRECTION   1/086
HIGHEST WIND SPEED/DIRECTION    35/090    DATE  05/22
HIGHEST GUST SPEED/DIRECTION    46/080    DATE  05/22

SKY COVER
AVERAGE SKY COVER           0.60
NUMBER OF DAYS FAIR           16
NUMBER OF DAYS PC             43
NUMBER OF DAYS CLOUDY         33

AVERAGE RH (PERCENT)     68

-  INDICATES NEGATIVE NUMBERS.
R  INDICATES RECORD WAS SET OR TIED.
MM INDICATES DATA IS MISSING.
T  INDICATES TRACE AMOUNT.

$$
