000
CXUS53 KILX 012207 CCA
CLSMTO

CLIMATE REPORT
NATIONAL WEATHER SERVICE LINCOLN IL
1037 AM CST FRI MAR 1 2019

...................................

...THE MATTOON IL AIRPORT CLIMATE SUMMARY FOR THE SEASON, FROM
12/1/2018 TO 2/28/2019...

CLIMATE NORMAL PERIOD 1981 TO 2010
CLIMATE RECORD PERIOD 9999 TO 9999

WEATHER         OBSERVED          NORMAL  DEPART  LAST YEAR`S
                 VALUE   DATE(S)  VALUE   FROM    VALUE
                                          NORMAL
.............................................................
TEMPERATURE (F)
RECORD
 HIGH              MM   MM
 LOW               MM   MM
HIGHEST            60   12/01        MM      MM       69
LOWEST            -12   01/30        MM      MM      -11
AVG. MAXIMUM     39.0              37.6     1.4     38.4
AVG. MINIMUM     23.8              22.5     1.3     21.1
MEAN             31.4              30.0     1.4     29.8
DAYS MAX >= 90      0               0.0     0.0        0
DAYS MAX <= 32     25              27.4    -2.4       31
DAYS MIN <= 32     73              72.4     0.6       71
DAYS MIN <= 0       2               3.2    -1.2       11

PRECIPITATION (INCHES)
RECORD
 MAXIMUM           MM   MM
 MINIMUM           MM   MM
TOTALS           5.17              6.75   -1.58     3.71
DAILY AVG.       0.06                               0.04
DAYS >= .01        23                MM      MM       18
DAYS >= .10        11                MM      MM        8
DAYS >= .50         3                MM      MM        3
DAYS >= 1.00        0                MM      MM        0
GREATEST
 24 HR. TOTAL    0.90   12/31 TO 12/31              0.87

DEGREE_DAYS
HEATING TOTAL    3007              3145    -138     3163
 SINCE 7/1       4259              4204      55     4093
COOLING TOTAL       0                 0       0        0
 SINCE 1/1          0                 0       0        0

FREEZE DATES
RECORD
 EARLIEST     MM
 LATEST       MM
EARLIEST                        MM
LATEST                          MM
..............................................................

WIND (MPH)
AVERAGE WIND SPEED              10.3
HIGHEST WIND SPEED/DIRECTION    40/010    DATE  01/19
HIGHEST GUST SPEED/DIRECTION    56/260    DATE  02/24

SKY COVER
POSSIBLE SUNSHINE (PERCENT)   MM
AVERAGE SKY COVER           0.60
NUMBER OF DAYS FAIR           27
NUMBER OF DAYS PC             25
NUMBER OF DAYS CLOUDY         38

AVERAGE RH (PERCENT)     82

WEATHER CONDITIONS. NUMBER OF DAYS WITH
THUNDERSTORM              3     MIXED PRECIP               0
HEAVY RAIN                8     RAIN                      16
LIGHT RAIN               26     FREEZING RAIN              1
LT FREEZING RAIN          4     HAIL                       0
HEAVY SNOW                0     SNOW                       2
LIGHT SNOW               23     SLEET                      0
FOG                      62     FOG W/VIS <= 1/4 MILE     12
HAZE                      9

-  INDICATES NEGATIVE NUMBERS.
R  INDICATES RECORD WAS SET OR TIED.
MM INDICATES DATA IS MISSING.
T  INDICATES TRACE AMOUNT.

$$
