803
CXUS51 KOKX 011722
CLSNYC

CLIMATE REPORT
NATIONAL WEATHER SERVICE NEW YORK NY
112 PM EDT SAT JUN 1 2019

...................................

...THE CENTRAL PARK NY CLIMATE SUMMARY FOR THE SEASON, FROM
3/1/2019 TO 5/31/2019...

CLIMATE NORMAL PERIOD 1981 TO 2010
CLIMATE RECORD PERIOD 1869 TO 2019

WEATHER         OBSERVED          NORMAL  DEPART  LAST YEAR`S
                 VALUE   DATE(S)  VALUE   FROM    VALUE
                                          NORMAL
.............................................................
TEMPERATURE (F)
RECORD
 HIGH              99   05/19/1962
 LOW                3   03/05/1872
HIGHEST            86   05/26        MM      MM
LOWEST             18   03/07        MM      MM
AVG. MAXIMUM     60.6              60.5     0.1
AVG. MINIMUM     45.6              44.7     0.9
MEAN             53.1              52.6     0.5
DAYS MAX >= 90      0               0.8    -0.8
DAYS MAX <= 32      3               0.9     2.1
DAYS MIN <= 32      9              10.6    -1.6
DAYS MIN <= 0       0               0.0     0.0

PRECIPITATION (INCHES)
RECORD
 MAXIMUM        29.15   1983
 MINIMUM         4.95   1885
TOTALS          15.24             13.05    2.19    14.48
DAILY AVG.       0.16              0.14    0.02
DAYS >= .01        46              33.5    12.5
DAYS >= .10        28              21.4     6.6
DAYS >= .50        14               8.3     5.7
DAYS >= 1.00        3               3.3    -0.3
GREATEST
 24 HR. TOTAL    1.32   MM
 STORM TOTAL       MM
 (MM/DD(HH))            MM

SNOWFALL (INCHES)
RECORDS
 TOTAL           33.5   1896
 24 HR TOTAL     16.5   03/12/1888 TO 03/12/1888
TOTALS           10.4               4.5     5.9
 LIQUID EQUIV    1.04              0.40    0.64
SINCE 7/1        20.5              25.8    -5.3
 LIQUID 7/1      2.05
DAYS >= TRACE       5               2.1     2.9
DAYS >= 1.0         4               1.2     2.8
GREATEST
 SNOW DEPTH         4   03/04
                        03/02
 24 HR TOTAL      4.0   MM
 STORM TOTAL       MM
 (MM/DD(HH))            MM

DEGREE_DAYS
HEATING TOTAL    1129              1208     -79
 SINCE 7/1         MM              4731      MM
COOLING TOTAL      55                69     -14
 SINCE 1/1         55                69     -14
..............................................................

WIND (MPH)
AVERAGE WIND SPEED              4.5
HIGHEST WIND SPEED/DIRECTION    24/270    DATE  04/15
HIGHEST GUST SPEED/DIRECTION    39/280    DATE  04/15

SKY COVER
POSSIBLE SUNSHINE (PERCENT)   MM
AVERAGE SKY COVER           0.50
NUMBER OF DAYS FAIR           36
NUMBER OF DAYS PC             36
NUMBER OF DAYS CLOUDY         20

AVERAGE RH (PERCENT)     60

WEATHER CONDITIONS. NUMBER OF DAYS WITH
  0
 26
  0
  0
  3
  0
  4
HAZE                     21

-  INDICATES NEGATIVE NUMBERS.
R  INDICATES RECORD WAS SET OR TIED.
MM INDICATES DATA IS MISSING.
T  INDICATES TRACE AMOUNT.

$$
