000
CXUS51 KOKX 031833 RRB
CLSNYC

CLIMATE REPORT
NATIONAL WEATHER SERVICE NEW YORK NY
130 PM EST MON DEC 3 2018

...................................

...THE CENTRAL PARK NY CLIMATE SUMMARY FOR THE SEASON, FROM
9/1/2018 TO 11/30/2018...

CLIMATE NORMAL PERIOD 1981 TO 2010
CLIMATE RECORD PERIOD 1869 TO 2018

WEATHER         OBSERVED          NORMAL  DEPART  LAST YEAR`S
                 VALUE   DATE(S)  VALUE   FROM    VALUE
                                          NORMAL
.............................................................
TEMPERATURE (F)
RECORD
 HIGH             102   09/02/1953
 LOW                7   11/30/1875
HIGHEST            93   09/06        MM      MM
LOWEST             15   11/23        MM      MM
AVG. MAXIMUM     63.1              64.3    -1.2
AVG. MINIMUM     52.0              50.8     1.2
MEAN             57.6              57.5     0.1
DAYS MAX >= 90      3               0.6     2.4
DAYS MAX <= 32      2               0.1     1.9
DAYS MIN <= 32      6               2.6     3.4
DAYS MIN <= 0       0               0.0     0.0

PRECIPITATION (INCHES)
RECORD
 MAXIMUM        22.13   1913
 MINIMUM         4.00   1908
TOTALS          17.40             12.70    4.70     7.76
DAILY AVG.       0.19              0.14    0.05
DAYS >= .01        38              27.2    10.8
DAYS >= .10        25              17.7     7.3
DAYS >= .50        14               8.2     5.8
DAYS >= 1.00        5               3.9     1.1
GREATEST
 24 HR. TOTAL    1.95   MM
 STORM TOTAL       MM
 (MM/DD(HH))            MM

SNOWFALL (INCHES)
RECORDS
 TOTAL           19.0   1898
 24 HR TOTAL       MM
TOTALS            6.4               0.3     6.1
 LIQUID EQUIV    0.64              0.00    0.64
SINCE 7/1         6.4               0.3     6.1
 LIQUID 7/1      0.64
DAYS >= TRACE       3               0.2     2.8
DAYS >= 1.0         1               0.1     0.9
GREATEST
 SNOW DEPTH         4   11/16
 24 HR TOTAL      6.4   MM
 STORM TOTAL       MM
 (MM/DD(HH))            MM

DEGREE_DAYS
HEATING TOTAL     913               831      82
 SINCE 7/1         MM               833      MM
COOLING TOTAL     265               151     114
 SINCE 1/1       1433              1105     328
..............................................................

WIND (MPH)
AVERAGE WIND SPEED              2.8
HIGHEST WIND SPEED/DIRECTION    16/290    DATE  10/12
HIGHEST GUST SPEED/DIRECTION    31/030    DATE  09/06

SKY COVER
POSSIBLE SUNSHINE (PERCENT)   MM
AVERAGE SKY COVER           0.50
NUMBER OF DAYS FAIR           29
NUMBER OF DAYS PC             30
NUMBER OF DAYS CLOUDY         32

AVERAGE RH (PERCENT)     71

WEATHER CONDITIONS. NUMBER OF DAYS WITH
  0
 23
  0
  0
  1
  0
  1
HAZE                     10

-  INDICATES NEGATIVE NUMBERS.
R  INDICATES RECORD WAS SET OR TIED.
MM INDICATES DATA IS MISSING.
T  INDICATES TRACE AMOUNT.

$$
