602
CXUS51 KOKX 011412
CLSNYC

CLIMATE REPORT
NATIONAL WEATHER SERVICE NEW YORK NY
911 AM EST FRI MAR 1 2019

...................................

...THE CENTRAL PARK NY CLIMATE SUMMARY FOR THE SEASON, FROM
12/1/2018 TO 2/28/2019...

CLIMATE NORMAL PERIOD 1981 TO 2010
CLIMATE RECORD PERIOD 1869 TO 2019

WEATHER         OBSERVED          NORMAL  DEPART  LAST YEAR`S
                 VALUE   DATE(S)  VALUE   FROM    VALUE
                                          NORMAL
.............................................................
TEMPERATURE (F)
RECORD
 HIGH              78   02/21/2018
 LOW              -15   02/09/1934
HIGHEST            65   02/05        MM      MM
LOWEST              2   01/31        MM      MM
AVG. MAXIMUM     42.4              41.0     1.4
AVG. MINIMUM     30.2              29.3     0.9
MEAN             36.3              35.1     1.2
DAYS MAX >= 90      0               0.0     0.0
DAYS MAX <= 32      8              16.6    -8.6
DAYS MIN <= 32     51              52.4    -1.4
DAYS MIN <= 0       0               0.0     0.0

PRECIPITATION (INCHES)
RECORD
 MAXIMUM        20.71   1979
 MINIMUM         4.22   1901
TOTALS          13.23             10.74    2.49    10.22
DAILY AVG.       0.15              0.12    0.03
DAYS >= .01        35              30.2     4.8
DAYS >= .10        21              18.9     2.1
DAYS >= .50        11               7.5     3.5
DAYS >= 1.00        5               3.0     2.0
GREATEST
 24 HR. TOTAL    1.61   MM
 STORM TOTAL       MM
 (MM/DD(HH))            MM

SNOWFALL (INCHES)
RECORDS
 TOTAL           60.9   2011
 24 HR TOTAL     27.3   02/29/2016 TO 02/29/2016
                        02/29/2016 TO 02/29/2016
                        02/29/2016 TO 02/29/2016
TOTALS            3.7              21.0   -17.3
 LIQUID EQUIV    0.37              2.10   -1.73
SINCE 7/1        10.1              21.3   -11.2
 LIQUID 7/1      1.01
DAYS >= TRACE      17               9.1     7.9
DAYS >= 1.0         2               4.9    -2.9
GREATEST
 SNOW DEPTH         1   02/21
                        02/13
                        01/18
 24 HR TOTAL      1.3   MM
 STORM TOTAL       MM
 (MM/DD(HH))            MM

DEGREE_DAYS
HEATING TOTAL    2562              2690    -128
 SINCE 7/1         MM              3522      MM
COOLING TOTAL       0                 0       0
 SINCE 1/1          0                 0       0
..............................................................

WIND (MPH)
AVERAGE WIND SPEED              MM
HIGHEST WIND SPEED/DIRECTION    MM        DATE   MM
HIGHEST GUST SPEED/DIRECTION    MM        DATE   MM

SKY COVER
POSSIBLE SUNSHINE (PERCENT)   MM
AVERAGE SKY COVER           0.40
NUMBER OF DAYS FAIR           39
NUMBER OF DAYS PC             30
NUMBER OF DAYS CLOUDY         21

AVERAGE RH (PERCENT)     59

WEATHER CONDITIONS. NUMBER OF DAYS WITH
  0
 19
  3
  0
  3
  0
  1
HAZE                      3

-  INDICATES NEGATIVE NUMBERS.
R  INDICATES RECORD WAS SET OR TIED.
MM INDICATES DATA IS MISSING.
T  INDICATES TRACE AMOUNT.

$$
