000
CXUS53 KEAX 010714 RRA
CLSOJC

CLIMATE REPORT
NATIONAL WEATHER SERVICE KANSAS CITY/PLEASANT HILL MO
207 AM CDT SAT SEP 1 2018

...................................

...THE JOHNSON COUNTY EXECUTIVE CLIMATE SUMMARY FOR THE SEASON, FROM
6/1/2018 TO 8/31/2018...

CLIMATE NORMAL PERIOD 1981 TO 2010
CLIMATE RECORD PERIOD 9999 TO 9999

WEATHER         OBSERVED          NORMAL  DEPART  LAST YEAR`S
                 VALUE   DATE(S)  VALUE   FROM    VALUE  DATE(S)
                                          NORMAL
................................................................
TEMPERATURE (F)
HIGHEST            99   07/12        98       1       98  07/22
LOWEST             58   06/05        52       6       50  06/26
                        06/04
AVG. MAXIMUM     87.5              86.0     1.5     83.9
AVG. MINIMUM     68.2              66.9     1.3     65.1
MEAN             77.8              76.4     1.4     74.5
DAYS MAX >= 90     43              29.6    13.4       15
DAYS MAX <= 32      0               0.0     0.0        0
DAYS MIN <= 32      0               0.0     0.0        0
DAYS MIN <= 0       0               0.0     0.0        0

PRECIPITATION (INCHES)
TOTALS           7.38             13.22   -5.84    25.24
DAILY AVG.       0.08              0.14   -0.06     0.27
DAYS >= .01        23              28.2    -5.2       26
DAYS >= .10        15              19.5    -4.5       18
DAYS >= .50         5               8.4    -3.4       13
DAYS >= 1.00        2               4.6    -2.6        9
GREATEST
 24 HR. TOTAL    1.27   MM

DEGREE_DAYS
HEATING TOTAL       0                 9      -9        8
COOLING TOTAL    1203              1060     143      911
.................................................................

WIND (MPH)
AVERAGE WIND SPEED              7.4
HIGHEST WIND SPEED/DIRECTION    38/330    DATE  06/02
HIGHEST GUST SPEED/DIRECTION    58/330    DATE  06/02

SKY COVER
POSSIBLE SUNSHINE (PERCENT)    0
AVERAGE SKY COVER           0.20
NUMBER OF DAYS FAIR           74
NUMBER OF DAYS PC             15
NUMBER OF DAYS CLOUDY          3

AVERAGE RH (PERCENT)     71

WEATHER CONDITIONS. NUMBER OF DAYS WITH
  0
 14
  0
  0
  0
  0
  1
HAZE                      6

-  INDICATES NEGATIVE NUMBERS.
R  INDICATES RECORD WAS SET OR TIED.
MM INDICATES DATA IS MISSING.
T  INDICATES TRACE AMOUNT.

$$
