000
CXUS53 KEAX 010739
CLSOJC

CLIMATE REPORT
NATIONAL WEATHER SERVICE KANSAS CITY/PLEASANT HILL MO
134 AM CST FRI MAR 1 2019

...................................

...THE JOHNSON COUNTY EXECUTIVE CLIMATE SUMMARY FOR THE SEASON, FROM
12/1/2018 TO 2/28/2019...

CLIMATE NORMAL PERIOD 1981 TO 2010
CLIMATE RECORD PERIOD 9999 TO 9999

WEATHER         OBSERVED          NORMAL  DEPART  LAST YEAR`S
                 VALUE   DATE(S)  VALUE   FROM    VALUE  DATE(S)
                                          NORMAL
................................................................
TEMPERATURE (F)
HIGHEST            64   02/03        68      -4       70  12/04
LOWEST             -5   01/30         2      -7       -9  01/01
AVG. MAXIMUM     39.0              41.5    -2.5     41.0
AVG. MINIMUM     22.4              23.3    -0.9     21.6
MEAN             30.7              32.4    -1.7     31.3
DAYS MAX >= 90      0               0.0     0.0        0
DAYS MAX <= 32     30              20.8     9.2       29
DAYS MIN <= 32     79              70.2     8.8       72
DAYS MIN <= 0       1               3.0    -2.0        8

PRECIPITATION (INCHES)
TOTALS           4.67              4.33    0.34     1.78
DAILY AVG.       0.05              0.05    0.00     0.02
DAYS >= .01        19              17.8     1.2       15
DAYS >= .10        11               9.9     1.1        4
DAYS >= .50         3               2.6     0.4        0
DAYS >= 1.00        0               0.9    -0.9        0
GREATEST
 24 HR. TOTAL    0.99   MM

DEGREE_DAYS
HEATING TOTAL    3057              2939     118     3018
COOLING TOTAL       0                 0       0        0
.................................................................

WIND (MPH)
AVERAGE WIND SPEED              9.1
HIGHEST WIND SPEED/DIRECTION    39/320    DATE  01/28
HIGHEST GUST SPEED/DIRECTION    54/320    DATE  01/28

SKY COVER
POSSIBLE SUNSHINE (PERCENT)   MM
AVERAGE SKY COVER           0.50
NUMBER OF DAYS FAIR           37
NUMBER OF DAYS PC             22
NUMBER OF DAYS CLOUDY         31

AVERAGE RH (PERCENT)     77

-  INDICATES NEGATIVE NUMBERS.
R  INDICATES RECORD WAS SET OR TIED.
MM INDICATES DATA IS MISSING.
T  INDICATES TRACE AMOUNT.

$$
