000
CXUS53 KDDC 031606
CLSP28


CLIMATE REPORT
NATIONAL WEATHER SERVICE DODGE CITY KS
1037 AM CDT MON JUN 3 2019

...................................

...THE MEDICINE LODGE KS CLIMATE SUMMARY FOR THE SEASON, FROM
3/1/2019 TO 5/31/2019...

CLIMATE NORMAL PERIOD 1981 TO 2010
CLIMATE RECORD PERIOD 1893 TO 2019

WEATHER         OBSERVED          NORMAL  DEPART  LAST YEAR`S
                 VALUE   DATE(S)  VALUE   FROM    VALUE  DATE(S)
                                          NORMAL
................................................................
TEMPERATURE (F)
RECORD
 HIGH             106   05/31/1953
 LOW               -7   03/03/2014
                        03/03/1960
HIGHEST            91   05/15        MM      MM       96  04/12
LOWEST              4   03/05        MM      MM       18  03/12
AVG. MAXIMUM     66.7              68.9    -2.2     72.7
AVG. MINIMUM     42.5              44.3    -1.8     43.6
MEAN             54.6              56.6    -2.0     58.1
DAYS MAX >= 90      3               3.7    -0.7       19
DAYS MAX <= 32      2               0.6     1.4        0
DAYS MIN <= 32     16              15.9     0.1       25
DAYS MIN <= 0       0               0.0     0.0        0

PRECIPITATION (INCHES)
RECORD
 MAXIMUM        17.27   1957
 MINIMUM         1.13   1966
TOTALS          15.87              7.99    7.88     8.13
DAILY AVG.       0.17              0.09    0.08     0.09
DAYS >= .01        29              24.8     4.2       25
DAYS >= .10        18              14.3     3.7       17
DAYS >= .50        11               6.3     4.7        7
DAYS >= 1.00        5               2.4     2.6        1
GREATEST
 24 HR. TOTAL    2.87   05/20 TO 05/21           05/29 TO 05/29

SNOWFALL (INCHES)
RECORDS
 TOTAL           25.0   1983
 24 HR TOTAL     12.0   03/16/1970 TO 03/16/1970
 SNOW DEPTH        12   03/16/1970
TOTALS            2.5               0.1     2.4      0.0
SINCE 7/1         9.8               8.5     1.3        T
DAYS >= TRACE       1               0.3     0.7        0
DAYS >= 1.0         1               0.0     1.0        0
GREATEST
 SNOW DEPTH         3   03/04                          0  MM
 24 HR TOTAL      2.5   03/03 TO 03/03           05/29 TO 05/29

DEGREE_DAYS
HEATING TOTAL    1024               925      99      934
 SINCE 7/1       4753              4455     298     4319
COOLING TOTAL      92               156     -64      332
 SINCE 1/1         92               156     -64      332

.................................................................

WIND (MPH)
AVERAGE WIND SPEED              9.7
RESULTANT WIND SPEED/DIRECTION   1/083
HIGHEST WIND SPEED/DIRECTION    43/180    DATE  03/13
HIGHEST GUST SPEED/DIRECTION    63/310    DATE  03/09

AVERAGE RH (PERCENT)     69


-  INDICATES NEGATIVE NUMBERS.
R  INDICATES RECORD WAS SET OR TIED.
MM INDICATES DATA IS MISSING.
T  INDICATES TRACE AMOUNT.

$$
