000
CXUS53 KDDC 031853
CLSP28

CLIMATE REPORT
NATIONAL WEATHER SERVICE DODGE CITY KS
1230 PM CST MON DEC 3 2018

...................................

...THE MEDICINE LODGE KS CLIMATE SUMMARY FOR THE SEASON, FROM
9/1/2018 TO 11/30/2018...

CLIMATE NORMAL PERIOD 1981 TO 2010
CLIMATE RECORD PERIOD 1893 TO 2018

WEATHER         OBSERVED          NORMAL  DEPART  LAST YEAR`S
                 VALUE   DATE(S)  VALUE   FROM    VALUE  DATE(S)
                                          NORMAL
................................................................
TEMPERATURE (F)
RECORD
 HIGH             113   09/29/1984
 LOW                0   11/29/1976
HIGHEST            97   09/01        MM      MM       98  09/21
LOWEST              9   11/13        MM      MM       18  10/28
AVG. MAXIMUM     68.1              71.0    -2.9     72.7
AVG. MINIMUM     44.8              45.8    -1.0     46.7
MEAN             56.4              58.4    -2.0     59.7
DAYS MAX >= 90      9               8.7     0.3        9
DAYS MAX <= 32      0               0.2    -0.2        0
DAYS MIN <= 32     23              16.6     6.4       15
DAYS MIN <= 0       0               0.0     0.0        0

PRECIPITATION (INCHES)
RECORD
 MAXIMUM        21.01   1923
 MINIMUM         0.31   1939
TOTALS          14.24              5.87    8.37     7.68
DAILY AVG.       0.16              0.06    0.10     0.09
DAYS >= .01        24              17.1     6.9       15
DAYS >= .10        13               9.3     3.7       10
DAYS >= .50         6               3.5     2.5        2
DAYS >= 1.00        5               1.3     3.7        2
GREATEST
 24 HR. TOTAL    5.70   10/07 TO 10/08           09/25 TO 09/25

SNOWFALL (INCHES)
RECORDS
 TOTAL           11.0   1972
 24 HR TOTAL      8.0   11/18/1972 TO 11/18/1972
 SNOW DEPTH         6   11/05/1951
TOTALS            1.3               0.2     1.1      0.0
SINCE 7/1         1.3               0.2     1.1      0.0
SNOWDEPTH AVG.      0                MM      MM        0
DAYS >= TRACE       4               0.2     3.8        0
DAYS >= 1.0         1               0.1     0.9        0
GREATEST
 SNOW DEPTH         1   11/13                          0  MM
                        11/12
 24 HR TOTAL      1.1   11/12 TO 11/12           09/25 TO 09/25

DEGREE_DAYS
HEATING TOTAL    1033               858     175      760
 SINCE 7/1       1033               858     175      760
COOLING TOTAL     281               259      22      297
 SINCE 1/1       1998              1770     228     1656

.................................................................

WIND (MPH)
AVERAGE WIND SPEED              8.4
RESULTANT WIND SPEED/DIRECTION   2/085
HIGHEST WIND SPEED/DIRECTION    40/340    DATE  11/25
HIGHEST GUST SPEED/DIRECTION    57/320    DATE  11/25

AVERAGE RH (PERCENT)     72


-  INDICATES NEGATIVE NUMBERS.
R  INDICATES RECORD WAS SET OR TIED.
MM INDICATES DATA IS MISSING.
T  INDICATES TRACE AMOUNT.

$$
