727
CXUS54 KLZK 022153
CLSPBF


CLIMATE REPORT
NATIONAL WEATHER SERVICE LITTLE ROCK AR
349 PM CST SUN DEC 2 2018

...................................

...THE PINE BLUFF CLIMATE SUMMARY FOR THE SEASON, FROM
9/1/2018 TO 11/30/2018...

CLIMATE NORMAL PERIOD 1981 TO 2010
CLIMATE RECORD PERIOD 1883 TO 2018

WEATHER         OBSERVED          NORMAL  DEPART  LAST YEAR`S
                 VALUE   DATE(S)  VALUE   FROM    VALUE  DATE(S)
                                          NORMAL
................................................................
TEMPERATURE (F)
RECORD
 HIGH             110   09/06/1925
                        09/05/1925
 LOW               14   11/29/1976
                        11/19/1903
HIGHEST            96   09/19        75      21       93  09/23
                                                          09/17
LOWEST             25   11/15        53     -28       24  11/23
AVG. MAXIMUM     72.5              74.8    -2.3     76.9
AVG. MINIMUM     53.9              52.3     1.6     52.2
MEAN             63.2              63.6    -0.4     64.6
DAYS MAX >= 90     17               9.1     7.9       15
DAYS MAX <= 32      0               0.0     0.0        0
DAYS MIN <= 32     10               3.6     6.4        8
DAYS MIN <= 0       0               0.0     0.0        0

PRECIPITATION (INCHES)
RECORD
 MAXIMUM        26.25   1984
 MINIMUM         2.01   2017
TOTALS          22.78             12.52   10.26     2.01
DAILY AVG.       0.25              0.14    0.11     0.02
DAYS >= .01        35              24.7    10.3       13
DAYS >= .10        26                                  5
DAYS >= .50        16                                  2
DAYS >= 1.00        7               4.0     3.0        0
GREATEST
 24 HR. TOTAL    3.38   09/21 TO 09/22

SNOWFALL (INCHES)
RECORDS
 TOTAL            5.0   1929
 24 HR TOTAL      5.0   11/22/1929 TO 11/22/1929
 SNOW DEPTH         5   11/22/1929
TOTALS            1.0               0.0     1.0      0.0
 LIQUID EQUIV    0.10                 T    0.10     0.00
SINCE 7/1         1.0               0.0     1.0      0.0
 LIQUID 7/1      0.10              0.00    0.10     0.00
SNOWDEPTH AVG.      0                 0       0        0
DAYS >= TRACE       4               0.0     4.0       MM
DAYS >= 1.0         1               0.0     1.0       MM
GREATEST
 SNOW DEPTH         1   11/15                          0  MM
 24 HR TOTAL      1.0   11/14 TO 11/14

DEGREE_DAYS
HEATING TOTAL     635               504     131      463
 SINCE 7/1         MM               504      MM      463
COOLING TOTAL     497               372     125      448
 SINCE 1/1       2431              2131     300     2094

FREEZE DATES
RECORD
 EARLIEST     10/10/2000
 LATEST       04/25/1910
EARLIEST                        11/12
LATEST                          03/16
.................................................................

WIND (MPH)
AVERAGE WIND SPEED              6.1
HIGHEST WIND SPEED/DIRECTION    41/200    DATE  09/21
HIGHEST GUST SPEED/DIRECTION    55/190    DATE  09/21

SKY COVER
POSSIBLE SUNSHINE (PERCENT)   MM
AVERAGE SKY COVER           0.40
NUMBER OF DAYS FAIR           46
NUMBER OF DAYS PC             22
NUMBER OF DAYS CLOUDY         23

AVERAGE RH (PERCENT)     74

-  INDICATES NEGATIVE NUMBERS.
R  INDICATES RECORD WAS SET OR TIED.
MM INDICATES DATA IS MISSING.
T  INDICATES TRACE AMOUNT.

&&

...Data for Pine Bluff for Fall 2018...

.Summary...
The warmth of September and October quickly gave way to the cold of
November. This steered the season as a whole to well below average,
and even into record territory, at least for high temperatures.

Due to above average rainfall in October and November, and record
rainfall in September, the season ended up being one of the wettest
falls since records at Pine Bluff began in 1883. There were 35 days
with measurable rainfall, which is the most since 2007, and the 2nd
highest on record for the fall season (behind the 36 days in 2007).

This was the first fall in four years with measurable snowfall, and
the snow was the highest amount during the fall season in 38 years.
There were four days with snowfall, measurable or not, which was the
most since 2014, and the highest number on record for the fall
season. The previous record was three days, which was in 2014.

.Average Temperatures...
The average high temperature was the coldest since 2009, and the
10th coldest on record. The average low temperature was the warmest
since 2016. The average seasonal temperature was the coldest since
2014.

.Rainfall...
This was the wettest fall since 2009, and the 5th wettest on record.

.Snowfall...
This was the snowiest fall since 1980, and the third snowiest fall
on record. Only 1929 had more snow, and this was when 5.0 inches
fell on November 22 of that year.

$$

57
