000
CXUS51 KPBZ 011431
CLSPHD


CLIMATE REPORT
NATIONAL WEATHER SERVICE PITTSBURGH PA
1029 AM EDT SAT JUN 1 2019

...................................

...THE NEW PHILADELPHIA OH CLIMATE SUMMARY FOR THE SEASON, FROM
3/1/2019 TO 5/31/2019...

CLIMATE NORMAL PERIOD 1981 TO 2010
CLIMATE RECORD PERIOD 1948 TO 2019

WEATHER         OBSERVED          NORMAL  DEPART  LAST YEAR`S
                 VALUE   DATE(S)  VALUE   FROM    VALUE  DATE(S)
                                          NORMAL
................................................................
TEMPERATURE (F)
RECORD
 HIGH              94   MM
 LOW                2   03/06/2015
HIGHEST            87   05/19        MM      MM       90  05/29
                                                          05/28
LOWEST              6   03/05        MM      MM       17  03/10
AVG. MAXIMUM     62.2              62.1     0.1     60.8
AVG. MINIMUM     40.8              38.4     2.4     39.6
MEAN             51.5              50.2     1.3     50.2
DAYS MAX >= 90      0               0.1    -0.1        2
DAYS MAX <= 32      4               1.7     2.3        1
DAYS MIN <= 32     27              28.2    -1.2       41
DAYS MIN <= 0       0               0.0     0.0        0

PRECIPITATION (INCHES)
RECORD
 MAXIMUM           MM   MM
 MINIMUM           MM   MM
TOTALS          10.66             10.64    0.02     9.59
DAILY AVG.       0.12              0.12    0.00     0.10
DAYS >= .01        46                MM      MM       38
DAYS >= .10        25                MM      MM       21
DAYS >= .50         6                MM      MM        6
DAYS >= 1.00        3                MM      MM        2
GREATEST
 24 HR. TOTAL    1.27

DEGREE_DAYS
HEATING TOTAL    1314              1403     -89     1496
 SINCE 7/1       5380              5609    -229     5586
COOLING TOTAL      98                43      55      158
 SINCE 1/1         98                43      55      163
.................................................................

WIND (MPH)
AVERAGE WIND SPEED              5.5
HIGHEST WIND SPEED/DIRECTION    30/250    DATE  04/14
HIGHEST GUST SPEED/DIRECTION    48/240    DATE  04/14

AVERAGE RH (PERCENT)     66

WEATHER CONDITIONS. NUMBER OF DAYS WITH
THUNDERSTORM             13     MIXED PRECIP               0
HEAVY RAIN               14     RAIN                      20
LIGHT RAIN               49     FREEZING RAIN              0
LT FREEZING RAIN          0     HAIL                       0
HEAVY SNOW                0     SNOW                       1
LIGHT SNOW                8     SLEET                      0
FOG                      54     FOG W/VIS <= 1/4 MILE      6
HAZE                     12

-  INDICATES NEGATIVE NUMBERS.
R  INDICATES RECORD WAS SET OR TIED.
MM INDICATES DATA IS MISSING.
T  INDICATES TRACE AMOUNT.

$$
