000
CXUS51 KPBZ 011431
CLSPHD


CLIMATE REPORT
NATIONAL WEATHER SERVICE PITTSBURGH PA
930 AM EST SAT DEC 1 2018

...................................

...THE NEW PHILADELPHIA OH CLIMATE SUMMARY FOR THE SEASON, FROM
9/1/2018 TO 11/30/2018...

CLIMATE NORMAL PERIOD 1981 TO 2010
CLIMATE RECORD PERIOD 1948 TO 2018

WEATHER         OBSERVED          NORMAL  DEPART  LAST YEAR`S
                 VALUE   DATE(S)  VALUE   FROM    VALUE  DATE(S)
                                          NORMAL
................................................................
TEMPERATURE (F)
RECORD
 HIGH              96   MM
 LOW               10   11/21/2014
                        11/28/2013
                        11/28/2013
HIGHEST            93   09/04        MM      MM       MM  MM
LOWEST             23   11/23        MM      MM       MM  MM
                        11/11
AVG. MAXIMUM     62.4              64.4    -2.0       MM
AVG. MINIMUM     45.9              42.0     3.9       MM
MEAN             54.1              53.2     0.9       MM
DAYS MAX >= 90      3               0.9     2.1       MM
DAYS MAX <= 32      5               0.8     4.2       MM
DAYS MIN <= 32     24              18.8     5.2       MM
DAYS MIN <= 0       0               0.0     0.0       MM

PRECIPITATION (INCHES)
RECORD
 MAXIMUM           MM   MM
 MINIMUM           MM   MM
TOTALS          12.20              9.28    2.92       MM
DAILY AVG.       0.14              0.10    0.04       MM
DAYS >= .01        34                MM      MM       MM
DAYS >= .10        24                MM      MM       MM
DAYS >= .50         9                MM      MM       MM
DAYS >= 1.00        3                MM      MM       MM
GREATEST
 24 HR. TOTAL    1.09

DEGREE_DAYS
HEATING TOTAL    1234              1148      86       MM
 SINCE 7/1       1234              1158      76       MM
COOLING TOTAL     266                75     191       MM
 SINCE 1/1       1226               697     529       MM
.................................................................

WIND (MPH)
AVERAGE WIND SPEED              4.7
HIGHEST WIND SPEED/DIRECTION    30/330    DATE  10/20
HIGHEST GUST SPEED/DIRECTION    42/290    DATE  10/20

AVERAGE RH (PERCENT)     77

WEATHER CONDITIONS. NUMBER OF DAYS WITH
THUNDERSTORM              3     MIXED PRECIP               0
HEAVY RAIN                8     RAIN                      20
LIGHT RAIN               35     FREEZING RAIN              0
LT FREEZING RAIN          2     HAIL                       0
HEAVY SNOW                0     SNOW                       0
LIGHT SNOW                8     SLEET                      0
FOG                      73     FOG W/VIS <= 1/4 MILE     12
HAZE                     18

-  INDICATES NEGATIVE NUMBERS.
R  INDICATES RECORD WAS SET OR TIED.
MM INDICATES DATA IS MISSING.
T  INDICATES TRACE AMOUNT.

$$
