000
CXUS53 KILX 020050
CLSPIA

CLIMATE REPORT
NATIONAL WEATHER SERVICE LINCOLN IL
750 PM CDT SAT JUN 1 2019

...................................

...THE PEORIA IL CLIMATE SUMMARY FOR THE SEASON, FROM
3/1/2019 TO 5/31/2019...

CLIMATE NORMAL PERIOD 1981 TO 2010
CLIMATE RECORD PERIOD 1883 TO 2019

WEATHER         OBSERVED          NORMAL  DEPART  LAST YEAR`S
                 VALUE   DATE(S)  VALUE   FROM    VALUE
                                          NORMAL
.............................................................
TEMPERATURE (F)
RECORD
 HIGH             104   05/31/1934
 LOW              -11   03/08/1943
HIGHEST            89   05/16        MM      MM       97
LOWEST             -2   03/04        MM      MM       14
AVG. MAXIMUM     60.4              62.2    -1.8     62.5
AVG. MINIMUM     41.2              41.4    -0.2     41.2
MEAN             50.8              51.8    -1.0     51.8
DAYS MAX >= 90      0               0.5    -0.5        3
DAYS MAX <= 32      4               2.0     2.0        1
DAYS MIN <= 32     23              21.1     1.9       38
DAYS MIN <= 0       1               0.0     1.0        0

PRECIPITATION (INCHES)
RECORD
 MAXIMUM        20.79   2013
 MINIMUM         3.36   1934
TOTALS          16.95             10.76    6.19     9.51
DAILY AVG.       0.18                               0.10
DAYS >= .01        49              33.6    15.4       33
DAYS >= .10        27              20.9     6.1       22
DAYS >= .50        12               6.6     5.4        5
DAYS >= 1.00        6               2.4     3.6        3
GREATEST
 24 HR. TOTAL    1.74   03/09                       1.41

SNOWFALL (INCHES)
RECORDS
 TOTAL           25.6   1926
 24 HR TOTAL      8.1   03/25/1957
TOTALS            5.8               3.3     2.5     11.8
SINCE 7/1        36.4              24.6    11.8     32.1
DAYS >= TRACE       9               2.5     6.5       13
DAYS >= 1.0         1               1.0     0.0        3
GREATEST
 SNOW DEPTH         3   04/15                          6
 24 HR TOTAL      5.0   04/14                        7.9

DEGREE_DAYS
HEATING TOTAL    1364              1296      68     1409
 SINCE 7/1       6023              5813     210     5769
COOLING TOTAL      81                81       0      223
 SINCE 1/1         81                81       0      223

FREEZE DATES
RECORD
 EARLIEST     09/20/1991
 LATEST       05/25/1925
EARLIEST                        10/14
LATEST                          04/19
..............................................................

WIND (MPH)
AVERAGE WIND SPEED              8.8
HIGHEST WIND SPEED/DIRECTION    40/230    DATE  03/14
HIGHEST GUST SPEED/DIRECTION    58/230    DATE  03/14

SKY COVER
POSSIBLE SUNSHINE (PERCENT)   MM
AVERAGE SKY COVER           0.50
NUMBER OF DAYS FAIR           35
NUMBER OF DAYS PC             35
NUMBER OF DAYS CLOUDY         22

AVERAGE RH (PERCENT)     70

WEATHER CONDITIONS. NUMBER OF DAYS WITH
THUNDERSTORM             24     MIXED PRECIP               0
HEAVY RAIN               17     RAIN                      28
LIGHT RAIN               54     FREEZING RAIN              0
LT FREEZING RAIN          0     HAIL                       0
HEAVY SNOW                1     SNOW                       1
LIGHT SNOW                9     SLEET                      0
FOG                      49     FOG W/VIS <= 1/4 MILE      4
HAZE                     10

-  INDICATES NEGATIVE NUMBERS.
R  INDICATES RECORD WAS SET OR TIED.
MM INDICATES DATA IS MISSING.
T  INDICATES TRACE AMOUNT.

&&

RECORDS SET DURING THE SPRING SEASON:

* 5TH WETTEST SPRING ON RECORD

$$
GEELHART
