000
CXUS53 KILX 050656 CCA
CLSPIA

CLIMATE REPORT...CORRECTED
NATIONAL WEATHER SERVICE LINCOLN IL
1255 AM CST WED DEC 5 2018

ADDED DATES OF 24-HOUR PRECIP/SNOW
ADDED SEASONAL HEATING DEGREE DAYS
ADDED NUMBER OF DAYS WITH WEATHER TYPES TABLE

...................................

...THE PEORIA IL CLIMATE SUMMARY FOR THE FALL SEASON, FROM
9/1/2018 TO 11/30/2018...

CLIMATE NORMAL PERIOD 1981 TO 2010
CLIMATE RECORD PERIOD 1883 TO 2018

WEATHER         OBSERVED          NORMAL  DEPART  LAST YEAR`S
                 VALUE   DATE(S)  VALUE   FROM    VALUE
                                          NORMAL
.............................................................
TEMPERATURE (F)
RECORD
 HIGH             104   09/05/1899
 LOW               -2   11/26/1977
HIGHEST            94   09/20        MM      MM       94
LOWEST             10   11/28        MM      MM       19
AVG. MAXIMUM     61.8              64.0    -2.2     66.6
AVG. MINIMUM     44.1              43.9     0.2     46.3
MEAN             53.0              53.9    -0.9     56.4
DAYS MAX >= 90      7               1.7     5.3        7
DAYS MAX <= 32      5               1.6     3.4        0
DAYS MIN <= 32     27              17.5     9.5       17
DAYS MIN <= 0       0               0.0     0.0        0

PRECIPITATION (INCHES)
RECORD
 MAXIMUM        19.58   1926
 MINIMUM         2.92   2002
TOTALS          11.25              9.12    2.13     7.41
DAILY AVG.       0.12                               0.08
DAYS >= .01        39              26.9    12.1       21
DAYS >= .10        20              17.0     3.0       13
DAYS >= .50         7               6.5     0.5        4
DAYS >= 1.00        4               2.0     2.0        3
GREATEST
 24 HR. TOTAL    1.76   10/05                       1.59

SNOWFALL (INCHES)
RECORDS
 TOTAL           10.7   1926
 24 HR TOTAL      6.8   11/26/1975
TOTALS            9.8               1.1     8.7        T
SINCE 7/1         9.8               1.1     8.7        T
DAYS >= TRACE      10               1.4     8.6        3
DAYS >= 1.0         4               0.3     3.7        0
GREATEST
 SNOW DEPTH         4   11/28                          0
                        11/27
                        11/26
 24 HR TOTAL      2.7   11/25                        0.0

DEGREE_DAYS
HEATING TOTAL    1333              1142     191      987
 SINCE 7/1       1333              1148     185      987
COOLING TOTAL     260               132     128      231
 SINCE 1/1       1472              1039     433     1157

FREEZE DATES
RECORD
 EARLIEST     09/20/1991
 LATEST       05/25/1925
EARLIEST                        10/14
LATEST                          04/19
..............................................................

WIND (MPH)
AVERAGE WIND SPEED              7.1
HIGHEST WIND SPEED/DIRECTION    31/300    DATE  10/28
HIGHEST GUST SPEED/DIRECTION    49/300    DATE  10/28

SKY COVER
POSSIBLE SUNSHINE (PERCENT)   MM
AVERAGE SKY COVER           0.40
NUMBER OF DAYS FAIR           43
NUMBER OF DAYS PC             27
NUMBER OF DAYS CLOUDY         21

AVERAGE RH (PERCENT)     75

WEATHER CONDITIONS. NUMBER OF DAYS WITH
THUNDERSTORM              6     MIXED PRECIP               0
HEAVY RAIN                8     RAIN                      16
LIGHT RAIN               37     FREEZING RAIN              0
LT FREEZING RAIN          0     HAIL                       0
HEAVY SNOW                0     SNOW                       2
LIGHT SNOW               11     SLEET                      0
FOG                      43     FOG W/VIS <= 1/4 MILE      2
HAZE                     13

-  INDICATES NEGATIVE NUMBERS.
R  INDICATES RECORD WAS SET OR TIED.
MM INDICATES DATA IS MISSING.
T  INDICATES TRACE AMOUNT.

&&

* 6TH WETTEST OCTOBER WITH 5.33 INCHES OF PRECIPITATION
* 8TH COLDEST NOVEMBER ON RECORD WITH AVERAGE TEMPERATURE OF 34.6F

$$
