687
CXUS51 KRLX 031355
CLSPKB


CLIMATE REPORT
NATIONAL WEATHER SERVICE CHARLESTON WV
953 AM EDT MON JUN 3 2019

...................................

...THE PARKERSBURG WV CLIMATE SUMMARY FOR THE SEASON, FROM
3/1/2019 TO 5/31/2019...

CLIMATE NORMAL PERIOD 1981 TO 2010
CLIMATE RECORD PERIOD 1926 TO 2019

WEATHER         OBSERVED          NORMAL  DEPART  LAST YEAR`S
                 VALUE   DATE(S)  VALUE   FROM    VALUE
                                          NORMAL
.............................................................
TEMPERATURE (F)
RECORD
 HIGH              96   05/29/1914
 LOW               -5   03/03/1980
HIGHEST            88   05/19                         MM
LOWEST             11   03/05                         MM
AVG. MAXIMUM     66.2              64.7     1.5       MM
AVG. MINIMUM     43.8              41.8     2.0       MM
MEAN             55.0              53.3     1.7       MM
DAYS MAX >= 90      0               0.4    -0.4       MM
DAYS MAX <= 32      3               0.9     2.1       MM
DAYS MIN <= 32     22              20.4     1.6       MM
DAYS MIN <= 0       0               0.0     0.0       MM

PRECIPITATION (INCHES)
RECORD
 MAXIMUM        18.04   1968
 MINIMUM         4.58   2007
TOTALS           8.76             11.30   -2.54       MM
DAILY AVG.       0.09              0.12   -0.03       MM
DAYS >= .01        44              39.3     4.7       MM
DAYS >= .10        27              24.4     2.6       MM
DAYS >= .50         5               7.3    -2.3       MM
DAYS >= 1.00        0               2.0    -2.0       MM
GREATEST
 24 HR. TOTAL    0.95   MM

DEGREE_DAYS
HEATING TOTAL    1037              1163    -126       MM
 SINCE 7/1       4595              4953    -358       MM
COOLING TOTAL     145                84      61       MM
 SINCE 1/1        145                84      61       MM
..............................................................

WIND (MPH)
AVERAGE WIND SPEED              6.0
HIGHEST WIND SPEED/DIRECTION    33/280    DATE  05/02
HIGHEST GUST SPEED/DIRECTION    49/270    DATE  05/02

SKY COVER
POSSIBLE SUNSHINE (PERCENT)   MM
AVERAGE SKY COVER           0.50
NUMBER OF DAYS FAIR           43
NUMBER OF DAYS PC             25
NUMBER OF DAYS CLOUDY         24

AVERAGE RH (PERCENT)     64

-  INDICATES NEGATIVE NUMBERS.
R  INDICATES RECORD WAS SET OR TIED.
MM INDICATES DATA IS MISSING.
T  INDICATES TRACE AMOUNT.

$$
