000
CXUS51 KRLX 030758
CLSPKB


CLIMATE REPORT...CORRECTED FOR ANNUAL PRECIPITATION TOTAL
NATIONAL WEATHER SERVICE CHARLESTON WV
257 AM EST THU JAN 3 2019

...................................

...THE PARKERSBURG WV CLIMATE SUMMARY FOR THE YEAR OF 2018...

CLIMATE NORMAL PERIOD 1981 TO 2010
CLIMATE RECORD PERIOD 1926 TO 2018

WEATHER         OBSERVED          NORMAL  DEPART  LAST YEAR`S
                 VALUE   DATE(S)  VALUE   FROM    VALUE
                                          NORMAL
.............................................................
TEMPERATURE (F)
RECORD
 HIGH             106   08/06/1918
 LOW              -27   02/10/1899
HIGHEST            95   07/04
LOWEST             -8   01/03
AVG. MAXIMUM     64.9              64.4     0.5
AVG. MINIMUM     45.4              43.6     1.8
MEAN             55.2              54.0     1.2     55.7
DAYS MAX >= 90     22              14.5     7.5        6
DAYS MAX <= 32     20              19.2     0.8       16
DAYS MIN <= 32    119             101.4    17.6       91
DAYS MIN <= 0       6               1.8     4.2        1

PRECIPITATION (INCHES)
RECORD
 MAXIMUM        62.67   1890
 MINIMUM        19.70   1930
TOTALS          53.71             41.19   12.52    50.55
DAILY AVG.       0.15              0.11    0.04     0.14
DAYS >= .01       157             141.2    15.8      148
DAYS >= .10       102              84.4    17.6       89
DAYS >= .50        39              26.9    12.1       40
DAYS >= 1.00       14               8.2     5.8       10
GREATEST
 24 HR. TOTAL    2.75   MM                          2.71

DEGREE_DAYS
HEATING TOTAL    4943              4972     -29     4273
 SINCE 7/1       1882              1910     -28     1893
COOLING TOTAL    1437               956     481      975
 SINCE 1/1       1437               955     482      975
..............................................................

WIND (MPH)
AVERAGE WIND SPEED              5.3
HIGHEST WIND SPEED/DIRECTION    36/300    DATE  05/21
HIGHEST GUST SPEED/DIRECTION    55/280    DATE  05/21

SKY COVER
POSSIBLE SUNSHINE (PERCENT)    0
AVERAGE SKY COVER           0.50
NUMBER OF DAYS FAIR          141
NUMBER OF DAYS PC            122
NUMBER OF DAYS CLOUDY         95

AVERAGE RH (PERCENT)     71

WEATHER CONDITIONS. NUMBER OF DAYS WITH
  0
 74
  1
  1
 10
  1
 51
HAZE                     76

-  INDICATES NEGATIVE NUMBERS.
R  INDICATES RECORD WAS SET OR TIED.
MM INDICATES DATA IS MISSING.
T  INDICATES TRACE AMOUNT.

$$
