000
CXUS51 KALY 010645
CLSPOU

CLIMATE REPORT
NATIONAL WEATHER SERVICE ALBANY NY
245 AM EDT SAT JUN 1 2019

...................................

...THE POUGHKEEPSIE NY CLIMATE SUMMARY FOR THE SEASON, FROM
3/1/2019 TO 5/31/2019...

CLIMATE NORMAL PERIOD 1981 TO 2010
CLIMATE RECORD PERIOD 1931 TO 2019

WEATHER         OBSERVED          NORMAL  DEPART  LAST YEAR`S
                 VALUE   DATE(S)  VALUE   FROM    VALUE  DATE(S)
                                          NORMAL
................................................................
TEMPERATURE (F)
HIGHEST            88   05/26                         90  05/29
LOWEST              8   03/08                         16  03/18
AVG. MAXIMUM     59.6              60.1    -0.5     58.0
AVG. MINIMUM     38.9              36.1     2.8     37.6
MEAN             49.2              48.1     1.1     47.8
DAYS MAX >= 90      0               0.7    -0.7        1
DAYS MAX <= 32      3               1.3     1.7        0
DAYS MIN <= 32     28              34.2    -6.2       38
DAYS MIN <= 0       0               0.1    -0.1        0

PRECIPITATION (INCHES)
RECORD
 MAXIMUM        22.74   1983
 MINIMUM         3.37   1941
TOTALS          10.20             11.76   -1.56     8.91
DAILY AVG.       0.11              0.13   -0.02     0.10
DAYS >= .01        45              34.0    11.0       38
DAYS >= .10        30              21.4     8.6       20
DAYS >= .50         8               7.5     0.5        5
DAYS >= 1.00        1               2.8    -1.8        3
GREATEST
 24 HR. TOTAL    1.07   05/12 TO 05/12

DEGREE_DAYS
HEATING TOTAL    1453              1591    -138
 SINCE 7/1       5793              6162    -369
COOLING TOTAL      26                35      -9
 SINCE 1/1         26                36     -10

FREEZE DATES
RECORD
 EARLIEST     09/15/1963
 LATEST       05/25/1949
EARLIEST                        10/09
LATEST                          04/29
.................................................................

WIND (MPH)
AVERAGE WIND SPEED              5.8
HIGHEST WIND SPEED/DIRECTION    32/250    DATE  04/03
HIGHEST GUST SPEED/DIRECTION    47/240    DATE  04/15


WEATHER CONDITIONS. NUMBER OF DAYS WITH
THUNDERSTORM              4     MIXED PRECIP               0
HEAVY RAIN                5     RAIN                      15
LIGHT RAIN               44     FREEZING RAIN              0
LT FREEZING RAIN          0     HAIL                       0
HEAVY SNOW                0     SNOW                       1
LIGHT SNOW               10     SLEET                      0
FOG                      57     FOG W/VIS <= 1/4 MILE     11
HAZE                     22

-  INDICATES NEGATIVE NUMBERS.
R  INDICATES RECORD WAS SET OR TIED.
MM INDICATES DATA IS MISSING.
T  INDICATES TRACE AMOUNT.

$$
