699
CXUS51 KALY 011849
CLSPOU

CLIMATE REPORT
NATIONAL WEATHER SERVICE ALBANY NY
141 PM EST SAT DEC 1 2018

...................................

...THE POUGHKEEPSIE NY CLIMATE SUMMARY FOR THE SEASON, FROM
9/1/2018 TO 11/30/2018...

CLIMATE NORMAL PERIOD 1981 TO 2010
CLIMATE RECORD PERIOD 1931 TO 2018

WEATHER         OBSERVED          NORMAL  DEPART  LAST YEAR`S
                 VALUE   DATE(S)  VALUE   FROM    VALUE  DATE(S)
                                          NORMAL
................................................................
TEMPERATURE (F)
HIGHEST            93   09/06                         91  09/25
LOWEST              6   11/23                         14  11/11
AVG. MAXIMUM     60.6              63.5    -2.9     66.3
AVG. MINIMUM     44.3              40.4     3.9     43.1
MEAN             52.4              51.9     0.5     54.7
DAYS MAX >= 90      4               0.9     3.1        2
DAYS MAX <= 32      2               0.3     1.7        0
DAYS MIN <= 32     22              25.7    -3.7       21
DAYS MIN <= 0       0               0.0     0.0        0

PRECIPITATION (INCHES)
RECORD
 MAXIMUM        22.90   2005
 MINIMUM         3.86   1964
TOTALS          15.97             12.22    3.75     6.44
DAILY AVG.       0.18              0.13    0.05     0.07
DAYS >= .01        38              28.1     9.9       29
DAYS >= .10        27              18.1     8.9       12
DAYS >= .50        11               7.8     3.2        3
DAYS >= 1.00        5               3.2     1.8        1
GREATEST
 24 HR. TOTAL    2.00   11/02 TO 11/02

DEGREE_DAYS
HEATING TOTAL    1278              1261      17
 SINCE 7/1       1278              1278       0
COOLING TOTAL     159                68      91
 SINCE 1/1        970               672     298

FREEZE DATES
RECORD
 EARLIEST     09/15/1963
 LATEST       05/25/1949
EARLIEST                        10/09
LATEST                          04/29
.................................................................

WIND (MPH)
AVERAGE WIND SPEED              4.4
HIGHEST WIND SPEED/DIRECTION    30/260    DATE  11/03
HIGHEST GUST SPEED/DIRECTION    43/290    DATE  11/10


WEATHER CONDITIONS. NUMBER OF DAYS WITH
THUNDERSTORM              3     MIXED PRECIP               0
HEAVY RAIN                9     RAIN                      20
LIGHT RAIN               37     FREEZING RAIN              1
LT FREEZING RAIN          2     HAIL                       0
HEAVY SNOW                1     SNOW                       1
LIGHT SNOW                3     SLEET                      0
FOG                      58     FOG W/VIS <= 1/4 MILE     11
HAZE                     14

-  INDICATES NEGATIVE NUMBERS.
R  INDICATES RECORD WAS SET OR TIED.
MM INDICATES DATA IS MISSING.
T  INDICATES TRACE AMOUNT.

$$
