979
CXUS51 KALY 011850
CLSPSF

CLIMATE REPORT
NATIONAL WEATHER SERVICE ALBANY NY
141 PM EST SAT DEC 1 2018

...................................

...THE PITTSFIELD MA CLIMATE SUMMARY FOR THE SEASON, FROM
9/1/2018 TO 11/30/2018...

CLIMATE NORMAL PERIOD 1981 TO 2010
CLIMATE RECORD PERIOD 9999 TO 9999

WEATHER         OBSERVED          NORMAL  DEPART  LAST YEAR`S
                 VALUE   DATE(S)  VALUE   FROM    VALUE  DATE(S)
                                          NORMAL
................................................................
TEMPERATURE (F)
HIGHEST            89   09/05                         88  09/25
                        09/03
LOWEST              0   11/23                         15  11/11
AVG. MAXIMUM     56.5              57.9    -1.4     62.1
AVG. MINIMUM     42.1              38.0     4.1     41.3
MEAN             49.3              48.0     1.3     51.7
DAYS MAX >= 90      0               0.2    -0.2        0
DAYS MAX <= 32      4               2.2     1.8        0
DAYS MIN <= 32     26              29.5    -3.5       24
DAYS MIN <= 0       1               0.0     1.0        0

PRECIPITATION (INCHES)
TOTALS          15.54             12.60    2.94     8.70
DAILY AVG.       0.18              0.14    0.04     0.10
DAYS >= .01        44                                 32
DAYS >= .10        29                                 17
DAYS >= .50        10                                  5
DAYS >= 1.00        5                                  2
GREATEST
 24 HR. TOTAL    1.90   09/18 TO 09/18

DEGREE_DAYS
HEATING TOTAL    1523              1573     -50
 SINCE 7/1       1527              1651    -124
COOLING TOTAL     114                20      94
 SINCE 1/1        635               290     345

FREEZE DATES
EARLIEST                        10/04
LATEST                          05/07
.................................................................

WIND (MPH)
AVERAGE WIND SPEED              6.3
HIGHEST WIND SPEED/DIRECTION    37/270    DATE  11/03
HIGHEST GUST SPEED/DIRECTION    48/280    DATE  11/21


WEATHER CONDITIONS. NUMBER OF DAYS WITH
THUNDERSTORM              4     MIXED PRECIP               0
HEAVY RAIN               13     RAIN                      25
LIGHT RAIN               43     FREEZING RAIN              0
LT FREEZING RAIN          1     HAIL                       0
HEAVY SNOW                1     SNOW                       4
LIGHT SNOW               15     SLEET                      0
FOG                      61     FOG W/VIS <= 1/4 MILE     13
HAZE                     18

-  INDICATES NEGATIVE NUMBERS.
R  INDICATES RECORD WAS SET OR TIED.
MM INDICATES DATA IS MISSING.
T  INDICATES TRACE AMOUNT.

$$
