000
CXUS51 KALY 010647
CLSPSF

CLIMATE REPORT
NATIONAL WEATHER SERVICE ALBANY NY
247 AM EDT SAT JUN 1 2019

...................................

...THE PITTSFIELD MA CLIMATE SUMMARY FOR THE SEASON, FROM
3/1/2019 TO 5/31/2019...

CLIMATE NORMAL PERIOD 1981 TO 2010
CLIMATE RECORD PERIOD 9999 TO 9999

WEATHER         OBSERVED          NORMAL  DEPART  LAST YEAR`S
                 VALUE   DATE(S)  VALUE   FROM    VALUE  DATE(S)
                                          NORMAL
................................................................
TEMPERATURE (F)
HIGHEST            83   05/26                         86  05/29
                                                          05/02
LOWEST              1   03/08                          7  03/18
AVG. MAXIMUM     54.5              54.3     0.2     53.3
AVG. MINIMUM     34.9              32.9     2.0     34.3
MEAN             44.7              43.6     1.1     43.8
DAYS MAX >= 90      0               0.1    -0.1        0
DAYS MAX <= 32      5               6.2    -1.2        6
DAYS MIN <= 32     37              42.3    -5.3       51
DAYS MIN <= 0       0               0.6    -0.6        0

PRECIPITATION (INCHES)
TOTALS          10.25             11.44   -1.19     8.54
DAILY AVG.       0.11              0.12   -0.01     0.09
DAYS >= .01        47                                 40
DAYS >= .10        31                                 24
DAYS >= .50         4                                  5
DAYS >= 1.00        0                                  0
GREATEST
 24 HR. TOTAL    0.90   04/26 TO 04/26

DEGREE_DAYS
HEATING TOTAL    1854              1981    -127
 SINCE 7/1       6905              7360    -455
COOLING TOTAL       6                13      -7
 SINCE 1/1          6                13      -7

FREEZE DATES
EARLIEST                        10/04
LATEST                          05/07
.................................................................

WIND (MPH)
AVERAGE WIND SPEED              7.9
HIGHEST WIND SPEED/DIRECTION    37/290    DATE  04/15
HIGHEST GUST SPEED/DIRECTION    51/280    DATE  04/15


WEATHER CONDITIONS. NUMBER OF DAYS WITH
THUNDERSTORM              3     MIXED PRECIP               0
HEAVY RAIN                9     RAIN                      15
LIGHT RAIN               49     FREEZING RAIN              0
LT FREEZING RAIN          1     HAIL                       0
HEAVY SNOW                0     SNOW                       2
LIGHT SNOW               16     SLEET                      0
FOG                      49     FOG W/VIS <= 1/4 MILE      4
HAZE                     19

-  INDICATES NEGATIVE NUMBERS.
R  INDICATES RECORD WAS SET OR TIED.
MM INDICATES DATA IS MISSING.
T  INDICATES TRACE AMOUNT.

$$
