999
CXUS51 KALY 011708 RRB
CLSPSF

ALBCLMPSF 000
TTAA00 KALY 011702


CLIMATE REPORT
NATIONAL WEATHER SERVICE ALBANY NY
1155 AM EST SUN DEC 1 2019

...................................

...THE PITTSFIELD MA CLIMATE SUMMARY FOR THE SEASON, FROM
9/1/2019 TO 11/30/2019...

CLIMATE NORMAL PERIOD 1981 TO 2010
CLIMATE RECORD PERIOD 9999 TO 9999

WEATHER         OBSERVED          NORMAL  DEPART  LAST YEAR`S
                 VALUE   DATE(S)  VALUE   FROM    VALUE  DATE(S)
                                          NORMAL
................................................................
TEMPERATURE (F)
HIGHEST            85   09/23                         89  09/05
                                                          09/03
LOWEST             29   10/05                          0  11/23
AVG. MAXIMUM     66.1              57.9     8.2     56.5
AVG. MINIMUM     45.3              38.0     7.3     42.1
MEAN             55.7              48.0     7.7     49.3
DAYS MAX >= 90      0               0.2    -0.2        0
DAYS MAX <= 32      0               2.2    -2.2        4
DAYS MIN <= 32      3              29.5   -26.5       26
DAYS MIN <= 0       0               0.0     0.0        1

PRECIPITATION (INCHES)
TOTALS          11.50             12.60   -1.10    15.54
DAILY AVG.       0.19              0.14    0.05     0.18
DAYS >= .01        27                                 44
DAYS >= .10        17                                 29
DAYS >= .50         7                                 10
DAYS >= 1.00        2                                  5
GREATEST
 24 HR. TOTAL    3.84   10/17 TO 10/17

DEGREE_DAYS
HEATING TOTAL     577              1573    -996     1523
 SINCE 7/1        603              1651   -1048     1527
COOLING TOTAL      24                20       4      114
 SINCE 1/1        416               290     126      635

FREEZE DATES
EARLIEST                        10/04
LATEST                          05/07
.................................................................

WIND (MPH)
AVERAGE WIND SPEED              5.7
HIGHEST WIND SPEED/DIRECTION    35/270    DATE  10/17
HIGHEST GUST SPEED/DIRECTION    48/280    DATE  10/17


WEATHER CONDITIONS. NUMBER OF DAYS WITH
THUNDERSTORM              3     MIXED PRECIP               0
HEAVY RAIN                7     RAIN                      12
LIGHT RAIN               29     FREEZING RAIN              0
LT FREEZING RAIN          0     HAIL                       0
HEAVY SNOW                0     SNOW                       0
LIGHT SNOW                0     SLEET                      0
FOG                      45     FOG W/VIS <= 1/4 MILE     13
HAZE                      5

-  INDICATES NEGATIVE NUMBERS.
R  INDICATES RECORD WAS SET OR TIED.
MM INDICATES DATA IS MISSING.
T  INDICATES TRACE AMOUNT.

$$
