141
CXUS51 KBOX 010916 RRB
CLSPVD

CLIMATE REPORT
NATIONAL WEATHER SERVICE BOSTON/NORTON MA
503 AM EDT SAT JUN 1 2019

...................................

...THE PROVIDENCE RI CLIMATE SUMMARY FOR THE SEASON...
...FROM 3/1/2019 TO 5/31/2019...

CLIMATE NORMAL PERIOD 1981 TO 2010
CLIMATE RECORD PERIOD 1904 TO 2019

WEATHER         OBSERVED          NORMAL  DEPART  LAST YEAR`S
                 VALUE   DATE(S)  VALUE   FROM    VALUE
                                          NORMAL
.............................................................
TEMPERATURE (F)
RECORD
 HIGH              98   04/19/1976
 LOW                1   03/19/1967
                        03/04/1950
                        03/06/1948
HIGHEST            88   05/26
LOWEST              9   03/07
AVG. MAXIMUM     57.3              58.2    -0.9
AVG. MINIMUM     39.4              39.4     0.0
MEAN             48.3              48.8    -0.5
DAYS MAX >= 90      0               0.6    -0.6
DAYS MAX <= 32      3               1.2     1.8
DAYS MIN <= 32     26              21.5     4.5
DAYS MIN <= 0       0               0.0     0.0

PRECIPITATION (INCHES)
RECORD
 MAXIMUM        26.25   1983
 MINIMUM         3.47   1915
TOTALS          13.38             12.92    0.46
DAYS >= .01        51              35.2    15.8
DAYS >= .10        30              21.8     8.2
DAYS >= .50        11               8.2     2.8
DAYS >= 1.00        2               3.2    -1.2
GREATEST
 24 HR. TOTAL    1.90   04/26 TO 04/27

SNOWFALL (INCHES)
RECORDS
 TOTAL           33.0   1956
 SNOW DEPTH        20   03/06/2015
                        03/20/1956
TOTALS           11.8               6.1     5.7
SINCE 7/1        29.4              33.8    -4.4
SNOWDEPTH AVG.      0
GREATEST
 SNOW DEPTH         7   03/04
 24 HR TOTAL      5.2   03/04 TO 03/04

DEGREE_DAYS
HEATING TOTAL    1540              1513      27
 SINCE 7/1       5587              5575      12
COOLING TOTAL      29                26       3
 SINCE 1/1         29                26       3
..............................................................

WIND (MPH)
AVERAGE WIND SPEED              9.7
RESULTANT WIND SPEED/DIRECTION   2/264
HIGHEST WIND SPEED/DIRECTION    35/220    DATE  04/19
HIGHEST GUST SPEED/DIRECTION    44/250    DATE  04/19

SKY COVER
POSSIBLE SUNSHINE (PERCENT)   MM
AVERAGE SKY COVER           0.60
NUMBER OF DAYS FAIR           15
NUMBER OF DAYS PC             42
NUMBER OF DAYS CLOUDY         35

AVERAGE RH (PERCENT)     67

WEATHER CONDITIONS. NUMBER OF DAYS WITH
THUNDERSTORM              5     MIXED PRECIP               0
HEAVY RAIN                9     RAIN                      25
LIGHT RAIN               55     FREEZING RAIN              0
LT FREEZING RAIN          0     HAIL                       0
HEAVY SNOW                1     SNOW                       3
LIGHT SNOW                6     SLEET                      3
FOG                      51     FOG W/VIS <= 1/4 MILE      4
HAZE                      3

-  INDICATES NEGATIVE NUMBERS.
R  INDICATES RECORD WAS SET OR TIED.
MM INDICATES DATA IS MISSING.
T  INDICATES TRACE AMOUNT.

$$

SIPPRELL
