000
CXUS51 KGYX 080141
CLSPWM

PWMCLMPWM 000
TTAA00 KGYX 031949


CLIMATE REPORT
NATIONAL WEATHER SERVICE GRAY ME
841 PM EST THU MAR 7 2019

...................................

...THE PORTLAND ME CLIMATE SUMMARY FOR THE WINTER SEASON, FROM
12/1/2018 TO 2/28/2019...

CLIMATE NORMAL PERIOD 1981 TO 2010
CLIMATE RECORD PERIOD 1941 TO 2019 /FOR TEMPERATURES/
CLIMATE RECORD PERIOD 1871 TO 2019 /FOR PRECIPITATION/
CLIMATE RECORD PERIOD 1882 TO 2019 /FOR SNOWFALL/

WEATHER         OBSERVED          NORMAL  DEPART  LAST YEAR`S
                 VALUE   DATE(S)  VALUE   FROM    VALUE  DATE(S)
                                          NORMAL
................................................................
TEMPERATURE (F)
RECORD
 HIGH              71   12/06/2001
                        12/07/1998
 LOW              -39   02/16/1943
HIGHEST            62   02/05        59       3       68  02/21
LOWEST             -2   02/02       -10       8      -17  01/01
AVG. MAXIMUM     35.1              34.3     0.8     34.2
AVG. MINIMUM     17.6              16.8     0.8     17.0
MEAN             26.3              25.6     0.7     25.6
DAYS MAX >= 90      0               0.0     0.0        0
DAYS MAX <= 32     36              37.0    -1.0       39
DAYS MIN <= 32     86              82.9     3.1       85
DAYS MIN <= 0       1               7.6    -6.6       10

PRECIPITATION (INCHES)
RECORD
 MAXIMUM        20.49   1935
 MINIMUM         4.12   1872
TOTALS          13.13             10.65    2.48    11.09
DAILY AVG.       0.15              0.12    0.03     0.13
DAYS >= .01        29              32.3    -3.3       37
DAYS >= .10        20              19.5     0.5       26
DAYS >= .50        11               7.0     4.0        9
DAYS >= 1.00        5               2.7     2.3        0
GREATEST
 24 HR. TOTAL    1.55

SNOWFALL (INCHES)
RECORDS
 TOTAL          107.6   1971
TOTALS           35.2              44.5    -9.3     58.1
SINCE 7/1        51.1              46.4     4.7     58.2
SNOWDEPTH AVG.      2
DAYS >= TRACE      26              20.1     5.9       36
DAYS >= 1.0        12              11.5     0.5       12
GREATEST
 SNOW DEPTH         7   02/14
                        02/13
 24 HR TOTAL      7.7   02/12 TO 02/13

DEGREE_DAYS
HEATING TOTAL    3457              3550     -93     3539
 SINCE 7/1       4990              5042     -52     4704
COOLING TOTAL       0                 0       0        0
 SINCE 1/1          0                 0       0        0
.................................................................

WIND (MPH)
AVERAGE WIND SPEED              8.1
HIGHEST WIND SPEED/DIRECTION    MM
HIGHEST GUST SPEED/DIRECTION    MM

SKY COVER
AVERAGE SKY COVER           0.50

AVERAGE RH (PERCENT)     64


-  INDICATES NEGATIVE NUMBERS.
R  INDICATES RECORD WAS SET OR TIED.
MM INDICATES DATA IS MISSING.
T  INDICATES TRACE AMOUNT.

&&

THE WINTER SEASON BEGINS DECEMBER 1, BUT MOST RESIDENTS WOULD TELL
YOU WINTER CAME EARLY THIS YEAR. AFTER 3 SNOWSTORMS IN NOVEMBER AND
SOME BRUTAL COLD TEMPERATURES, THE WINTER SEASON ACTUALLY BEGAN WITH
A BRIEF BREAK FROM THE COLD. WARM WEATHER AND SOME RAIN MELTED THE
LAST OF THE NOVEMBER SNOWS, BUT A COLD FRONT ON DECEMBER 3 BROUGHT
THE COLD AIR BACK IN. THE NEXT TWO WEEKS WERE DRY AND COLD. PORTLAND
WENT NEARLY TWO WEEKS WITHOUT PRECIPITATION, A STARK DEPARTURE FROM
THE LATE FALL TREND. WHILE THERE WERE SEVERAL DAYS THAT ONLY GOT UP
TO AROUND FREEZING FOR A HIGH, IT WAS NOT NEARLY AS COLD AS WHAT WAS
OBSERVED A FEW WEEKS EARLIER AT THANKSGIVING. THE COLD BROKE ON
DECEMBER 14 AS WARM AIR MOVED INTO THE AREA. A LITTLE LIGHT SNOW A
FEW DAYS LATER DID NOT LAST LONG AS MORE WARM AIR AND RAIN WASHED IT
ALL AWAY BEFORE CHRISTMAS. A FEW MORE LIGHT SNOWS CAME AFTER
CHRISTMAS AND INTO THE BEGINNING OF THE NEW YEAR, HELPING TO
REESTABLISH A MINOR SNOW COVER. A SNOWSTORM ON JANUARY 19 AND 20
BROUGHT NEARLY 6 INCHES OF SNOW AND SLEET WITH SOME BITTER COLD AIR
MOVING IN BEHIND IT. THE COLD DIDN`T LAST LONG, THOUGH, AS THE
JANUARY THAW WAS A FEW DAYS AWAY. MORE THAN 1.5 INCHES OF RAIN FELL
ON JANUARY 24 WITH THE TEMPERATURE REACHING 50 DEGREES. IT COOLED
BACK DOWN AGAIN THE NEXT DAY, AND BY THE END OF JANUARY ANOTHER
SNOWSTORM BROUGHT 5 MORE INCHES OF SNOW WITH ARCTIC AIR MOVING IN
AGAIN. THIS AIR MASS EVENTUALLY BROUGHT PORTLAND IT`S COLDEST
TEMPERATURE OF THE WINTER ON FEBRUARY 2 WHEN IT REACHED 2 BELOW
ZERO. BUT JUST A FEW DAYS LATER ANOTHER BRIEF SHOT OF WARM AIR
BROUGHT PORTLAND ALL THE WAY UP TO 62 DEGREES ON FEBRUARY 5 PUTTING
A BIG DENT IN THE MEAGER SNOW COVER. A WINTER STORM ON FEBRUARY 12
AND 13 BROUGHT MORE THAN 7 INCHES OF SNOW AND SLEET. THE REST OF
FEBRUARY SAW STORM SYSTEMS TRACKING MOSTLY TO THE WEST BRINGING
LIGHT SNOW CHANGING TO FREEZING RAIN AND RAIN BEFORE ANOTHER COLD
FRONT WOULD BRING A RETURN TO COLD CONDITIONS. THE FREQUENT SHOTS OF
LIGHT SNOW AND COLD HELPED MAINTAIN THE SNOW PACK THROUGH THE END OF
FEBRUARY. THE GREATEST SNOW DEPTH THIS WINTER WAS ONLY 7 INCHES ON
FEBRUARY 13 AND 14, ALTHOUGH IT WAS SLIGHTLY HIGHER (8 INCHES) IN
NOVEMBER JUST BEFORE THANKSGIVING.

THE AVERAGE TEMPERATURE FOR THE SEASON WAS 26.3 DEGREES WHICH WAS
0.7 DEGREES ABOVE NORMAL. THE WARMEST WINTER WAS IN 2001-02 WHEN THE
AVERAGE TEMPERATURE WAS 31.3 DEGREES. THE COLDEST WAS IN 1970-71
WHEN IT WAS ONLY 17.9 DEGREES.

A TOTAL OF 13.13 INCHES OF PRECIPITATION FELL WHICH WAS 2.48 INCHES
ABOVE NORMAL AND THE 7TH CONSECUTIVE WETTER THAN NORMAL WINTER. THE
HEAVIEST PRECIPITATION CAME DURING THE JANUARY THAW WHEN 1.56 INCHES
OF RAIN FELL ON JANUARY 23 AND 24. THE WETTEST WINTER WAS IN 1934-35
WHEN 20.49 INCHES FELL. THE DRIEST WAS IN 1871-72 WHEN ONLY 4.12
INCHES WAS MEASURED.

THERE WAS 35.2 INCHES OF SNOWFALL WHICH WAS 9.3 INCHES BELOW NORMAL
AND THE FIRST WINTER WITH LOWER THAN NORMAL SNOWFALL SINCE 2012. THE
HEAVIEST SNOWFALL OF THE WINTER CAME ON FEBRUARY 12 AND 13 WHEN 7.7
INCHES OF SNOW AND SLEET WAS OBSERVED. THE LEAST SNOWY WINTER WAS IN
1936-37 WHEN ONLY 9.5 INCHES FELL. THE SNOWIEST WAS IN 1970-71 WHEN
107.6 INCHES FELL.

THE FOLLOWING DAILY RECORDS WERE SET OR TIED IN WINTER 2017/18...
DATE    RECORD                               PREVIOUS
FEB 5   62   - WARMEST HIGH TEMPERATURE      51 IN 2005
FEB 5   46   - WARMEST AVERAGE TEMPERATURE   43 IN 2006
FEB 8   40   - WARMEST AVERAGE TEMPERATURE   39 IN 1965
FEB 13  6    - SMALLEST TEMPERATURE RANGE    7 IN 2017

$$

KIMBLE
