000
CXUS52 KRAH 022354 RRA
CLSRDU

CLIMATE REPORT
NATIONAL WEATHER SERVICE RALEIGH NC
742 PM EDT SUN JUN 2 2019

...................................

...THE RALEIGH-DURHAM INTL AIRPORT CLIMATE SUMMARY FOR THE SEASON, FROM
3/1/2019 TO 5/31/2019...

CLIMATE NORMAL PERIOD 1981 TO 2010
CLIMATE RECORD PERIOD 1887 TO 2019

WEATHER         OBSERVED          NORMAL  DEPART
                 VALUE   DATE(S)  VALUE   FROM
                                          NORMAL
................................................
TEMPERATURE (F)
RECORD
 HIGH              99   05/28/1941
 LOW               11   03/02/1980
                        03/01/1980
                        03/06/1960
HIGHEST            96   05/30
                        05/28
LOWEST             23   03/07
AVG. MAXIMUM     72.1              71.8     0.3
AVG. MINIMUM     50.8              48.1     2.7
MEAN             61.5              60.0     1.5
DAYS MAX >= 90      8               2.7     5.3
DAYS MAX <= 32      0               0.0     0.0
DAYS MIN <= 32     11               8.1     2.9
DAYS MIN <= 0       0               0.0     0.0

PRECIPITATION (INCHES)
RECORD
 MAXIMUM        19.47   1891
 MINIMUM         5.62   1985
TOTALS          12.74             10.30    2.44
DAYS >= .01        29              29.0     0.0
DAYS >= 1.00        3               2.0     1.0
GREATEST
 24 HR. TOTAL    2.02   04/08 TO 04/09

SNOWFALL (INCHES)
RECORDS
 TOTAL           17.8   1927
TOTALS              T

DEGREE_DAYS
COOLING TOTAL     340               208     132
 SINCE 1/1        345               209     136
.................................................

WIND (MPH)
AVERAGE WIND SPEED              6.7
HIGHEST WIND SPEED/DIRECTION    36/230    DATE  04/26
HIGHEST GUST SPEED/DIRECTION    50/180    DATE  04/19

SKY COVER
POSSIBLE SUNSHINE (PERCENT)   MM
AVERAGE SKY COVER           0.60
NUMBER OF DAYS FAIR           16
NUMBER OF DAYS PC             48
NUMBER OF DAYS CLOUDY         28

AVERAGE RH (PERCENT)     67


WEATHER CONDITIONS. NUMBER OF DAYS WITH
THUNDERSTORM             15     MIXED PRECIP               0
HEAVY RAIN                8     RAIN                      11
LIGHT RAIN               35     FREEZING RAIN              0
LT FREEZING RAIN          0     HAIL                       1
HEAVY SNOW                0     SNOW                       0
LIGHT SNOW                0     SLEET                      0
FOG                      41     FOG W/VIS <= 1/4 MILE      2
HAZE                      3

-  INDICATES NEGATIVE NUMBERS.
R  INDICATES RECORD WAS SET OR TIED.
MM INDICATES DATA IS MISSING.
T  INDICATES TRACE AMOUNT.

$$
